{"id":11574,"date":"2024-03-18T16:15:02","date_gmt":"2024-03-18T19:15:02","guid":{"rendered":"http:\/\/ambrosioeletro.com.br\/v20\/?post_type=product&#038;p=11574"},"modified":"2025-11-27T12:50:13","modified_gmt":"2025-11-27T15:50:13","slug":"painel-de-tv-santiago-permobili","status":"publish","type":"product","link":"http:\/\/ambrosioeletro.com.br\/v20\/produto\/painel-de-tv-santiago-permobili\/","title":{"rendered":"Painel de TV Santiago Perm\u00f3bili"},"content":{"rendered":"<p>Conhe\u00e7a o Painel de TV Santiago Perm\u00f3bili: Um Toque Moderno para o Seu Espa\u00e7o!<\/p>\n<p>D\u00ea um up na sua sala com o Painel de TV Santiago Perm\u00f3bili. Com um estilo moderno que se destaca, ele traz um charme extra com detalhes sutis em baixo relevo nas laterais. Com uma prateleira espa\u00e7osa, voc\u00ea tem espa\u00e7o de sobra para mostrar seus itens de decora\u00e7\u00e3o favoritos, dando um toque pessoal ao ambiente.<\/p>\n<p>E n\u00e3o para por a\u00ed! Os nichos abaixo n\u00e3o s\u00f3 d\u00e3o um toque de eleg\u00e2ncia, mas tamb\u00e9m s\u00e3o super funcionais. Com 2 portas basculantes, eles escondem um espa\u00e7o amplo para voc\u00ea guardar suas coisas, mantendo tudo organizado. E o melhor de tudo? Esse painel foi pensado para abrigar TVs de at\u00e9 70 polegadas, trazendo um novo n\u00edvel de entretenimento para o seu espa\u00e7o.<\/p>\n<p>O Painel de TV Santiago Perm\u00f3bili \u00e9 a escolha perfeita para quem quer adicionar um toque moderno e pr\u00e1tico \u00e0 sua sala. Seja para a TV, para enfeites ou para organizar suas coisas, esse painel inteligente tem tudo o que voc\u00ea precisa, sem complica\u00e7\u00f5es. Transforme o seu espa\u00e7o de um jeito simples, mas cheio de personalidade com o Painel de TV Santiago!<\/p>\n<section class=\"elementor-section elementor-inner-section elementor-element elementor-element-b2ace4b elementor-section-full_width elementor-section-height-default elementor-section-height-default\" data-id=\"b2ace4b\" data-element_type=\"section\" data-settings=\"{&quot;_ha_eqh_enable&quot;:false}\">\n<div class=\"elementor-container elementor-column-gap-default\">\n<div class=\"elementor-column elementor-col-50 elementor-inner-column elementor-element elementor-element-7690d76\" data-id=\"7690d76\" data-element_type=\"column\">\n<div class=\"elementor-widget-wrap elementor-element-populated\">\n<div class=\"elementor-element elementor-element-01303d8 elementor-widget__width-auto elementor-widget elementor-widget-heading\" data-id=\"01303d8\" data-element_type=\"widget\" data-widget_type=\"heading.default\">\n<div class=\"elementor-widget-container\">\n<h6 class=\"elementor-heading-title elementor-size-default\">LARGURA<\/h6>\n<\/div>\n<\/div>\n<div class=\"elementor-element elementor-element-6930cdb elementor-widget__width-auto elementor-widget elementor-widget-heading\" data-id=\"6930cdb\" data-element_type=\"widget\" data-widget_type=\"heading.default\">\n<div class=\"elementor-widget-container\">\n<h2 class=\"elementor-heading-title elementor-size-default\">1800mm<\/h2>\n<\/div>\n<\/div>\n<\/div>\n<\/div>\n<\/div>\n<\/section>\n<section class=\"elementor-section elementor-inner-section elementor-element elementor-element-f1ec6dd elementor-section-full_width elementor-section-height-default elementor-section-height-default\" data-id=\"f1ec6dd\" data-element_type=\"section\" data-settings=\"{&quot;_ha_eqh_enable&quot;:false}\">\n<div class=\"elementor-container elementor-column-gap-default\">\n<div class=\"elementor-column elementor-col-50 elementor-inner-column elementor-element elementor-element-4ab9737\" data-id=\"4ab9737\" data-element_type=\"column\">\n<div class=\"elementor-widget-wrap elementor-element-populated\">\n<div class=\"elementor-element elementor-element-f38dd55 elementor-widget__width-auto elementor-widget elementor-widget-heading\" data-id=\"f38dd55\" data-element_type=\"widget\" data-widget_type=\"heading.default\">\n<div class=\"elementor-widget-container\">\n<h6 class=\"elementor-heading-title elementor-size-default\">ALTURA<\/h6>\n<\/div>\n<\/div>\n<div class=\"elementor-element elementor-element-d3d261d elementor-widget__width-auto elementor-widget elementor-widget-heading\" data-id=\"d3d261d\" data-element_type=\"widget\" data-widget_type=\"heading.default\">\n<div class=\"elementor-widget-container\">\n<h2 class=\"elementor-heading-title elementor-size-default\">13500mm<\/h2>\n<\/div>\n<\/div>\n<\/div>\n<\/div>\n<\/div>\n<\/section>\n<section class=\"elementor-section elementor-inner-section elementor-element elementor-element-9b49335 elementor-section-boxed elementor-section-height-default elementor-section-height-default\" data-id=\"9b49335\" data-element_type=\"section\" data-settings=\"{&quot;_ha_eqh_enable&quot;:false}\">\n<div class=\"elementor-container elementor-column-gap-default\">\n<div class=\"elementor-column elementor-col-100 elementor-inner-column elementor-element elementor-element-025bd14\" data-id=\"025bd14\" data-element_type=\"column\">\n<div class=\"elementor-widget-wrap elementor-element-populated\">\n<div class=\"elementor-element elementor-element-f2671dc elementor-widget__width-auto elementor-widget elementor-widget-heading\" data-id=\"f2671dc\" data-element_type=\"widget\" data-widget_type=\"heading.default\">\n<div class=\"elementor-widget-container\">\n<h6 class=\"elementor-heading-title elementor-size-default\">PROFUNDIDADE<\/h6>\n<\/div>\n<\/div>\n<div class=\"elementor-element elementor-element-a52f688 elementor-widget__width-auto elementor-widget elementor-widget-heading\" data-id=\"a52f688\" data-element_type=\"widget\" data-widget_type=\"heading.default\">\n<div class=\"elementor-widget-container\">\n<h2 class=\"elementor-heading-title elementor-size-default\">320mm<\/h2>\n<\/div>\n<\/div>\n<\/div>\n<\/div>\n<\/div>\n<\/section>\n<section class=\"elementor-section elementor-inner-section elementor-element elementor-element-77ee23d elementor-section-full_width elementor-section-height-default elementor-section-height-default\" data-id=\"77ee23d\" data-element_type=\"section\" data-settings=\"{&quot;_ha_eqh_enable&quot;:false}\">\n<div class=\"elementor-container elementor-column-gap-default\">\n<div class=\"elementor-column elementor-col-50 elementor-inner-column elementor-element elementor-element-62232d0\" data-id=\"62232d0\" data-element_type=\"column\">\n<div class=\"elementor-widget-wrap elementor-element-populated\">\n<div class=\"elementor-element elementor-element-88e3cbd elementor-widget__width-auto elementor-widget elementor-widget-heading\" data-id=\"88e3cbd\" data-element_type=\"widget\" data-widget_type=\"heading.default\">\n<div class=\"elementor-widget-container\">\n<h6 class=\"elementor-heading-title elementor-size-default\">ESPA\u00c7O LIVRE PARA TV:<\/h6>\n<\/div>\n<\/div>\n<div class=\"elementor-element elementor-element-01b3691 elementor-widget__width-auto elementor-widget elementor-widget-heading\" data-id=\"01b3691\" data-element_type=\"widget\" data-widget_type=\"heading.default\">\n<div class=\"elementor-widget-container\">\n<h2 class=\"elementor-heading-title elementor-size-default\">L 1600 x A 800mm<\/h2>\n<\/div>\n<\/div>\n<\/div>\n<\/div>\n<div class=\"elementor-column elementor-col-50 elementor-inner-column elementor-element elementor-element-82b8010\" data-id=\"82b8010\" data-element_type=\"column\">\n<div class=\"elementor-widget-wrap elementor-element-populated\">\n<div class=\"elementor-element elementor-element-99ae560 elementor-widget__width-auto elementor-widget elementor-widget-heading\" data-id=\"99ae560\" data-element_type=\"widget\" data-widget_type=\"heading.default\">\n<div class=\"elementor-widget-container\">\n<h2 class=\"elementor-heading-title elementor-size-default\">Para TV de at\u00e9 72&#8243;<\/h2>\n<\/div>\n<\/div>\n<\/div>\n<\/div>\n<\/div>\n<\/section>\n","protected":false},"excerpt":{"rendered":"<p>Conhe\u00e7a o Painel de TV Santiago Perm\u00f3bili: Um Toque Moderno para o Seu Espa\u00e7o! D\u00ea um up na sua sala com o Painel de TV Santiago Perm\u00f3bili. Com um estilo<\/p>\n","protected":false},"featured_media":11579,"comment_status":"open","ping_status":"closed","template":"","meta":[],"product_brand":[],"product_cat":[227,242],"product_tag":[],"class_list":{"0":"post-11574","1":"product","2":"type-product","3":"status-publish","4":"has-post-thumbnail","6":"product_cat-moveis","7":"product_cat-sala","8":"product_shipping_class-retirar-no-local","10":"first","11":"instock","12":"shipping-taxable","13":"purchasable","14":"product-type-simple"},"_links":{"self":[{"href":"http:\/\/ambrosioeletro.com.br\/v20\/wp-json\/wp\/v2\/product\/11574","targetHints":{"allow":["GET"]}}],"collection":[{"href":"http:\/\/ambrosioeletro.com.br\/v20\/wp-json\/wp\/v2\/product"}],"about":[{"href":"http:\/\/ambrosioeletro.com.br\/v20\/wp-json\/wp\/v2\/types\/product"}],"replies":[{"embeddable":true,"href":"http:\/\/ambrosioeletro.com.br\/v20\/wp-json\/wp\/v2\/comments?post=11574"}],"wp:featuredmedia":[{"embeddable":true,"href":"http:\/\/ambrosioeletro.com.br\/v20\/wp-json\/wp\/v2\/media\/11579"}],"wp:attachment":[{"href":"http:\/\/ambrosioeletro.com.br\/v20\/wp-json\/wp\/v2\/media?parent=11574"}],"wp:term":[{"taxonomy":"product_brand","embeddable":true,"href":"http:\/\/ambrosioeletro.com.br\/v20\/wp-json\/wp\/v2\/product_brand?post=11574"},{"taxonomy":"product_cat","embeddable":true,"href":"http:\/\/ambrosioeletro.com.br\/v20\/wp-json\/wp\/v2\/product_cat?post=11574"},{"taxonomy":"product_tag","embeddable":true,"href":"http:\/\/ambrosioeletro.com.br\/v20\/wp-json\/wp\/v2\/product_tag?post=11574"}],"curies":[{"name":"wp","href":"https:\/\/api.w.org\/{rel}","templated":true}]}}