{"id":11956,"date":"2024-06-27T17:27:34","date_gmt":"2024-06-27T20:27:34","guid":{"rendered":"http:\/\/ambrosioeletro.com.br\/v20\/?post_type=product&#038;p=11956"},"modified":"2025-11-21T16:31:55","modified_gmt":"2025-11-21T19:31:55","slug":"lavadora-de-alta-pressao-k5-2100-psi-1900w","status":"publish","type":"product","link":"http:\/\/ambrosioeletro.com.br\/v20\/produto\/lavadora-de-alta-pressao-k5-2100-psi-1900w\/","title":{"rendered":"Lavadora de Alta Press\u00e3o K5 2100 PSI 1900W"},"content":{"rendered":"<div class=\"sc-fqkvVR clbOvz sc-eEWMrZ kEXtta\" data-testid=\"product-detail\"><span class=\"sc-kpDqfm qhIEo\" data-testid=\"product-detail-title\">Lavadora de Alta Press\u00e3o Karcher K5 2100psi Indu\u00e7\u00e3o 1900W<\/span><\/p>\n<div class=\"sc-fqkvVR heuZyN sc-cgCHwa eYEhxl\" data-testid=\"product-detail-description\">\n<div class=\"sc-fqkvVR hlqElk sc-cYeeTI khdXjM\" data-testid=\"rich-content-container\">\n<p>Se pensarmos em lavadoras de alta press\u00e3o de alta qualidade e excel\u00eancia, a K\u00e4rcher \u00e9 a primeira coisa que vem \u00e0 mente. Esta marca alem\u00e3 est\u00e1 posicionada como refer\u00eancia mundial em produtos de limpeza. Seus produtos de alta press\u00e3o s\u00e3o a melhor escolha para uma limpeza completa, pois n\u00e3o deixam nenhum vest\u00edgio de sujeira. Suas superf\u00edcies ficar\u00e3o novas!<\/p>\n<p>Gra\u00e7as \u00e0 sua press\u00e3o m\u00e1xima de 2100 psi, esta lavadora gera um impacto poderoso em diferentes superf\u00edcies. N\u00e3o haver\u00e1 sujeira que resista a tanta press\u00e3o!<\/p>\n<p>Regule o modo de irriga\u00e7\u00e3o de acordo com sua necessidade. Para maior impacto na superf\u00edcie, voc\u00ea pode usar a fun\u00e7\u00e3o de linha reta. Se voc\u00ea procura alcan\u00e7ar uma maior cobertura, \u00e9 ideal para usar em leque.<\/p>\n<p>Lavadora de alta press\u00e3o Nova K5 Blck ideal para limpezas mais frequentes do dia-a-dia. Possui al\u00e7a e rodas que facilita o transporte, suporte de acess\u00f3rios facilitando a organiza\u00e7\u00e3o.<\/p>\n<p>Perfeita para limpeza de garagens, quintais, carros, bicicletas, motos, \u00e1reas de piscina e jardim.<\/p>\n<p>Com motor indu\u00e7\u00e3o e cabe\u00e7ote de alum\u00ednio que permite maior durabilidade. Proporciona uma limpeza eficiente, r\u00e1pida e sem esfor\u00e7o, com economia de tempo e 80% de \u00e1gua.<\/p>\n<p>DADOS T\u00c9CNICOS:<\/p>\n<p>Tens\u00e3o: 127V ;<\/p>\n<p>Pot\u00eancia: 1900W;<\/p>\n<p>Press\u00e3o M\u00e1xima: psi 2103\/145bar<\/p>\n<p>Vaz\u00e3o: 360L\/h;<\/p>\n<p>Mangueira de Alta Press\u00e3o 6 metros;<\/p>\n<p>Cabo el\u00e9trico 5 metros;<\/p>\n<p>Motor Indu\u00e7\u00e3o;<\/p>\n<p>Cabe\u00e7ote de alum\u00ednio;<\/p>\n<p>Mais completa da categoria;<\/p>\n<p>Novo design mais robusta;<\/p>\n<p>Economia de at\u00e9 80% de \u00e1gua;<\/p>\n<p>Mangueira de suc\u00e7\u00e3o de detergente;<\/p>\n<p>Baixo consumo de energia;<\/p>\n<p>Porta Acess\u00f3rios;<\/p>\n<p>Al\u00e7a e Rodas que facilitam o transporte;<\/p>\n<\/div>\n<\/div>\n<\/div>\n<div class=\"sc-fqkvVR hlqElk\" data-testid=\"lazyload-container\">\n<div class=\"sc-dcJsrY dlXJDa\" data-testid=\"mod-y\"><\/div>\n<\/div>\n<div class=\"sc-fqkvVR dESRav sc-czLspv jSiKdc\">\n<table class=\"sc-fqkvVR dUvaSJ sc-jlGgGc fIBcbI\">\n<tbody>\n<tr>\n<td class=\"sc-gplwa-d faauQh\">Informa\u00e7\u00f5es complementares<\/td>\n<td class=\"sc-cTTdyq cqOhjk\">\n<table class=\"sc-iowXnY kxzcxo\">\n<tbody>\n<tr>\n<td class=\"sc-lmUcrn kCYkCd\">Marca<\/td>\n<td><a class=\"sc-uVWWZ kwNfV sc-fscmHZ gyrFsZ sc-fscmHZ gyrFsZ\" href=\"https:\/\/www.magazineluiza.com.br\/marcas\/karcher\/\" data-testid=\"link\">Karcher<\/a><\/td>\n<\/tr>\n<tr>\n<td class=\"sc-lmUcrn kCYkCd\">Pot\u00eancia<\/td>\n<td>1900 W<\/td>\n<\/tr>\n<\/tbody>\n<\/table>\n<\/td>\n<\/tr>\n<\/tbody>\n<\/table>\n<\/div>\n","protected":false},"excerpt":{"rendered":"<p>Lavadora de Alta Press\u00e3o Karcher K5 2100psi Indu\u00e7\u00e3o 1900W Se pensarmos em lavadoras de alta press\u00e3o de alta qualidade e excel\u00eancia, a K\u00e4rcher \u00e9 a primeira coisa que vem \u00e0<\/p>\n","protected":false},"featured_media":11966,"comment_status":"open","ping_status":"closed","template":"","meta":[],"product_brand":[],"product_cat":[233,226],"product_tag":[],"class_list":{"0":"post-11956","1":"product","2":"type-product","3":"status-publish","4":"has-post-thumbnail","6":"product_cat-area-de-servico","7":"product_cat-eletrodomesticos","8":"product_shipping_class-pac","10":"first","11":"instock","12":"shipping-taxable","13":"purchasable","14":"product-type-simple"},"_links":{"self":[{"href":"http:\/\/ambrosioeletro.com.br\/v20\/wp-json\/wp\/v2\/product\/11956","targetHints":{"allow":["GET"]}}],"collection":[{"href":"http:\/\/ambrosioeletro.com.br\/v20\/wp-json\/wp\/v2\/product"}],"about":[{"href":"http:\/\/ambrosioeletro.com.br\/v20\/wp-json\/wp\/v2\/types\/product"}],"replies":[{"embeddable":true,"href":"http:\/\/ambrosioeletro.com.br\/v20\/wp-json\/wp\/v2\/comments?post=11956"}],"wp:featuredmedia":[{"embeddable":true,"href":"http:\/\/ambrosioeletro.com.br\/v20\/wp-json\/wp\/v2\/media\/11966"}],"wp:attachment":[{"href":"http:\/\/ambrosioeletro.com.br\/v20\/wp-json\/wp\/v2\/media?parent=11956"}],"wp:term":[{"taxonomy":"product_brand","embeddable":true,"href":"http:\/\/ambrosioeletro.com.br\/v20\/wp-json\/wp\/v2\/product_brand?post=11956"},{"taxonomy":"product_cat","embeddable":true,"href":"http:\/\/ambrosioeletro.com.br\/v20\/wp-json\/wp\/v2\/product_cat?post=11956"},{"taxonomy":"product_tag","embeddable":true,"href":"http:\/\/ambrosioeletro.com.br\/v20\/wp-json\/wp\/v2\/product_tag?post=11956"}],"curies":[{"name":"wp","href":"https:\/\/api.w.org\/{rel}","templated":true}]}}