{"id":12079,"date":"2024-08-08T17:05:26","date_gmt":"2024-08-08T20:05:26","guid":{"rendered":"http:\/\/ambrosioeletro.com.br\/v20\/?post_type=product&#038;p=12079"},"modified":"2025-12-26T09:47:24","modified_gmt":"2025-12-26T12:47:24","slug":"caixa-de-som-bluetooth-para-festas-tax4209-78","status":"publish","type":"product","link":"http:\/\/ambrosioeletro.com.br\/v20\/produto\/caixa-de-som-bluetooth-para-festas-tax4209-78\/","title":{"rendered":"Caixa de som Bluetooth para festas TAX4209\/78"},"content":{"rendered":"<div class=\"p-layout-inner\">\n<div class=\"p-tc11-accordion p-tc11-accordion--notopborder p-spacing-top-c p-tc11-active--m-l p-tc11-active--xs-s p-tc11__accordion--closed p-clear\" data-accordion-enabled=\"true\" data-accordion-toggle=\"true\" data-close-popup-label=\"Back\" data-toggle-item-selector=\"p-s12__toggle-item\" data-hide-item-selector=\"p-s12__toggle-buttons\">\n<div class=\"p-tc11-accordion-wrapper\">\n<div class=\"p-layout-row\">\n<div class=\"p-layout-inner\">\n<div class=\"p-tc11-item-toggle\">\n<div id=\"see-all-benefits\" class=\"p-s01__pdp-overview-wraper\">\n<div class=\"s01highlight s01-highlights-banner component-base\">\n<section class=\"p-s01-highlights\">\n<div class=\"p-row-gutter p-comp-spacing-bottom\">\n<h2 class=\"p-heading-02 p-heading-medium p-s01__highlights-title\">Sinta a batida da m\u00fasica<\/h2>\n<h3 class=\"p-heading-03 p-heading-medium p-s01__highlights-subtitle\"><\/h3>\n<ul class=\"p-bullets p-large p-s01__bullets p-heading-medium\">\n<li class=\"p-s01__bullet\">1.300\u00a0W<\/li>\n<li class=\"p-s01__bullet\">Dez efeitos de luz RGB para festas<\/li>\n<li class=\"p-s01__bullet\">Entradas para microfone e guitarra<\/li>\n<li class=\"p-s01__bullet\">Refor\u00e7o de graves DBB<\/li>\n<\/ul>\n<\/div>\n<\/section>\n<\/div>\n<\/div>\n<div class=\"productFeatures s12-product-features component-base\">\n<section class=\"p-complete p-s12-product-features\" data-close-popup-label=\"Back\">\n<div class=\"p-row-gutter p-comp-spacing-bottom\">\n<div class=\"p-s12__feature-list\">\n<div class=\"p-s12__row\">\n<div class=\"p-s12__feature-item p-spacing-bottom-c\">\n<div class=\"p-s12__feature-image p-spacing-bottom-a\"><picture class=\"p-picture p-lazy-handled\"><source srcset=\"https:\/\/images.philips.com\/is\/image\/philipsconsumer\/6d07b19e0a80483c8191b11a00644c55?wid=305&amp;hei=173&amp;$jpglarge$, https:\/\/images.philips.com\/is\/image\/philipsconsumer\/6d07b19e0a80483c8191b11a00644c55?wid=610&amp;hei=346&amp;$jpglarge$ 2x\" media=\"(min-width: 961px)\" \/><source srcset=\"https:\/\/images.philips.com\/is\/image\/philipsconsumer\/6d07b19e0a80483c8191b11a00644c55?wid=305&amp;hei=173&amp;$jpglarge$, https:\/\/images.philips.com\/is\/image\/philipsconsumer\/6d07b19e0a80483c8191b11a00644c55?wid=610&amp;hei=346&amp;$jpglarge$ 2x\" media=\"(min-width: 701px)\" \/><source srcset=\"https:\/\/images.philips.com\/is\/image\/philipsconsumer\/6d07b19e0a80483c8191b11a00644c55?wid=218&amp;hei=122&amp;$jpglarge$, https:\/\/images.philips.com\/is\/image\/philipsconsumer\/6d07b19e0a80483c8191b11a00644c55?wid=436&amp;hei=244&amp;$jpglarge$ 2x\" media=\"(min-width: 451px)\" \/><source srcset=\"https:\/\/images.philips.com\/is\/image\/philipsconsumer\/6d07b19e0a80483c8191b11a00644c55?wid=438&amp;hei=245&amp;$jpglarge$, https:\/\/images.philips.com\/is\/image\/philipsconsumer\/6d07b19e0a80483c8191b11a00644c55?wid=876&amp;hei=490&amp;$jpglarge$ 2x\" media=\"\" \/><img decoding=\"async\" class=\"\" src=\"https:\/\/images.philips.com\/is\/image\/philipsconsumer\/6d07b19e0a80483c8191b11a00644c55?wid=305&amp;hei=173&amp;$jpglarge$\" alt=\"Refor\u00e7o de graves DBB para ainda mais pot\u00eancia, al\u00e9m de predefini\u00e7\u00f5es de graves\" \/><\/picture><\/div>\n<div class=\"p-s12__feature-description p-spacing-bottom-a\">\n<h3 class=\"p-heading-04-large p-heading-bold p-feature-title\">Refor\u00e7o de graves DBB para ainda mais pot\u00eancia, al\u00e9m de predefini\u00e7\u00f5es de graves<\/h3>\n<p class=\"p-body-copy-02\">Esta grande e potente caixa de som Bluetooth de 1.300\u00a0W \u00e9 perfeita para comemora\u00e7\u00f5es. Pressione o bot\u00e3o DBB para alternar entre as diferentes predefini\u00e7\u00f5es de graves e ative o Refor\u00e7o din\u00e2mico de graves para dar \u00e0s suas m\u00fasicas os graves estrondosos que elas merecem.<\/p>\n<\/div>\n<\/div>\n<div class=\"p-s12__feature-item p-spacing-bottom-c\">\n<div class=\"p-s12__feature-image p-spacing-bottom-a\"><picture class=\"p-picture p-lazy-handled\"><source srcset=\"https:\/\/images.philips.com\/is\/image\/philipsconsumer\/f593d6247b024cbda760b0f400a4502d?wid=305&amp;hei=173&amp;$jpglarge$, https:\/\/images.philips.com\/is\/image\/philipsconsumer\/f593d6247b024cbda760b0f400a4502d?wid=610&amp;hei=346&amp;$jpglarge$ 2x\" media=\"(min-width: 961px)\" \/><source srcset=\"https:\/\/images.philips.com\/is\/image\/philipsconsumer\/f593d6247b024cbda760b0f400a4502d?wid=305&amp;hei=173&amp;$jpglarge$, https:\/\/images.philips.com\/is\/image\/philipsconsumer\/f593d6247b024cbda760b0f400a4502d?wid=610&amp;hei=346&amp;$jpglarge$ 2x\" media=\"(min-width: 701px)\" \/><source srcset=\"https:\/\/images.philips.com\/is\/image\/philipsconsumer\/f593d6247b024cbda760b0f400a4502d?wid=218&amp;hei=122&amp;$jpglarge$, https:\/\/images.philips.com\/is\/image\/philipsconsumer\/f593d6247b024cbda760b0f400a4502d?wid=436&amp;hei=244&amp;$jpglarge$ 2x\" media=\"(min-width: 451px)\" \/><source srcset=\"https:\/\/images.philips.com\/is\/image\/philipsconsumer\/f593d6247b024cbda760b0f400a4502d?wid=438&amp;hei=245&amp;$jpglarge$, https:\/\/images.philips.com\/is\/image\/philipsconsumer\/f593d6247b024cbda760b0f400a4502d?wid=876&amp;hei=490&amp;$jpglarge$ 2x\" media=\"\" \/><img decoding=\"async\" class=\"\" src=\"https:\/\/images.philips.com\/is\/image\/philipsconsumer\/f593d6247b024cbda760b0f400a4502d?wid=305&amp;hei=173&amp;$jpglarge$\" alt=\"Os dez modos de luz RGB permitem que voc\u00ea d\u00ea o tom pra sua festa\" \/><\/picture><\/div>\n<div class=\"p-s12__feature-description p-spacing-bottom-a\">\n<h3 class=\"p-heading-04-large p-heading-bold p-feature-title\">Os dez modos de luz RGB permitem que voc\u00ea d\u00ea o tom pra sua festa<\/h3>\n<p class=\"p-body-copy-02\">Transforme sua casa em seu novo clube favorito com dois an\u00e9is de luz na parte frontal da caixa de som. Os dez modos de luz RGB permitem que voc\u00ea d\u00ea o tom adequado \u00e0 festa e transforme qualquer ambiente. N\u00e3o importa o seu tipo de festa, esta caixa de som tem tudo o que voc\u00ea precisa.<\/p>\n<\/div>\n<\/div>\n<div class=\"p-s12__feature-item p-spacing-bottom-c\">\n<div class=\"p-s12__feature-image p-spacing-bottom-a\"><picture class=\"p-picture p-lazy-handled\"><source srcset=\"https:\/\/images.philips.com\/is\/image\/philipsconsumer\/307e0ac8ab0b4ce4a232b0f5003fd248?wid=305&amp;hei=173&amp;$jpglarge$, https:\/\/images.philips.com\/is\/image\/philipsconsumer\/307e0ac8ab0b4ce4a232b0f5003fd248?wid=610&amp;hei=346&amp;$jpglarge$ 2x\" media=\"(min-width: 961px)\" \/><source srcset=\"https:\/\/images.philips.com\/is\/image\/philipsconsumer\/307e0ac8ab0b4ce4a232b0f5003fd248?wid=305&amp;hei=173&amp;$jpglarge$, https:\/\/images.philips.com\/is\/image\/philipsconsumer\/307e0ac8ab0b4ce4a232b0f5003fd248?wid=610&amp;hei=346&amp;$jpglarge$ 2x\" media=\"(min-width: 701px)\" \/><source srcset=\"https:\/\/images.philips.com\/is\/image\/philipsconsumer\/307e0ac8ab0b4ce4a232b0f5003fd248?wid=218&amp;hei=122&amp;$jpglarge$, https:\/\/images.philips.com\/is\/image\/philipsconsumer\/307e0ac8ab0b4ce4a232b0f5003fd248?wid=436&amp;hei=244&amp;$jpglarge$ 2x\" media=\"(min-width: 451px)\" \/><source srcset=\"https:\/\/images.philips.com\/is\/image\/philipsconsumer\/307e0ac8ab0b4ce4a232b0f5003fd248?wid=438&amp;hei=245&amp;$jpglarge$, https:\/\/images.philips.com\/is\/image\/philipsconsumer\/307e0ac8ab0b4ce4a232b0f5003fd248?wid=876&amp;hei=490&amp;$jpglarge$ 2x\" media=\"\" \/><img decoding=\"async\" class=\"\" src=\"https:\/\/images.philips.com\/is\/image\/philipsconsumer\/307e0ac8ab0b4ce4a232b0f5003fd248?wid=305&amp;hei=173&amp;$jpglarge$\" alt=\"Entradas para microfone de karaok\u00ea e guitarra com fun\u00e7\u00e3o de grava\u00e7\u00e3o\" \/><\/picture><\/div>\n<div class=\"p-s12__feature-description p-spacing-bottom-a\">\n<h3 class=\"p-heading-04-large p-heading-bold p-feature-title\">Entradas para microfone de karaok\u00ea e guitarra com fun\u00e7\u00e3o de grava\u00e7\u00e3o<\/h3>\n<p class=\"p-body-copy-02\">As entradas de microfone e guitarra permitem que voc\u00ea seja o centro das aten\u00e7\u00f5es. Cante com seus amigos ou arrisque uma apresenta\u00e7\u00e3o solo! A guitarra e o microfone t\u00eam seus pr\u00f3prios controles de volume. Voc\u00ea tamb\u00e9m pode adicionar efeitos de eco \u00e0s vozes e at\u00e9 mesmo fazer grava\u00e7\u00f5es.<\/p>\n<\/div>\n<\/div>\n<\/div>\n<\/div>\n<\/div>\n<\/section>\n<\/div>\n<\/div>\n<\/div>\n<\/div>\n<\/div>\n<div class=\"p-tc11__trigger-buttons p-spacing-bottom-c\">\n<div class=\"p-layout-row p-row-gutter\">\n<div class=\"p-layout-inner p-spacing-bottom-a\"><button class=\"p-button p-large p-s-full p-xs-full p-button-secondary p-tc11-open-btn\" data-track-type=\"track-conversion\" data-track-name=\"interaction\" data-track-description=\"all_product_features\">Exibir tudo Caracter\u00edsticas do produto<\/button><\/div>\n<\/div>\n<\/div>\n<\/div>\n<\/div>\n<div class=\"p-tc11-accordion p-spacing-top-c p-tc11-active--m-l p-tc11-active--xs-s p-tc11__accordion--closed p-tc11-accordion--nobottomborder\" data-accordion-enabled=\"true\" data-accordion-toggle=\"true\" data-close-popup-label=\"Back\" data-toggle-item-selector=\"p-s08__toggle-item\" data-hide-item-selector=\"p-s08__toggle-buttons\">\n<section class=\"p-n15-anchor\" data-analytics=\"specifications\"><a class=\"p-n15-pagebreaker \" name=\"specifications\" data-anchor-title=\"specifications\"><\/a><\/section>\n<div class=\"p-tc11-accordion-wrapper\">\n<div class=\"p-layout-row\">\n<div class=\"p-layout-inner\">\n<div class=\"p-tc11-item-toggle\">\n<div class=\"techspec s08-specification-details component-base\">\n<section class=\"p-s08-technical-specifications\" data-chapter-count=\"2\">\n<div class=\"p-row-gutter p-comp-spacing-bottom\">\n<h2 class=\"p-heading-02 p-heading-medium p-s08__spec-main-title\">Especifica\u00e7\u00f5es t\u00e9cnicas<\/h2>\n<div class=\"p-chapter-container\">\n<ul class=\"p-s08__table\">\n<li class=\"p-s08__spec \">\n<p class=\"p-heading-03 p-heading-light p-s08__spec-title\">Som<\/p>\n<dl class=\"p-s08__main-list\">\n<dt class=\"p-heading-04 p-heading-bold p-s08__main-list-title\">Recursos de \u00e1udio<\/dt>\n<dd>\n<ul class=\"p-bullets\">\n<li>\n<div class=\"p-body-copy-02 \">Refor\u00e7o din\u00e2mico de graves<\/div>\n<\/li>\n<li>\n<div class=\"p-body-copy-02 \">controle de agudos e graves<\/div>\n<\/li>\n<li>\n<div class=\"p-body-copy-02 \">Karaok\u00ea<\/div>\n<\/li>\n<\/ul>\n<\/dd>\n<dt class=\"p-heading-04 p-heading-bold p-s08__main-list-title\">Resposta em frequ\u00eancia<\/dt>\n<dd>\n<div class=\"p-body-copy-02 \">40\u00a0Hz &#8211; 20\u00a0KHz, -12\u00a0dB<\/div>\n<\/dd>\n<dt class=\"p-heading-04 p-heading-bold p-s08__main-list-title\">Pot\u00eancia de sa\u00edda (refer\u00eancia)<\/dt>\n<dd>\n<div class=\"p-body-copy-02 \">1300 \u00a0W<\/div>\n<\/dd>\n<\/dl>\n<\/li>\n<li class=\"p-s08__spec \">\n<p class=\"p-heading-03 p-heading-light p-s08__spec-title\">Caixas ac\u00fasticas<\/p>\n<dl class=\"p-s08__main-list\">\n<dt class=\"p-heading-04 p-heading-bold p-s08__main-list-title\">Configura\u00e7\u00e3o do driver<\/dt>\n<dd>\n<div class=\"p-body-copy-02 \">Bidirecional<\/div>\n<\/dd>\n<dt class=\"p-heading-04 p-heading-bold p-s08__main-list-title\">N\u00famero de canais de som<\/dt>\n<dd>\n<div class=\"p-body-copy-02 \">1<\/div>\n<\/dd>\n<dt class=\"p-heading-04 p-heading-bold p-s08__main-list-title\">N\u00famero de tweeters<\/dt>\n<dd>\n<div class=\"p-body-copy-02 \">1<\/div>\n<\/dd>\n<dt class=\"p-heading-04 p-heading-bold p-s08__main-list-title\">N\u00famero de woofers<\/dt>\n<dd>\n<div class=\"p-body-copy-02 \">2<\/div>\n<\/dd>\n<dt class=\"p-heading-04 p-heading-bold p-s08__main-list-title\">Di\u00e2metro do tweeter<\/dt>\n<dd>\n<div class=\"p-body-copy-02 \">2,5&#8243;<\/div>\n<\/dd>\n<dt class=\"p-heading-04 p-heading-bold p-s08__main-list-title\">Di\u00e2metro do woofer<\/dt>\n<dd>\n<div class=\"p-body-copy-02 \">7&#8243;<\/div>\n<\/dd>\n<\/dl>\n<\/li>\n<\/ul>\n<\/div>\n<\/div>\n<\/section>\n<\/div>\n<\/div>\n<\/div>\n<\/div>\n<\/div>\n<\/div>\n","protected":false},"excerpt":{"rendered":"<p>Sinta a batida da m\u00fasica 1.300\u00a0W Dez efeitos de luz RGB para festas Entradas para microfone e guitarra Refor\u00e7o de graves DBB Refor\u00e7o de graves DBB para ainda mais pot\u00eancia,<\/p>\n","protected":false},"featured_media":12081,"comment_status":"open","ping_status":"closed","template":"","meta":[],"product_brand":[],"product_cat":[230,228],"product_tag":[],"class_list":{"0":"post-12079","1":"product","2":"type-product","3":"status-publish","4":"has-post-thumbnail","6":"product_cat-audio","7":"product_cat-eletroeletronicos","8":"product_shipping_class-retirar-no-local","10":"first","11":"instock","12":"shipping-taxable","13":"purchasable","14":"product-type-simple"},"_links":{"self":[{"href":"http:\/\/ambrosioeletro.com.br\/v20\/wp-json\/wp\/v2\/product\/12079","targetHints":{"allow":["GET"]}}],"collection":[{"href":"http:\/\/ambrosioeletro.com.br\/v20\/wp-json\/wp\/v2\/product"}],"about":[{"href":"http:\/\/ambrosioeletro.com.br\/v20\/wp-json\/wp\/v2\/types\/product"}],"replies":[{"embeddable":true,"href":"http:\/\/ambrosioeletro.com.br\/v20\/wp-json\/wp\/v2\/comments?post=12079"}],"wp:featuredmedia":[{"embeddable":true,"href":"http:\/\/ambrosioeletro.com.br\/v20\/wp-json\/wp\/v2\/media\/12081"}],"wp:attachment":[{"href":"http:\/\/ambrosioeletro.com.br\/v20\/wp-json\/wp\/v2\/media?parent=12079"}],"wp:term":[{"taxonomy":"product_brand","embeddable":true,"href":"http:\/\/ambrosioeletro.com.br\/v20\/wp-json\/wp\/v2\/product_brand?post=12079"},{"taxonomy":"product_cat","embeddable":true,"href":"http:\/\/ambrosioeletro.com.br\/v20\/wp-json\/wp\/v2\/product_cat?post=12079"},{"taxonomy":"product_tag","embeddable":true,"href":"http:\/\/ambrosioeletro.com.br\/v20\/wp-json\/wp\/v2\/product_tag?post=12079"}],"curies":[{"name":"wp","href":"https:\/\/api.w.org\/{rel}","templated":true}]}}