{"id":12305,"date":"2024-09-25T10:01:37","date_gmt":"2024-09-25T13:01:37","guid":{"rendered":"http:\/\/ambrosioeletro.com.br\/v20\/?post_type=product&#038;p=12305"},"modified":"2026-03-28T09:08:36","modified_gmt":"2026-03-28T12:08:36","slug":"colchao-queen-molas-masterpocket-ensacadas-jasmim-euro-pillow-158x198x30-polar-colchoes-polar","status":"publish","type":"product","link":"http:\/\/ambrosioeletro.com.br\/v20\/produto\/colchao-queen-molas-masterpocket-ensacadas-jasmim-euro-pillow-158x198x30-polar-colchoes-polar\/","title":{"rendered":"Colch\u00e3o Queen Molas MasterPocket Ensacadas Jasmim Euro Pillow (158x198x30) &#8211; Polar &#8211; Colch\u00f5es Polar"},"content":{"rendered":"<div class=\"sc-fqkvVR clbOvz sc-idHWdX fRTTwi\" data-testid=\"product-detail\">\n<p><span class=\"sc-kpDqfm qhIEo\" data-testid=\"product-detail-title\">Colch\u00e3o Queen Molas MasterPocket Ensacadas Jasmim Euro Pillow (158x198x30) &#8211; Polar<\/span><\/p>\n<div class=\"sc-fqkvVR heuZyN sc-eGqbUM iJJQQV\" data-testid=\"product-detail-description\">\n<div class=\"sc-fqkvVR hlqElk sc-gwPoFG kVkROZ\" data-testid=\"rich-content-container\">\n<p>Colch\u00e3o Queen Molas Ensacadas MasterPocket Jasmim Euro Pillow (158x198x30) &#8211; PolarMarca: Polar<\/p>\n<p>Dimens\u00f5es(Cm): Comprimento(Profundidade): 198cm x Largura: 158cm x Altura: 30cm<\/p>\n<p>Vantagens Extras de Colch\u00e3o<br \/>\n&#8211; c\/ Sistema Polyframe<br \/>\n&#8211; Manta Acr\u00edlica<br \/>\n&#8211; EPS<br \/>\nTipo de Pillow<br \/>\n&#8211; Pillow Top Europeu<br \/>\nTecido com Tratamento do Colch\u00e3o<br \/>\n&#8211; Anti\u00c1caro e AntiFungo<br \/>\nBordado do Revestimento do Colch\u00e3o<br \/>\n&#8211; Cont\u00ednuo<br \/>\nForra\u00e7\u00e3o Revestimento do Colch\u00e3o<br \/>\n&#8211; Poli\u00e9ster<br \/>\nForra\u00e7\u00e3o do Revestimento Inferior do Colch\u00e3o<br \/>\n&#8211; Antiderrapante<br \/>\nTecido de Revestimento da Faixa Lateral do Colch\u00e3o<br \/>\n&#8211; Decorativa<br \/>\n&#8211; Jacquard<br \/>\nModo de Utiliza\u00e7\u00e3o do Colch\u00e3o<br \/>\n&#8211; One Side<\/p>\n<p>Camadas Interna do Estofamento de Espuma do Colch\u00e3o<br \/>\n&#8211; Alta Qualidade<br \/>\n&#8211; D33<br \/>\nTipo de Mola do Colch\u00e3o<br \/>\n&#8211; Ensacadas MasterPocket<br \/>\nN\u00edvel de Firmeza do Colch\u00e3o<br \/>\n&#8211; Macio c\/ Firmeza<br \/>\nPeso M\u00e1ximo Suportado do Colch\u00e3o<br \/>\n&#8211; 120 kg<\/p>\n<p>Certifica\u00e7\u00e3o de Qualidade do Colch\u00e3o<br \/>\n&#8211; Qualidade Aprovada<br \/>\n&#8211; INMETRO<br \/>\n&#8211; Qualidade Costa Rica<br \/>\n&#8211; Selo Abicol<br \/>\nNossa Avalia\u00e7\u00e3o do Colch\u00e3o<br \/>\n&#8211; Qualidade Muito Boa<br \/>\nTempo de Garantia do Colch\u00e3o<br \/>\n&#8211; 12 meses<\/p>\n<p>Imagens Meramente Ilustrativas.<br \/>\nN\u00e3o nos responsabilizamos pela montagem\/instala\u00e7\u00e3o dos produtos.<br \/>\nTodas as informa\u00e7\u00f5es divulgadas s\u00e3o de responsabilidade exclusiva do fabricante\/fornecedor.<\/p>\n<p>&#8211; Verifique com os fabricantes do produto e de seus componentes eventuais limita\u00e7\u00f5es \u00e0 utiliza\u00e7\u00e3o de todos os recursos e funcionalidades<br \/>\n&#8211; Confira as dimens\u00f5es do produto e analise se ir\u00e3o passar normalmente por elevadores, portas, escadas e corredores, pois n\u00e3o nos responsabilizamos caso o produto necessite durante a entrega de: Desmontagem, subir escadas ou ser transportado por guincho, cordas para apartamentos. A entrega limita-se ao descarregamento em local que tenha e ofere\u00e7a total facilidade de acesso normal;<br \/>\n&#8211; S\u00f3 fazemos entregas por transportes rodovi\u00e1rios. N\u00e3o realizamos entregas por transportes fluviais, a\u00e9reos e outros diferente de rodovi\u00e1rio. N\u00e3o realizamos entregas na regi\u00e3o norte: Amap\u00e1, Amazonas, Par\u00e1, Roraima e Acre;<br \/>\n&#8211; Temos \u00e1reas com restri\u00e7\u00e3o e dificuldades que os transportadores rodovi\u00e1rios n\u00e3o atendem. \u00c1rea de dif\u00edcil acesso, \u00e1rea de risco, \u00e1rea rural, \u00e1reas fluviais, estradas n\u00e3o pavimentadas;<br \/>\n&#8211; Sendo assim, caso seu endere\u00e7o esteja em \u00e1rea restrita de entrega, a retirada de sua compra dever\u00e1 ser realizada no CD do transportador ou indicar no momento da compra um endere\u00e7o entrega fora da \u00e1rea restrita;<br \/>\n&#8211; Caso realize pedido com entregas em locais de dif\u00edcil acesso ou \u00e1reas com restri\u00e7\u00e3o e dificuldades que os transportadores e proprio correios n\u00e3o atendem, a compra sera cancelada pela Costa Rica Colch\u00f5es, com a devida comunica\u00e7\u00e3o e estorno do pagamento ao cliente.<\/p>\n<\/div>\n<\/div>\n<\/div>\n<div class=\"sc-fqkvVR hlqElk\" data-testid=\"lazyload-container\">\n<div class=\"sc-dcJsrY dlXJDa\" data-testid=\"mod-y\"><\/div>\n<\/div>\n<div class=\"sc-fqkvVR dESRav sc-lbldtA hVZZZH\">\n<table class=\"sc-fqkvVR dUvaSJ sc-iowXnY cLYDWA\">\n<tbody>\n<tr>\n<td class=\"sc-fscmHZ kXoYjo\">Altura<\/td>\n<td class=\"sc-bWJUgm flViUP\">\n<table class=\"sc-lfYzqA gdcOCn\">\n<tbody>\n<tr>\n<td>30 cm<\/td>\n<\/tr>\n<\/tbody>\n<\/table>\n<\/td>\n<\/tr>\n<tr>\n<td class=\"sc-fscmHZ kXoYjo\">Bordado do Revestimento do Colch\u00e3o<\/td>\n<td class=\"sc-bWJUgm flViUP\">\n<table class=\"sc-lfYzqA gdcOCn\">\n<tbody>\n<tr>\n<td>Cont\u00ednuo<\/td>\n<\/tr>\n<\/tbody>\n<\/table>\n<\/td>\n<\/tr>\n<tr>\n<td class=\"sc-fscmHZ kXoYjo\">Camadas Interna do Estofamento de Espuma do Colch\u00e3o<\/td>\n<td class=\"sc-bWJUgm flViUP\">\n<table class=\"sc-lfYzqA gdcOCn\">\n<tbody>\n<tr>\n<td>Alta Qualidade<\/td>\n<\/tr>\n<\/tbody>\n<\/table>\n<\/td>\n<\/tr>\n<tr>\n<td class=\"sc-fscmHZ kXoYjo\">Categoria &#8211; Pai<\/td>\n<td class=\"sc-bWJUgm flViUP\">\n<table class=\"sc-lfYzqA gdcOCn\">\n<tbody>\n<tr>\n<td>Colch\u00e3o<\/td>\n<\/tr>\n<\/tbody>\n<\/table>\n<\/td>\n<\/tr>\n<tr>\n<td class=\"sc-fscmHZ kXoYjo\">Certifica\u00e7\u00e3o de Qualidade do Colch\u00e3o<\/td>\n<td class=\"sc-bWJUgm flViUP\">\n<table class=\"sc-lfYzqA gdcOCn\">\n<tbody>\n<tr>\n<td>Qualidade Aprovada<\/td>\n<\/tr>\n<\/tbody>\n<\/table>\n<\/td>\n<\/tr>\n<tr>\n<td class=\"sc-fscmHZ kXoYjo\">Classifica\u00e7\u00e3o<\/td>\n<td class=\"sc-bWJUgm flViUP\">\n<table class=\"sc-lfYzqA gdcOCn\">\n<tbody>\n<tr>\n<td>Casal<\/td>\n<\/tr>\n<\/tbody>\n<\/table>\n<\/td>\n<\/tr>\n<tr>\n<td class=\"sc-fscmHZ kXoYjo\">C\u00f3digo universal de produto (GTIN)<\/td>\n<td class=\"sc-bWJUgm flViUP\">\n<table class=\"sc-lfYzqA gdcOCn\">\n<tbody>\n<tr>\n<td>7897895996524<\/td>\n<\/tr>\n<\/tbody>\n<\/table>\n<\/td>\n<\/tr>\n<tr>\n<td class=\"sc-fscmHZ kXoYjo\">Com moldura perimetral<\/td>\n<td class=\"sc-bWJUgm flViUP\">\n<table class=\"sc-lfYzqA gdcOCn\">\n<tbody>\n<tr>\n<td>N\u00e3o<\/td>\n<\/tr>\n<\/tbody>\n<\/table>\n<\/td>\n<\/tr>\n<tr>\n<td class=\"sc-fscmHZ kXoYjo\">Com pegas laterais<\/td>\n<td class=\"sc-bWJUgm flViUP\">\n<table class=\"sc-lfYzqA gdcOCn\">\n<tbody>\n<tr>\n<td>N\u00e3o<\/td>\n<\/tr>\n<\/tbody>\n<\/table>\n<\/td>\n<\/tr>\n<tr>\n<td class=\"sc-fscmHZ kXoYjo\">Comprimento\/Profundidade<\/td>\n<td class=\"sc-bWJUgm flViUP\">\n<table class=\"sc-lfYzqA gdcOCn\">\n<tbody>\n<tr>\n<td>198 cm<\/td>\n<\/tr>\n<\/tbody>\n<\/table>\n<\/td>\n<\/tr>\n<tr>\n<td class=\"sc-fscmHZ kXoYjo\">Condi\u00e7\u00e3o do Item<\/td>\n<td class=\"sc-bWJUgm flViUP\">\n<table class=\"sc-lfYzqA gdcOCn\">\n<tbody>\n<tr>\n<td>Novo<\/td>\n<\/tr>\n<\/tbody>\n<\/table>\n<\/td>\n<\/tr>\n<tr>\n<td class=\"sc-fscmHZ kXoYjo\">Condi\u00e7\u00e3o do item<\/td>\n<td class=\"sc-bWJUgm flViUP\">\n<table class=\"sc-lfYzqA gdcOCn\">\n<tbody>\n<tr>\n<td>Novo<\/td>\n<\/tr>\n<\/tbody>\n<\/table>\n<\/td>\n<\/tr>\n<tr>\n<td class=\"sc-fscmHZ kXoYjo\">\u00c9 anti\u00e1caros<\/td>\n<td class=\"sc-bWJUgm flViUP\">\n<table class=\"sc-lfYzqA gdcOCn\">\n<tbody>\n<tr>\n<td>Sim<\/td>\n<\/tr>\n<\/tbody>\n<\/table>\n<\/td>\n<\/tr>\n<tr>\n<td class=\"sc-fscmHZ kXoYjo\">\u00c9 eco-friendly<\/td>\n<td class=\"sc-bWJUgm flViUP\">\n<table class=\"sc-lfYzqA gdcOCn\">\n<tbody>\n<tr>\n<td>Sim<\/td>\n<\/tr>\n<\/tbody>\n<\/table>\n<\/td>\n<\/tr>\n<tr>\n<td class=\"sc-fscmHZ kXoYjo\">\u00c9 kit?<\/td>\n<td class=\"sc-bWJUgm flViUP\">\n<table class=\"sc-lfYzqA gdcOCn\">\n<tbody>\n<tr>\n<td>N\u00e3o<\/td>\n<\/tr>\n<\/tbody>\n<\/table>\n<\/td>\n<\/tr>\n<tr>\n<td class=\"sc-fscmHZ kXoYjo\">\u00c9 ortop\u00e9dico<\/td>\n<td class=\"sc-bWJUgm flViUP\">\n<table class=\"sc-lfYzqA gdcOCn\">\n<tbody>\n<tr>\n<td>Sim<\/td>\n<\/tr>\n<\/tbody>\n<\/table>\n<\/td>\n<\/tr>\n<tr>\n<td class=\"sc-fscmHZ kXoYjo\">Fabricante<\/td>\n<td class=\"sc-bWJUgm flViUP\">\n<table class=\"sc-lfYzqA gdcOCn\">\n<tbody>\n<tr>\n<td>Polar<\/td>\n<\/tr>\n<\/tbody>\n<\/table>\n<\/td>\n<\/tr>\n<tr>\n<td class=\"sc-fscmHZ kXoYjo\">Fonte do produto<\/td>\n<td class=\"sc-bWJUgm flViUP\">\n<table class=\"sc-lfYzqA gdcOCn\">\n<tbody>\n<tr>\n<td>N\/A<\/td>\n<\/tr>\n<\/tbody>\n<\/table>\n<\/td>\n<\/tr>\n<tr>\n<td class=\"sc-fscmHZ kXoYjo\">Forra\u00e7\u00e3o do Revestimento Inferior do Colch\u00e3o<\/td>\n<td class=\"sc-bWJUgm flViUP\">\n<table class=\"sc-lfYzqA gdcOCn\">\n<tbody>\n<tr>\n<td>Antiderrapante<\/td>\n<\/tr>\n<\/tbody>\n<\/table>\n<\/td>\n<\/tr>\n<tr>\n<td class=\"sc-fscmHZ kXoYjo\">Forra\u00e7\u00e3o Revestimento do Colch\u00e3o<\/td>\n<td class=\"sc-bWJUgm flViUP\">\n<table class=\"sc-lfYzqA gdcOCn\">\n<tbody>\n<tr>\n<td>Poli\u00e9ster<\/td>\n<\/tr>\n<\/tbody>\n<\/table>\n<\/td>\n<\/tr>\n<tr>\n<td class=\"sc-fscmHZ kXoYjo\">ID Youtube<\/td>\n<td class=\"sc-bWJUgm flViUP\">\n<table class=\"sc-lfYzqA gdcOCn\">\n<tbody>\n<tr>\n<td>hzbxeEs-d74<\/td>\n<\/tr>\n<\/tbody>\n<\/table>\n<\/td>\n<\/tr>\n<tr>\n<td class=\"sc-fscmHZ kXoYjo\">Kit<\/td>\n<td class=\"sc-bWJUgm flViUP\">\n<table class=\"sc-lfYzqA gdcOCn\">\n<tbody>\n<tr>\n<td>0<\/td>\n<\/tr>\n<\/tbody>\n<\/table>\n<\/td>\n<\/tr>\n<tr>\n<td class=\"sc-fscmHZ kXoYjo\">Largura<\/td>\n<td class=\"sc-bWJUgm flViUP\">\n<table class=\"sc-lfYzqA gdcOCn\">\n<tbody>\n<tr>\n<td>158 cm<\/td>\n<\/tr>\n<\/tbody>\n<\/table>\n<\/td>\n<\/tr>\n<tr>\n<td class=\"sc-fscmHZ kXoYjo\">Linha<\/td>\n<td class=\"sc-bWJUgm flViUP\">\n<table class=\"sc-lfYzqA gdcOCn\">\n<tbody>\n<tr>\n<td>Polar<\/td>\n<\/tr>\n<\/tbody>\n<\/table>\n<\/td>\n<\/tr>\n<tr>\n<td class=\"sc-fscmHZ kXoYjo\">Linha\/Modelo<\/td>\n<td class=\"sc-bWJUgm flViUP\">\n<table class=\"sc-lfYzqA gdcOCn\">\n<tbody>\n<tr>\n<td>Polar<\/td>\n<\/tr>\n<\/tbody>\n<\/table>\n<\/td>\n<\/tr>\n<tr>\n<td class=\"sc-fscmHZ kXoYjo\">Link Site<\/td>\n<td class=\"sc-bWJUgm flViUP\">\n<table class=\"sc-lfYzqA gdcOCn\">\n<tbody>\n<tr>\n<td>https:\/\/www.costaricacolchoes.com.br\/produtos\/23237S163\/<\/td>\n<\/tr>\n<\/tbody>\n<\/table>\n<\/td>\n<\/tr>\n<tr>\n<td class=\"sc-fscmHZ kXoYjo\">Link Youtube<\/td>\n<td class=\"sc-bWJUgm flViUP\">\n<table class=\"sc-lfYzqA gdcOCn\">\n<tbody>\n<tr>\n<td>https:\/\/www.youtube.com\/watch?v=hzbxeEs-d74<\/td>\n<\/tr>\n<\/tbody>\n<\/table>\n<\/td>\n<\/tr>\n<tr>\n<td class=\"sc-fscmHZ kXoYjo\">M3<\/td>\n<td class=\"sc-bWJUgm flViUP\">\n<table class=\"sc-lfYzqA gdcOCn\">\n<tbody>\n<tr>\n<td>0.94<\/td>\n<\/tr>\n<\/tbody>\n<\/table>\n<\/td>\n<\/tr>\n<tr>\n<td class=\"sc-fscmHZ kXoYjo\">Modo de Utiliza\u00e7\u00e3o do Colch\u00e3o<\/td>\n<td class=\"sc-bWJUgm flViUP\">\n<table class=\"sc-lfYzqA gdcOCn\">\n<tbody>\n<tr>\n<td>One Side<\/td>\n<\/tr>\n<\/tbody>\n<\/table>\n<\/td>\n<\/tr>\n<tr>\n<td class=\"sc-fscmHZ kXoYjo\">MPN<\/td>\n<td class=\"sc-bWJUgm flViUP\">\n<table class=\"sc-lfYzqA gdcOCn\">\n<tbody>\n<tr>\n<td>12218\/18134<\/td>\n<\/tr>\n<\/tbody>\n<\/table>\n<\/td>\n<\/tr>\n<tr>\n<td class=\"sc-fscmHZ kXoYjo\">N\u00e3o Possui<\/td>\n<td class=\"sc-bWJUgm flViUP\">\n<table class=\"sc-lfYzqA gdcOCn\">\n<tbody>\n<tr>\n<td>N\u00e3o<\/td>\n<\/tr>\n<\/tbody>\n<\/table>\n<\/td>\n<\/tr>\n<tr>\n<td class=\"sc-fscmHZ kXoYjo\">N\u00edvel de Firmeza do Colch\u00e3o<\/td>\n<td class=\"sc-bWJUgm flViUP\">\n<table class=\"sc-lfYzqA gdcOCn\">\n<tbody>\n<tr>\n<td>Macio c\/ Firmeza<\/td>\n<\/tr>\n<\/tbody>\n<\/table>\n<\/td>\n<\/tr>\n<tr>\n<td class=\"sc-fscmHZ kXoYjo\">Nossa Avalia\u00e7\u00e3o do Colch\u00e3o<\/td>\n<td class=\"sc-bWJUgm flViUP\">\n<table class=\"sc-lfYzqA gdcOCn\">\n<tbody>\n<tr>\n<td>Qualidade Muito Boa<\/td>\n<\/tr>\n<\/tbody>\n<\/table>\n<\/td>\n<\/tr>\n<tr>\n<td class=\"sc-fscmHZ kXoYjo\">Numeral<\/td>\n<td class=\"sc-bWJUgm flViUP\">\n<table class=\"sc-lfYzqA gdcOCn\">\n<tbody>\n<tr>\n<td>0<\/td>\n<\/tr>\n<\/tbody>\n<\/table>\n<\/td>\n<\/tr>\n<tr>\n<td class=\"sc-fscmHZ kXoYjo\">N\u00famero de registro\/certifica\u00e7\u00e3o INMETRO<\/td>\n<td class=\"sc-bWJUgm flViUP\">\n<table class=\"sc-lfYzqA gdcOCn\">\n<tbody>\n<tr>\n<td>N\/A<\/td>\n<\/tr>\n<\/tbody>\n<\/table>\n<\/td>\n<\/tr>\n<tr>\n<td class=\"sc-fscmHZ kXoYjo\">Pa\u00eds de origem<\/td>\n<td class=\"sc-bWJUgm flViUP\">\n<table class=\"sc-lfYzqA gdcOCn\">\n<tbody>\n<tr>\n<td>Nacional<\/td>\n<\/tr>\n<\/tbody>\n<\/table>\n<\/td>\n<\/tr>\n<tr>\n<td class=\"sc-fscmHZ kXoYjo\">Peso<\/td>\n<td class=\"sc-bWJUgm flViUP\">\n<table class=\"sc-lfYzqA gdcOCn\">\n<tbody>\n<tr>\n<td>70.39 Kg<\/td>\n<\/tr>\n<\/tbody>\n<\/table>\n<\/td>\n<\/tr>\n<tr>\n<td class=\"sc-fscmHZ kXoYjo\">Peso Cubado<\/td>\n<td class=\"sc-bWJUgm flViUP\">\n<table class=\"sc-lfYzqA gdcOCn\">\n<tbody>\n<tr>\n<td>234.63<\/td>\n<\/tr>\n<\/tbody>\n<\/table>\n<\/td>\n<\/tr>\n<tr>\n<td class=\"sc-fscmHZ kXoYjo\">Peso M\u00e1ximo Suportado do Colch\u00e3o<\/td>\n<td class=\"sc-bWJUgm flViUP\">\n<table class=\"sc-lfYzqA gdcOCn\">\n<tbody>\n<tr>\n<td>120 kg<\/td>\n<\/tr>\n<\/tbody>\n<\/table>\n<\/td>\n<\/tr>\n<tr>\n<td class=\"sc-fscmHZ kXoYjo\">Tamanho Montado<\/td>\n<td class=\"sc-bWJUgm flViUP\">\n<table class=\"sc-lfYzqA gdcOCn\">\n<tbody>\n<tr>\n<td>Larg:158.00 x Comp\/Prof:198.00 x Alt: 30.00<\/td>\n<\/tr>\n<\/tbody>\n<\/table>\n<\/td>\n<\/tr>\n<tr>\n<td class=\"sc-fscmHZ kXoYjo\">Tecido com Tratamento do Colch\u00e3o<\/td>\n<td class=\"sc-bWJUgm flViUP\">\n<table class=\"sc-lfYzqA gdcOCn\">\n<tbody>\n<tr>\n<td>Anti\u00c1caro e AntiFungo<\/td>\n<\/tr>\n<\/tbody>\n<\/table>\n<\/td>\n<\/tr>\n<tr>\n<td class=\"sc-fscmHZ kXoYjo\">Tecido de Revestimento da Faixa Lateral do Colch\u00e3o<\/td>\n<td class=\"sc-bWJUgm flViUP\">\n<table class=\"sc-lfYzqA gdcOCn\">\n<tbody>\n<tr>\n<td>Decorativa<\/td>\n<\/tr>\n<\/tbody>\n<\/table>\n<\/td>\n<\/tr>\n<tr>\n<td class=\"sc-fscmHZ kXoYjo\">Tempo de Garantia do Colch\u00e3o<\/td>\n<td class=\"sc-bWJUgm flViUP\">\n<table class=\"sc-lfYzqA gdcOCn\">\n<tbody>\n<tr>\n<td>12 meses<\/td>\n<\/tr>\n<\/tbody>\n<\/table>\n<\/td>\n<\/tr>\n<tr>\n<td class=\"sc-fscmHZ kXoYjo\">Tipo de Mola do Colch\u00e3o<\/td>\n<td class=\"sc-bWJUgm flViUP\">\n<table class=\"sc-lfYzqA gdcOCn\">\n<tbody>\n<tr>\n<td>Ensacadas MasterPocket<\/td>\n<\/tr>\n<\/tbody>\n<\/table>\n<\/td>\n<\/tr>\n<tr>\n<td class=\"sc-fscmHZ kXoYjo\">Tipo de Pillow<\/td>\n<td class=\"sc-bWJUgm flViUP\">\n<table class=\"sc-lfYzqA gdcOCn\">\n<tbody>\n<tr>\n<td>Pillow Top Europeu<\/td>\n<\/tr>\n<\/tbody>\n<\/table>\n<\/td>\n<\/tr>\n<tr>\n<td class=\"sc-fscmHZ kXoYjo\">Tipo de Produto<\/td>\n<td class=\"sc-bWJUgm flViUP\">\n<table class=\"sc-lfYzqA gdcOCn\">\n<tbody>\n<tr>\n<td>N\/A<\/td>\n<\/tr>\n<\/tbody>\n<\/table>\n<\/td>\n<\/tr>\n<tr>\n<td class=\"sc-fscmHZ kXoYjo\">Vantagens Extras de Colch\u00e3o<\/td>\n<td class=\"sc-bWJUgm flViUP\">\n<table class=\"sc-lfYzqA gdcOCn\">\n<tbody>\n<tr>\n<td>c\/ Sistema Polyframe<\/td>\n<\/tr>\n<\/tbody>\n<\/table>\n<\/td>\n<\/tr>\n<tr>\n<td class=\"sc-fscmHZ kXoYjo\">Volumes<\/td>\n<td class=\"sc-bWJUgm flViUP\">\n<table class=\"sc-lfYzqA gdcOCn\">\n<tbody>\n<tr>\n<td>1<\/td>\n<\/tr>\n<\/tbody>\n<\/table>\n<\/td>\n<\/tr>\n<tr>\n<td class=\"sc-fscmHZ kXoYjo\">Informa\u00e7\u00f5es complementares<\/td>\n<td class=\"sc-bWJUgm flViUP\">\n<table class=\"sc-lfYzqA gdcOCn\">\n<tbody>\n<tr>\n<td class=\"sc-kpKSZj hUuUDN\">Altura<\/td>\n<td>30 cm<\/td>\n<\/tr>\n<tr>\n<td class=\"sc-kpKSZj hUuUDN\">Densidade<\/td>\n<td>D33<\/td>\n<\/tr>\n<tr>\n<td class=\"sc-kpKSZj hUuUDN\">Peso Suportado por Pessoa<\/td>\n<td>120 kg<\/td>\n<\/tr>\n<tr>\n<td class=\"sc-kpKSZj hUuUDN\">Tamanho<\/td>\n<td>Queen<\/td>\n<\/tr>\n<\/tbody>\n<\/table>\n<\/td>\n<\/tr>\n<\/tbody>\n<\/table>\n<\/div>\n","protected":false},"excerpt":{"rendered":"<p>Colch\u00e3o Queen Molas MasterPocket Ensacadas Jasmim Euro Pillow (158x198x30) &#8211; Polar Colch\u00e3o Queen Molas Ensacadas MasterPocket Jasmim Euro Pillow (158x198x30) &#8211; PolarMarca: Polar Dimens\u00f5es(Cm): Comprimento(Profundidade): 198cm x Largura: 158cm x<\/p>\n","protected":false},"featured_media":12306,"comment_status":"open","ping_status":"closed","template":"","meta":[],"product_brand":[],"product_cat":[227,241],"product_tag":[],"class_list":{"0":"post-12305","1":"product","2":"type-product","3":"status-publish","4":"has-post-thumbnail","6":"product_cat-moveis","7":"product_cat-quarto","8":"product_shipping_class-retirar-no-local","10":"first","11":"instock","12":"shipping-taxable","13":"purchasable","14":"product-type-simple"},"_links":{"self":[{"href":"http:\/\/ambrosioeletro.com.br\/v20\/wp-json\/wp\/v2\/product\/12305","targetHints":{"allow":["GET"]}}],"collection":[{"href":"http:\/\/ambrosioeletro.com.br\/v20\/wp-json\/wp\/v2\/product"}],"about":[{"href":"http:\/\/ambrosioeletro.com.br\/v20\/wp-json\/wp\/v2\/types\/product"}],"replies":[{"embeddable":true,"href":"http:\/\/ambrosioeletro.com.br\/v20\/wp-json\/wp\/v2\/comments?post=12305"}],"wp:featuredmedia":[{"embeddable":true,"href":"http:\/\/ambrosioeletro.com.br\/v20\/wp-json\/wp\/v2\/media\/12306"}],"wp:attachment":[{"href":"http:\/\/ambrosioeletro.com.br\/v20\/wp-json\/wp\/v2\/media?parent=12305"}],"wp:term":[{"taxonomy":"product_brand","embeddable":true,"href":"http:\/\/ambrosioeletro.com.br\/v20\/wp-json\/wp\/v2\/product_brand?post=12305"},{"taxonomy":"product_cat","embeddable":true,"href":"http:\/\/ambrosioeletro.com.br\/v20\/wp-json\/wp\/v2\/product_cat?post=12305"},{"taxonomy":"product_tag","embeddable":true,"href":"http:\/\/ambrosioeletro.com.br\/v20\/wp-json\/wp\/v2\/product_tag?post=12305"}],"curies":[{"name":"wp","href":"https:\/\/api.w.org\/{rel}","templated":true}]}}