{"id":12693,"date":"2025-02-14T16:35:09","date_gmt":"2025-02-14T19:35:09","guid":{"rendered":"https:\/\/ambrosioeletro.com.br\/v20\/?post_type=product&#038;p=12693"},"modified":"2025-11-19T12:57:12","modified_gmt":"2025-11-19T15:57:12","slug":"smartphone-samsung-galaxy-a06-128gb-4gb-ram-azul-escuro-67-cam-dupla-selfie-8mp","status":"publish","type":"product","link":"http:\/\/ambrosioeletro.com.br\/v20\/produto\/smartphone-samsung-galaxy-a06-128gb-4gb-ram-azul-escuro-67-cam-dupla-selfie-8mp\/","title":{"rendered":"Smartphone Samsung Galaxy A06 128GB 4GB RAM Azul Escuro 6,7&#8243; C\u00e2m. Dupla + Selfie 8MP"},"content":{"rendered":"<div class=\"sc-gsFSXq iRoRTN sc-dIzaVh cTzUvY\" data-testid=\"product-detail\">\n<p><span class=\"sc-iGgWBj pLDvH\" data-testid=\"product-detail-title\">Smartphone Samsung Galaxy A06 128GB 4GB RAM Azul Escuro 6,7&#8243; C\u00e2m. Dupla + Selfie 8MP<\/span><\/p>\n<div class=\"sc-gsFSXq iGppzn sc-cyJUJa jcMbIy\" data-testid=\"product-detail-description\">\n<div class=\"sc-gsFSXq RtwUi sc-eHKzgQ hoibsp\" data-testid=\"rich-content-container\">O Samsung Galaxy A06 azul escuro \u00e9 o smartphone que vai te acompanhar em todos os momentos do dia. Com design moderno e tela com display infinito PLS LCD de 6,7&#8243; (171,3mm), voc\u00ea pode assistir v\u00eddeos e jogar seus games favoritos com muito mais conforto. Ele \u00e9 equipado com 128GB de armazenamento interno e 4GB de mem\u00f3ria RAM, para voc\u00ea guardar suas fotos, v\u00eddeos e aplicativos sem se preocupar com espa\u00e7o. Al\u00e9m disso, a c\u00e2mera traseira dupla de 50MP + 2MP e a c\u00e2mera frontal de 8MP te ajudam a registrar os melhores momentos da vida com qualidade profissional. A bateria de longa dura\u00e7\u00e3o de 5000mAh, garante que voc\u00ea use o smartphone o dia todo sem se preocupar com recargas. E com o carregamento r\u00e1pido compat\u00edvel com 25W, voc\u00ea recupera a carga rapidamente quando precisa. Ele tamb\u00e9m possui o Cadeado Galaxy, que protege seus dados com seguran\u00e7a. Desbloqueie a tela facilmente com o leitor de impress\u00e3o digital. O Samsung Galaxy A06 \u00e9 o smartphone ideal para quem busca um aparelho fino e moderno, com \u00f3timo desempenho e bateria de longa dura\u00e7\u00e3o. Produto n\u00e3o acompanha fone de ouvido.<\/div>\n<\/div>\n<\/div>\n<div class=\"sc-gsFSXq RtwUi\" data-testid=\"lazyload-container\">\n<div class=\"sc-eyvILC fBuPCT\" data-testid=\"mod-z\"><\/div>\n<\/div>\n<div class=\"sc-gsFSXq gKfjiZ sc-fKAtdO hmmgRX\">\n<table class=\"sc-gsFSXq eALjbX sc-lgjHQU eAeZBn\">\n<tbody>\n<tr>\n<td class=\"sc-fatcLD eXghbV\">Marca<\/td>\n<td class=\"sc-cgjDci fKpvGr\">\n<table class=\"sc-pKqro hwrzDF\">\n<tbody>\n<tr>\n<td><a class=\"sc-fjvvzt gYaoNS sc-gvPdwL clRnBW sc-gvPdwL clRnBW\" href=\"https:\/\/www.magazineluiza.com.br\/marcas\/samsung\/\" data-testid=\"link\">Samsung<\/a><\/td>\n<\/tr>\n<\/tbody>\n<\/table>\n<\/td>\n<\/tr>\n<tr>\n<td class=\"sc-fatcLD eXghbV\">Refer\u00eancia<\/td>\n<td class=\"sc-cgjDci fKpvGr\">\n<table class=\"sc-pKqro hwrzDF\">\n<tbody>\n<tr>\n<td>SM-A065MZKRZTO<\/td>\n<\/tr>\n<\/tbody>\n<\/table>\n<\/td>\n<\/tr>\n<tr>\n<td class=\"sc-fatcLD eXghbV\">Modelo<\/td>\n<td class=\"sc-cgjDci fKpvGr\">\n<table class=\"sc-pKqro hwrzDF\">\n<tbody>\n<tr>\n<td>A06<\/td>\n<\/tr>\n<\/tbody>\n<\/table>\n<\/td>\n<\/tr>\n<tr>\n<td class=\"sc-fatcLD eXghbV\">Linha<\/td>\n<td class=\"sc-cgjDci fKpvGr\">\n<table class=\"sc-pKqro hwrzDF\">\n<tbody>\n<tr>\n<td>Galaxy<\/td>\n<\/tr>\n<\/tbody>\n<\/table>\n<\/td>\n<\/tr>\n<tr>\n<td class=\"sc-fatcLD eXghbV\">Cor<\/td>\n<td class=\"sc-cgjDci fKpvGr\">\n<table class=\"sc-pKqro hwrzDF\">\n<tbody>\n<tr>\n<td>Azul Escuro<\/td>\n<\/tr>\n<\/tbody>\n<\/table>\n<\/td>\n<\/tr>\n<tr>\n<td class=\"sc-fatcLD eXghbV\">Armazenamento Interno<\/td>\n<td class=\"sc-cgjDci fKpvGr\">\n<table class=\"sc-pKqro hwrzDF\">\n<tbody>\n<tr>\n<td>128GB (A mem\u00f3ria total pode variar conforme aplicativos pr\u00e9-instalados e sistema operacional)<\/td>\n<\/tr>\n<\/tbody>\n<\/table>\n<\/td>\n<\/tr>\n<tr>\n<td class=\"sc-fatcLD eXghbV\">Suporte ao Cart\u00e3o de Mem\u00f3ria<\/td>\n<td class=\"sc-cgjDci fKpvGr\">\n<table class=\"sc-pKqro hwrzDF\">\n<tbody>\n<tr>\n<td>Sim<\/td>\n<\/tr>\n<\/tbody>\n<\/table>\n<\/td>\n<\/tr>\n<tr>\n<td class=\"sc-fatcLD eXghbV\">Mem\u00f3ria RAM<\/td>\n<td class=\"sc-cgjDci fKpvGr\">\n<table class=\"sc-pKqro hwrzDF\">\n<tbody>\n<tr>\n<td>4GB<\/td>\n<\/tr>\n<\/tbody>\n<\/table>\n<\/td>\n<\/tr>\n<tr>\n<td class=\"sc-fatcLD eXghbV\">Tipo de Tela<\/td>\n<td class=\"sc-cgjDci fKpvGr\">\n<table class=\"sc-pKqro hwrzDF\">\n<tbody>\n<tr>\n<td>PLS LCD<\/td>\n<\/tr>\n<\/tbody>\n<\/table>\n<\/td>\n<\/tr>\n<tr>\n<td class=\"sc-fatcLD eXghbV\">Tamanho da Tela<\/td>\n<td class=\"sc-cgjDci fKpvGr\">\n<table class=\"sc-pKqro hwrzDF\">\n<tbody>\n<tr>\n<td>6,7&#8243; (171,3mm)<\/td>\n<\/tr>\n<\/tbody>\n<\/table>\n<\/td>\n<\/tr>\n<tr>\n<td class=\"sc-fatcLD eXghbV\">Resolu\u00e7\u00e3o da Tela<\/td>\n<td class=\"sc-cgjDci fKpvGr\">\n<table class=\"sc-pKqro hwrzDF\">\n<tbody>\n<tr>\n<td>HD+ (720&#215;1600)<\/td>\n<\/tr>\n<\/tbody>\n<\/table>\n<\/td>\n<\/tr>\n<tr>\n<td class=\"sc-fatcLD eXghbV\">Taxa de Atualiza\u00e7\u00e3o da Tela<\/td>\n<td class=\"sc-cgjDci fKpvGr\">\n<table class=\"sc-pKqro hwrzDF\">\n<tbody>\n<tr>\n<td>60Hz<\/td>\n<\/tr>\n<\/tbody>\n<\/table>\n<\/td>\n<\/tr>\n<tr>\n<td class=\"sc-fatcLD eXghbV\">Rede M\u00f3vel<\/td>\n<td class=\"sc-cgjDci fKpvGr\">\n<table class=\"sc-pKqro hwrzDF\">\n<tbody>\n<tr>\n<td>4G<\/td>\n<\/tr>\n<\/tbody>\n<\/table>\n<\/td>\n<\/tr>\n<tr>\n<td class=\"sc-fatcLD eXghbV\">Conectividade<\/td>\n<td class=\"sc-cgjDci fKpvGr\">\n<table class=\"sc-pKqro hwrzDF\">\n<tbody>\n<tr>\n<td>Wi-Fi e Bluetooth<\/td>\n<\/tr>\n<\/tbody>\n<\/table>\n<\/td>\n<\/tr>\n<tr>\n<td class=\"sc-fatcLD eXghbV\">Localiza\u00e7\u00e3o<\/td>\n<td class=\"sc-cgjDci fKpvGr\">\n<table class=\"sc-pKqro hwrzDF\">\n<tbody>\n<tr>\n<td>GPS<\/td>\n<\/tr>\n<\/tbody>\n<\/table>\n<\/td>\n<\/tr>\n<tr>\n<td class=\"sc-fatcLD eXghbV\">Processador<\/td>\n<td class=\"sc-cgjDci fKpvGr\">\n<table class=\"sc-pKqro hwrzDF\">\n<tbody>\n<tr>\n<td>MediaTek Helio G85<\/td>\n<\/tr>\n<\/tbody>\n<\/table>\n<\/td>\n<\/tr>\n<tr>\n<td class=\"sc-fatcLD eXghbV\">Sistema Operacional<\/td>\n<td class=\"sc-cgjDci fKpvGr\">\n<table class=\"sc-pKqro hwrzDF\">\n<tbody>\n<tr>\n<td>Android<\/td>\n<\/tr>\n<\/tbody>\n<\/table>\n<\/td>\n<\/tr>\n<tr>\n<td class=\"sc-fatcLD eXghbV\">Vers\u00e3o do Sistema Operacional<\/td>\n<td class=\"sc-cgjDci fKpvGr\">\n<table class=\"sc-pKqro hwrzDF\">\n<tbody>\n<tr>\n<td>14.0<\/td>\n<\/tr>\n<\/tbody>\n<\/table>\n<\/td>\n<\/tr>\n<tr>\n<td class=\"sc-fatcLD eXghbV\">Quantidade de Chips<\/td>\n<td class=\"sc-cgjDci fKpvGr\">\n<table class=\"sc-pKqro hwrzDF\">\n<tbody>\n<tr>\n<td>Dual Chip<\/td>\n<\/tr>\n<\/tbody>\n<\/table>\n<\/td>\n<\/tr>\n<tr>\n<td class=\"sc-fatcLD eXghbV\">Tipo de Chip<\/td>\n<td class=\"sc-cgjDci fKpvGr\">\n<table class=\"sc-pKqro hwrzDF\">\n<tbody>\n<tr>\n<td>Nano-SIM (4FF)<\/td>\n<\/tr>\n<\/tbody>\n<\/table>\n<\/td>\n<\/tr>\n<tr>\n<td class=\"sc-fatcLD eXghbV\">Resolu\u00e7\u00e3o da C\u00e2mera Traseira<\/td>\n<td class=\"sc-cgjDci fKpvGr\">\n<table class=\"sc-pKqro hwrzDF\">\n<tbody>\n<tr>\n<td>Dupla de 50MP Principal + 2MP Profundidade<\/td>\n<\/tr>\n<\/tbody>\n<\/table>\n<\/td>\n<\/tr>\n<tr>\n<td class=\"sc-fatcLD eXghbV\">Resolu\u00e7\u00e3o da C\u00e2mera Frontal<\/td>\n<td class=\"sc-cgjDci fKpvGr\">\n<table class=\"sc-pKqro hwrzDF\">\n<tbody>\n<tr>\n<td>8MP<\/td>\n<\/tr>\n<\/tbody>\n<\/table>\n<\/td>\n<\/tr>\n<tr>\n<td class=\"sc-fatcLD eXghbV\">Recursos de Foto e V\u00eddeo<\/td>\n<td class=\"sc-cgjDci fKpvGr\">\n<table class=\"sc-pKqro hwrzDF\">\n<tbody>\n<tr>\n<td>C\u00e2mera Traseira: F1.8 + F2.4, Zoom Digital at\u00e9 10x, FLASH LED. C\u00e2mera Frontal: Abertura F2.0\/ Flash frontal na tela<\/td>\n<\/tr>\n<\/tbody>\n<\/table>\n<\/td>\n<\/tr>\n<tr>\n<td class=\"sc-fatcLD eXghbV\">Resolu\u00e7\u00e3o da Grava\u00e7\u00e3o de V\u00eddeos<\/td>\n<td class=\"sc-cgjDci fKpvGr\">\n<table class=\"sc-pKqro hwrzDF\">\n<tbody>\n<tr>\n<td>FHD (1920&#215;1080) | @60fps<\/td>\n<\/tr>\n<\/tbody>\n<\/table>\n<\/td>\n<\/tr>\n<tr>\n<td class=\"sc-fatcLD eXghbV\">Capacidade da Bateria<\/td>\n<td class=\"sc-cgjDci fKpvGr\">\n<table class=\"sc-pKqro hwrzDF\">\n<tbody>\n<tr>\n<td>5000mAh<\/td>\n<\/tr>\n<\/tbody>\n<\/table>\n<\/td>\n<\/tr>\n<tr>\n<td class=\"sc-fatcLD eXghbV\">Operadora<\/td>\n<td class=\"sc-cgjDci fKpvGr\">\n<table class=\"sc-pKqro hwrzDF\">\n<tbody>\n<tr>\n<td>Desbloqueado para todas as operadoras<\/td>\n<\/tr>\n<\/tbody>\n<\/table>\n<\/td>\n<\/tr>\n<tr>\n<td class=\"sc-fatcLD eXghbV\">Certificado Homologado pela Anatel N\u00famero<\/td>\n<td class=\"sc-cgjDci fKpvGr\">\n<table class=\"sc-pKqro hwrzDF\">\n<tbody>\n<tr>\n<td>06350-24-00953<\/td>\n<\/tr>\n<\/tbody>\n<\/table>\n<\/td>\n<\/tr>\n<tr>\n<td class=\"sc-fatcLD eXghbV\">Peso do Produto<\/td>\n<td class=\"sc-cgjDci fKpvGr\">\n<table class=\"sc-pKqro hwrzDF\">\n<tbody>\n<tr>\n<td>195g<\/td>\n<\/tr>\n<\/tbody>\n<\/table>\n<\/td>\n<\/tr>\n<tr>\n<td class=\"sc-fatcLD eXghbV\">Dimens\u00f5es do Produto<\/td>\n<td class=\"sc-cgjDci fKpvGr\">\n<table class=\"sc-pKqro hwrzDF\">\n<tbody>\n<tr>\n<td>Largura 7,73cm Altura 16,73cm Profundidade 0,8<\/td>\n<\/tr>\n<\/tbody>\n<\/table>\n<\/td>\n<\/tr>\n<tr>\n<td class=\"sc-fatcLD eXghbV\">Prazo de Garantia<\/td>\n<td class=\"sc-cgjDci fKpvGr\">\n<table class=\"sc-pKqro hwrzDF\">\n<tbody>\n<tr>\n<td>01 ano (3 meses de garantia legal e mais 9 meses de garantia especial concedida pelo fabricante)<\/td>\n<\/tr>\n<\/tbody>\n<\/table>\n<\/td>\n<\/tr>\n<tr>\n<td class=\"sc-fatcLD eXghbV\">Conte\u00fado da Embalagem<\/td>\n<td class=\"sc-cgjDci fKpvGr\">\n<table class=\"sc-pKqro hwrzDF\">\n<tbody>\n<tr>\n<td>1 Smartphone, 1 Carregador, 1 Cabo USB, 1 Extrator de Chip e Manual do usu\u00e1rio<\/td>\n<\/tr>\n<\/tbody>\n<\/table>\n<\/td>\n<\/tr>\n<tr>\n<td class=\"sc-fatcLD eXghbV\">Aten\u00e7\u00e3o<\/td>\n<td class=\"sc-cgjDci fKpvGr\">\n<table class=\"sc-pKqro hwrzDF\">\n<tbody>\n<tr>\n<td>Produto n\u00e3o acompanha fone de ouvido<\/td>\n<\/tr>\n<\/tbody>\n<\/table>\n<\/td>\n<\/tr>\n<tr>\n<td class=\"sc-fatcLD eXghbV\">Sensores<\/td>\n<td class=\"sc-cgjDci fKpvGr\">\n<table class=\"sc-pKqro hwrzDF\">\n<tbody>\n<tr>\n<td>Aceler\u00f4metro, sensor de impress\u00e3o digital, sensor de luz, sensor de proximidade<\/td>\n<\/tr>\n<\/tbody>\n<\/table>\n<\/td>\n<\/tr>\n<tr>\n<td class=\"sc-fatcLD eXghbV\">Carregamento R\u00e1pido<\/td>\n<td class=\"sc-cgjDci fKpvGr\">\n<table class=\"sc-pKqro hwrzDF\">\n<tbody>\n<tr>\n<td>Compat\u00edvel (25W)<\/td>\n<\/tr>\n<\/tbody>\n<\/table>\n<\/td>\n<\/tr>\n<tr>\n<td class=\"sc-fatcLD eXghbV\">Caracter\u00edsticas<\/td>\n<td class=\"sc-cgjDci fKpvGr\">\n<table class=\"sc-pKqro hwrzDF\">\n<tbody>\n<tr>\n<td>Bateria longa dura\u00e7\u00e3o, Display infinito, Cadeado Galaxy<\/td>\n<\/tr>\n<\/tbody>\n<\/table>\n<\/td>\n<\/tr>\n<\/tbody>\n<\/table>\n<\/div>\n","protected":false},"excerpt":{"rendered":"<p>Smartphone Samsung Galaxy A06 128GB 4GB RAM Azul Escuro 6,7&#8243; C\u00e2m. Dupla + Selfie 8MP O Samsung Galaxy A06 azul escuro \u00e9 o smartphone que vai te acompanhar em todos<\/p>\n","protected":false},"featured_media":12694,"comment_status":"open","ping_status":"closed","template":"","meta":[],"product_brand":[],"product_cat":[228],"product_tag":[],"class_list":{"0":"post-12693","1":"product","2":"type-product","3":"status-publish","4":"has-post-thumbnail","6":"product_cat-eletroeletronicos","7":"product_shipping_class-pac","9":"first","10":"instock","11":"shipping-taxable","12":"purchasable","13":"product-type-simple"},"_links":{"self":[{"href":"http:\/\/ambrosioeletro.com.br\/v20\/wp-json\/wp\/v2\/product\/12693","targetHints":{"allow":["GET"]}}],"collection":[{"href":"http:\/\/ambrosioeletro.com.br\/v20\/wp-json\/wp\/v2\/product"}],"about":[{"href":"http:\/\/ambrosioeletro.com.br\/v20\/wp-json\/wp\/v2\/types\/product"}],"replies":[{"embeddable":true,"href":"http:\/\/ambrosioeletro.com.br\/v20\/wp-json\/wp\/v2\/comments?post=12693"}],"wp:featuredmedia":[{"embeddable":true,"href":"http:\/\/ambrosioeletro.com.br\/v20\/wp-json\/wp\/v2\/media\/12694"}],"wp:attachment":[{"href":"http:\/\/ambrosioeletro.com.br\/v20\/wp-json\/wp\/v2\/media?parent=12693"}],"wp:term":[{"taxonomy":"product_brand","embeddable":true,"href":"http:\/\/ambrosioeletro.com.br\/v20\/wp-json\/wp\/v2\/product_brand?post=12693"},{"taxonomy":"product_cat","embeddable":true,"href":"http:\/\/ambrosioeletro.com.br\/v20\/wp-json\/wp\/v2\/product_cat?post=12693"},{"taxonomy":"product_tag","embeddable":true,"href":"http:\/\/ambrosioeletro.com.br\/v20\/wp-json\/wp\/v2\/product_tag?post=12693"}],"curies":[{"name":"wp","href":"https:\/\/api.w.org\/{rel}","templated":true}]}}