{"id":12757,"date":"2025-02-24T10:58:51","date_gmt":"2025-02-24T13:58:51","guid":{"rendered":"https:\/\/ambrosioeletro.com.br\/v20\/?post_type=product&#038;p=12757"},"modified":"2026-04-17T12:38:42","modified_gmt":"2026-04-17T15:38:42","slug":"painel-para-cama-box-casal-ripado-barcelona-4-gavetas-tcil-moveis","status":"publish","type":"product","link":"http:\/\/ambrosioeletro.com.br\/v20\/produto\/painel-para-cama-box-casal-ripado-barcelona-4-gavetas-tcil-moveis\/","title":{"rendered":"Painel para Cama Box Casal Ripado Barcelona 4 Gavetas TCIL M\u00f3veis"},"content":{"rendered":"<div class=\"sc-iGgWBj hZQAA-D sc-ePamRd bISplL\" data-testid=\"product-detail\"><span class=\"sc-dcJsrY jZKEso\" data-testid=\"product-detail-title\">Painel para Cama Box Casal Ripado Barcelona 4 Gavetas TCIL M\u00f3veis<\/span><\/p>\n<div class=\"sc-iGgWBj jEOEJZ sc-kCoybQ gAHJyd\" data-testid=\"product-detail-description\">\n<div class=\"sc-iGgWBj eWtIHQ sc-cibtfC kcewpi\" data-testid=\"rich-content-container\">Painel para Cama Box Casal Ripado Barcelona 4 Gavetas TCIL M\u00f3veis<\/p>\n<p>Se o que voc\u00ea mais preza \u00e9 um m\u00f3vel moderno, a Painel Box Barcelona \u00e9 perfeita para voc\u00ea. Com qualidade e durabilidade, esta cabeceira vai te surpreender. O revestimento em ripado nas laterais, o que traz mais aconchego ao ambiente e uma fluidez para o olhar. O painel cabeceira Barcelona \u00e9 feita em MDP e em MDF, o que a torna mais acess\u00edvel sem perder a qualidade. Al\u00e9m disso, acompanha 4 gavetas com corredi\u00e7as telesc\u00f3picas.<\/p>\n<p>Caracter\u00edsticas:<br \/>\nModelo: Barcelona<br \/>\nDetalhe Ripado nas laterais em MDF<br \/>\nMat\u00e9ria do Produto: MDP\/MDF<br \/>\nCorredi\u00e7as telesc\u00f3picas<br \/>\nGavetas com puxadores em MDF<br \/>\nPainel ajust\u00e1vel para colch\u00f5es: 1,38\/1,58m<\/p>\n<p>Dimens\u00f5es:<br \/>\nAltura: 108 cm<br \/>\nLargura: 246\/227 cm<br \/>\nProfundidade: 39 cm<br \/>\nPeso: 25 Kg<\/p>\n<p>Garantia do Fornecedor: 03 meses (Contra defeito de fabrica\u00e7\u00e3o a contar do momento da emiss\u00e3o da Nota Fiscal).<\/p>\n<p>Informa\u00e7\u00f5es Importantes:<br \/>\nO envio desse produto \u00e9 feito atrav\u00e9s de transportadora.<br \/>\nProdutos podem apresentar diferen\u00e7as de tonalidades entre a foto na tela e o produto real, devido a calibra\u00e7\u00e3o da tela.<br \/>\nPara devolu\u00e7\u00f5es, os produtos devem estar com as embalagens originais.<br \/>\nLimpar com flanela ou pano macio. N\u00e3o utilizar \u00e1lcool. N\u00e3o utilizar produtos abrasivos ou corrosivos.<br \/>\nN\u00f3s prezamos pela qualidade da entrega em primeiro lugar, trabalhamos com transportadoras altamente selecionadas.<\/p><\/div>\n<\/div>\n<\/div>\n<div class=\"sc-iGgWBj eWtIHQ\" data-testid=\"lazyload-container\">\n<div class=\"sc-bpUBKd iMekvN\" data-testid=\"mod-z\"><\/div>\n<\/div>\n<div class=\"sc-iGgWBj hODtov sc-hbWFOe bCCSRZ\">\n<table class=\"sc-iGgWBj iCEidV sc-dBFDNq cBaKYh\">\n<tbody>\n<tr>\n<td class=\"sc-ggqIjW ihJCKE\">Modelo<\/td>\n<td class=\"sc-djVXDX hyYAsv\">\n<table class=\"sc-btwKTd lVIGE\">\n<tbody>\n<tr>\n<td>Barcelona<\/td>\n<\/tr>\n<\/tbody>\n<\/table>\n<\/td>\n<\/tr>\n<tr>\n<td class=\"sc-ggqIjW ihJCKE\">Garantia<\/td>\n<td class=\"sc-djVXDX hyYAsv\">\n<table class=\"sc-btwKTd lVIGE\">\n<tbody>\n<tr>\n<td>3 meses<\/td>\n<\/tr>\n<\/tbody>\n<\/table>\n<\/td>\n<\/tr>\n<tr>\n<td class=\"sc-ggqIjW ihJCKE\">Produto<\/td>\n<td class=\"sc-djVXDX hyYAsv\">\n<table class=\"sc-btwKTd lVIGE\">\n<tbody>\n<tr>\n<td>Painel para Cama<\/td>\n<\/tr>\n<\/tbody>\n<\/table>\n<\/td>\n<\/tr>\n<tr>\n<td class=\"sc-ggqIjW ihJCKE\">Classifica\u00e7\u00e3o da Cama<\/td>\n<td class=\"sc-djVXDX hyYAsv\">\n<table class=\"sc-btwKTd lVIGE\">\n<tbody>\n<tr>\n<td>Casal<\/td>\n<\/tr>\n<\/tbody>\n<\/table>\n<\/td>\n<\/tr>\n<tr>\n<td class=\"sc-ggqIjW ihJCKE\">Informa\u00e7\u00f5es complementares<\/td>\n<td class=\"sc-djVXDX hyYAsv\">\n<table class=\"sc-btwKTd lVIGE\">\n<tbody>\n<tr>\n<td class=\"sc-epRvzc gNpdle\">Material da Estrutura<\/td>\n<td>MDF, MDP<\/td>\n<\/tr>\n<tr>\n<td class=\"sc-epRvzc gNpdle\">Tamanho<\/td>\n<td>Casal<\/td>\n<\/tr>\n<\/tbody>\n<\/table>\n<\/td>\n<\/tr>\n<\/tbody>\n<\/table>\n<\/div>\n","protected":false},"excerpt":{"rendered":"<p>Painel para Cama Box Casal Ripado Barcelona 4 Gavetas TCIL M\u00f3veis Painel para Cama Box Casal Ripado Barcelona 4 Gavetas TCIL M\u00f3veis Se o que voc\u00ea mais preza \u00e9 um<\/p>\n","protected":false},"featured_media":12758,"comment_status":"open","ping_status":"closed","template":"","meta":[],"product_brand":[],"product_cat":[227,241],"product_tag":[],"class_list":{"0":"post-12757","1":"product","2":"type-product","3":"status-publish","4":"has-post-thumbnail","6":"product_cat-moveis","7":"product_cat-quarto","8":"product_shipping_class-retirar-no-local","10":"first","11":"instock","12":"shipping-taxable","13":"purchasable","14":"product-type-simple"},"_links":{"self":[{"href":"http:\/\/ambrosioeletro.com.br\/v20\/wp-json\/wp\/v2\/product\/12757","targetHints":{"allow":["GET"]}}],"collection":[{"href":"http:\/\/ambrosioeletro.com.br\/v20\/wp-json\/wp\/v2\/product"}],"about":[{"href":"http:\/\/ambrosioeletro.com.br\/v20\/wp-json\/wp\/v2\/types\/product"}],"replies":[{"embeddable":true,"href":"http:\/\/ambrosioeletro.com.br\/v20\/wp-json\/wp\/v2\/comments?post=12757"}],"wp:featuredmedia":[{"embeddable":true,"href":"http:\/\/ambrosioeletro.com.br\/v20\/wp-json\/wp\/v2\/media\/12758"}],"wp:attachment":[{"href":"http:\/\/ambrosioeletro.com.br\/v20\/wp-json\/wp\/v2\/media?parent=12757"}],"wp:term":[{"taxonomy":"product_brand","embeddable":true,"href":"http:\/\/ambrosioeletro.com.br\/v20\/wp-json\/wp\/v2\/product_brand?post=12757"},{"taxonomy":"product_cat","embeddable":true,"href":"http:\/\/ambrosioeletro.com.br\/v20\/wp-json\/wp\/v2\/product_cat?post=12757"},{"taxonomy":"product_tag","embeddable":true,"href":"http:\/\/ambrosioeletro.com.br\/v20\/wp-json\/wp\/v2\/product_tag?post=12757"}],"curies":[{"name":"wp","href":"https:\/\/api.w.org\/{rel}","templated":true}]}}