{"id":12950,"date":"2025-03-25T17:47:19","date_gmt":"2025-03-25T20:47:19","guid":{"rendered":"https:\/\/ambrosioeletro.com.br\/v20\/?post_type=product&#038;p=12950"},"modified":"2026-04-17T10:48:55","modified_gmt":"2026-04-17T13:48:55","slug":"cabeceira-casal-2-mesas-de-cabeceira-like-lopas-moveis-lopas-140x160","status":"publish","type":"product","link":"http:\/\/ambrosioeletro.com.br\/v20\/produto\/cabeceira-casal-2-mesas-de-cabeceira-like-lopas-moveis-lopas-140x160\/","title":{"rendered":"Cabeceira Casal 2 Mesas de Cabeceira Like &#8211; Lopas &#8211; M\u00f3veis Lopas  1,40&#215;1,60"},"content":{"rendered":"<div class=\"sc-iGgWBj hZQAA-D sc-kjGiqv izjtyg\" data-testid=\"product-detail\">\n<p><span class=\"sc-dcJsrY jZKEso\" data-testid=\"product-detail-title\">Cabeceira Casal 2 Mesas de Cabeceira Like &#8211; Lopas<\/span><\/p>\n<div class=\"sc-iGgWBj jEOEJZ sc-kibuJE hSzPQm\" data-testid=\"product-detail-description\">\n<div class=\"sc-iGgWBj eWtIHQ sc-liRGCe LcHql\" data-testid=\"rich-content-container\">\n<p>Caracter\u00edsticas:<\/p>\n<p>Medidas<br \/>\nAltura: 111cm<br \/>\nLargura: 259cm<br \/>\nProfundidade: 42cm<\/p>\n<p>Produto em MDF\/MDP<br \/>\nPintura U.V. e acabamento em micro textura;<br \/>\nCor branca com acabamento U.V. alto brilho;<br \/>\nDuas mesas de cabeceira acopladas;<br \/>\nGavetas com corredi\u00e7as telesc\u00f3picas 300mm;<br \/>\nFundo das gavetas em HDF.<br \/>\nPes Conico de Madeira 145&#215;40<br \/>\nVantagens\/Benef\u00edcios:<br \/>\nProduzido com equipamentos de alta tecnologia;<br \/>\nProduto avaliado e aprovado por um rigoroso controle de qualidade;<br \/>\nF\u00e1cil montagem e manual simplificado;<br \/>\n02 mesas laterais;<br \/>\n02 gavetas com corredi\u00e7as telesc\u00f3picas.<br \/>\nA Cabeceira Like valoriza o ambiente, dando eleg\u00e2ncia ao quarto. Al\u00e9m da cor e da estrutura em destaque, a pe\u00e7a apresenta ainda mais funcionalidade com<br \/>\nas mesas laterais para apoio de objetos.<\/p>\n<p>Observa\u00e7\u00f5es:<br \/>\n&#8211; Todos os produtos t\u00eam tr\u00eas (03) meses de garantia fornecida pelo fornecedor<br \/>\n&#8211; As imagens s\u00e3o meramente ilustrativas, os objetos que ambientam as fotos n\u00e3o acompanham o produto.<br \/>\n&#8211; Pode haver alguma diferen\u00e7a de tonalidade entre a foto e o produto, devido ao tratamento de imagens e a calibra\u00e7\u00e3o do monitor<br \/>\n&#8211; A entrega \u00e9 realizada por transportadora, n\u00e3o nos responsabilizamos, no ato da entrega por desmontagens, subir escadas\/elevadores ou transporte por guincho para apartamentos<br \/>\n&#8211; Eventuais despesas s\u00e3o de responsabilidade do cliente<br \/>\n&#8211; Confira as dimens\u00f5es dos volumes e certifique-se de que passar\u00e1 normalmente por supostos elevadores, portas, escadas ou corredores<br \/>\n&#8211; Ao receber a mercadoria, verifique as condi\u00e7\u00f5es da embalagem, caso haja alguma avaria, entre em contato com nosso SAC<br \/>\n&#8211; Nossa empresa n\u00e3o se responsabiliza pela montagem dos produtos, mas todos os produtos possuem manual de montagem. Recomendamos que a montagem seja feita por profissional de sua confian\u00e7a.<\/p>\n<\/div>\n<\/div>\n<\/div>\n<div class=\"sc-iGgWBj eWtIHQ\" data-testid=\"lazyload-container\">\n<div class=\"sc-bpUBKd iMekvN\" data-testid=\"mod-z\"><\/div>\n<\/div>\n<div class=\"sc-iGgWBj hODtov sc-kyOVhw buMXwc\">\n<table class=\"sc-iGgWBj iCEidV sc-dBFDNq cBaKYh\">\n<tbody>\n<tr>\n<td class=\"sc-ggqIjW ihJCKE\">Informa\u00e7\u00f5es complementares<\/td>\n<td class=\"sc-djVXDX hyYAsv\">\n<table class=\"sc-btwKTd lVIGE\">\n<tbody>\n<tr>\n<td class=\"sc-epRvzc gNpdle\">Revestimento<\/td>\n<td>Pintura UV<\/td>\n<\/tr>\n<tr>\n<td class=\"sc-epRvzc gNpdle\">Tamanho<\/td>\n<td>Casal<\/td>\n<\/tr>\n<\/tbody>\n<\/table>\n<\/td>\n<\/tr>\n<\/tbody>\n<\/table>\n<\/div>\n","protected":false},"excerpt":{"rendered":"<p>Cabeceira Casal 2 Mesas de Cabeceira Like &#8211; Lopas Caracter\u00edsticas: Medidas Altura: 111cm Largura: 259cm Profundidade: 42cm Produto em MDF\/MDP Pintura U.V. e acabamento em micro textura; Cor branca com<\/p>\n","protected":false},"featured_media":12968,"comment_status":"open","ping_status":"closed","template":"","meta":[],"product_brand":[],"product_cat":[227,241],"product_tag":[],"class_list":{"0":"post-12950","1":"product","2":"type-product","3":"status-publish","4":"has-post-thumbnail","6":"product_cat-moveis","7":"product_cat-quarto","8":"product_shipping_class-retirar-no-local","10":"first","11":"instock","12":"shipping-taxable","13":"purchasable","14":"product-type-simple"},"_links":{"self":[{"href":"http:\/\/ambrosioeletro.com.br\/v20\/wp-json\/wp\/v2\/product\/12950","targetHints":{"allow":["GET"]}}],"collection":[{"href":"http:\/\/ambrosioeletro.com.br\/v20\/wp-json\/wp\/v2\/product"}],"about":[{"href":"http:\/\/ambrosioeletro.com.br\/v20\/wp-json\/wp\/v2\/types\/product"}],"replies":[{"embeddable":true,"href":"http:\/\/ambrosioeletro.com.br\/v20\/wp-json\/wp\/v2\/comments?post=12950"}],"wp:featuredmedia":[{"embeddable":true,"href":"http:\/\/ambrosioeletro.com.br\/v20\/wp-json\/wp\/v2\/media\/12968"}],"wp:attachment":[{"href":"http:\/\/ambrosioeletro.com.br\/v20\/wp-json\/wp\/v2\/media?parent=12950"}],"wp:term":[{"taxonomy":"product_brand","embeddable":true,"href":"http:\/\/ambrosioeletro.com.br\/v20\/wp-json\/wp\/v2\/product_brand?post=12950"},{"taxonomy":"product_cat","embeddable":true,"href":"http:\/\/ambrosioeletro.com.br\/v20\/wp-json\/wp\/v2\/product_cat?post=12950"},{"taxonomy":"product_tag","embeddable":true,"href":"http:\/\/ambrosioeletro.com.br\/v20\/wp-json\/wp\/v2\/product_tag?post=12950"}],"curies":[{"name":"wp","href":"https:\/\/api.w.org\/{rel}","templated":true}]}}