{"id":13120,"date":"2025-04-24T13:50:22","date_gmt":"2025-04-24T16:50:22","guid":{"rendered":"https:\/\/ambrosioeletro.com.br\/v20\/?post_type=product&#038;p=13120"},"modified":"2025-12-18T15:48:30","modified_gmt":"2025-12-18T18:48:30","slug":"geladeira-consul-frost-free-342-litros-branca-com-gavetao-hortifruti-crb39ab","status":"publish","type":"product","link":"http:\/\/ambrosioeletro.com.br\/v20\/produto\/geladeira-consul-frost-free-342-litros-branca-com-gavetao-hortifruti-crb39ab\/","title":{"rendered":"Geladeira Consul Frost Free 342 litros Branca com Gavet\u00e3o Hortifruti &#8211; CRB39AB"},"content":{"rendered":"<div class=\"vtex-flex-layout-0-x-flexColChild vtex-flex-layout-0-x-flexColChild--container-product-differentials-pdp pb0\">\n<div class=\"vtex-flex-layout-0-x-flexRow vtex-flex-layout-0-x-flexRow--product-description-pdp\" aria-label=\"Linha de sess\u00e3o\">\n<div class=\"flex mt0 mb0 pt0 pb0 justify-start vtex-flex-layout-0-x-flexRowContent vtex-flex-layout-0-x-flexRowContent--product-description-pdp items-stretch w-100\">\n<div class=\"pr0 items-stretch vtex-flex-layout-0-x-stretchChildrenWidth flex\">\n<div class=\"vtex-flex-layout-0-x-flexCol vtex-flex-layout-0-x-flexCol--container-product-description-pdp ml0 mr0 pl0 pr0 flex flex-column h-100 w-100\">\n<div class=\"vtex-flex-layout-0-x-flexColChild vtex-flex-layout-0-x-flexColChild--container-product-description-pdp pb0\">\n<div>\n<div class=\"vtex-rich-text-0-x-container vtex-rich-text-0-x-container--title-product-description-pdp flex tl items-start justify-start t-body c-on-base\">\n<div class=\"vtex-rich-text-0-x-wrapper vtex-rich-text-0-x-wrapper--title-product-description-pdp\">\n<p class=\"lh-copy vtex-rich-text-0-x-paragraph vtex-rich-text-0-x-paragraph--title-product-description-pdp\">Um pouco sobre\u00a0<span class=\"b vtex-rich-text-0-x-strong vtex-rich-text-0-x-strong--title-product-description-pdp\">o produto<\/span><\/p>\n<\/div>\n<\/div>\n<div class=\"vtex-store-components-3-x-productDescriptionContainer\">\n<div class=\"vtex-store-components-3-x-productDescriptionText c-muted-1\">\n<div>A Geladeira Consul Frost Free 342 litros n\u00e3o precisar descongelar nunca. Ela possui prateleiras com 9 n\u00edveis, Porta Latas para gelar at\u00e9 6 latinhas e o Gavet\u00e3o Hortifruti, que deixa suas frutas, verduras e legumes organizados e fresquinhos. Ahhh! Bem pensado.<\/div>\n<\/div>\n<\/div>\n<\/div>\n<\/div>\n<div class=\"vtex-flex-layout-0-x-flexColChild vtex-flex-layout-0-x-flexColChild--container-product-description-pdp pb0\"><\/div>\n<div class=\"vtex-flex-layout-0-x-flexColChild vtex-flex-layout-0-x-flexColChild--container-product-description-pdp pb0\"><\/div>\n<\/div>\n<\/div>\n<\/div>\n<\/div>\n<\/div>\n<div class=\"vtex-flex-layout-0-x-flexColChild vtex-flex-layout-0-x-flexColChild--container-product-differentials-pdp pb0\">\n<div>\n<div class=\"vtex-flex-layout-0-x-flexRow\" aria-label=\"Linha de sess\u00e3o\">\n<div class=\"flex mt0 mb0 pt0 pb0 justify-start vtex-flex-layout-0-x-flexRowContent items-stretch w-100\">\n<div class=\"pr0 items-stretch vtex-flex-layout-0-x-stretchChildrenWidth flex\">\n<div class=\"vtex-flex-layout-0-x-flexCol ml0 mr0 pl0 pr0 flex flex-column h-100 w-100\">\n<div class=\"vtex-flex-layout-0-x-flexColChild pb0\">\n<div id=\"killerFeature\" class=\"consul-pdp-components-0-x-killerFeature mb7\">\n<div class=\"consul-pdp-components-0-x-killerFeature--main-title\">\n<h2 class=\"ma0 whirlpool-styleguide-0-x-whp_styleguide-tagtext consul-pdp-components-0-x-killerFeature-collapsiblehandles-tagtext\" aria-live=\"polite\" aria-label=\"Diferenciais **Consul**\">Diferenciais\u00a0<strong class=\"ma0 whirlpool-styleguide-0-x-whp_styleguide-strong consul-pdp-components-0-x-killerFeature-collapsiblehandles-tagtext-strong\">Consul<\/strong><\/h2>\n<\/div>\n<div id=\"killerFeature\" class=\"consul-pdp-components-0-x-killerFeature\">\n<div class=\"consul-pdp-components-0-x-killerFeature--box mb7\">\n<div class=\"consul-pdp-components-0-x-killerFeature--box-item mb6 mb7-ns fl pa2\">\n<div class=\"undefined consul-pdp-components-0-x-killerFeature--CardItemFullContainer\">\n<div class=\"whirlpool-ui-by-whirlpool-0-x-CardItemFullTopInfo consul-pdp-components-0-x-killerFeature--CardItemFullTopInfo relative mb5\">\n<div class=\"whirlpool-ui-by-whirlpool-0-x-featureCardTitleContainer consul-pdp-components-0-x-killerFeature--featureCardTitleContainer flex items-center mb3\">\n<div id=\"testeGabs\">\n<h2 class=\"whirlpool-ui-by-whirlpool-0-x-featureCardTitle consul-pdp-components-0-x-killerFeature--featureCardTitle ma0\">Facilite o seu dia a dia<\/h2>\n<\/div>\n<\/div>\n<div class=\"whirlpool-ui-by-whirlpool-0-x-featureCardTitleContainer consul-pdp-components-0-x-killerFeature--featureCardTitleContainer tl\">A Geladeira Consul Facilite com 342 litros de capacidade \u00e9 a primeira Frost Free de uma porta do mercado. Pensada para voc\u00ea que que busca facilidade no seu dia a dia, conta com um espa\u00e7oso congelador, compartimento extra-frio, gaveta multiuso e controle externo de temperatura.<\/div>\n<\/div>\n<p><img decoding=\"async\" class=\"consul-pdp-components-0-x-killerFeature--CardItemFullImage w-100\" src=\"https:\/\/consul.vtexassets.com\/arquivos\/Consul_Geladeira_CRB39AB_Imagem_3_4.jpg\" alt=\"Facilite o seu dia a dia\" crossorigin=\"anonymous\" \/><\/p>\n<\/div>\n<\/div>\n<div class=\"consul-pdp-components-0-x-killerFeature--box-item mb6 mb7-ns fl pa2\">\n<div class=\"undefined consul-pdp-components-0-x-killerFeature--CardItemFullContainer\">\n<div class=\"whirlpool-ui-by-whirlpool-0-x-CardItemFullTopInfo consul-pdp-components-0-x-killerFeature--CardItemFullTopInfo relative mb5\">\n<div class=\"whirlpool-ui-by-whirlpool-0-x-featureCardTitleContainer consul-pdp-components-0-x-killerFeature--featureCardTitleContainer flex items-center mb3\">\n<div id=\"testeGabs\">\n<h2 class=\"whirlpool-ui-by-whirlpool-0-x-featureCardTitle consul-pdp-components-0-x-killerFeature--featureCardTitle ma0\">Sistema Frost Free<\/h2>\n<\/div>\n<\/div>\n<div class=\"whirlpool-ui-by-whirlpool-0-x-featureCardTitleContainer consul-pdp-components-0-x-killerFeature--featureCardTitleContainer tl\">Tirar tudo de dentro, passar horas descongelando a geladeira e molhar todo o ch\u00e3o da cozinha d\u00e1 o maior trabalho, n\u00e3o \u00e9 mesmo? Com o sistema Frost Free n\u00e3o existe forma\u00e7\u00e3o de gelo nas paredes internas e nem molhadeira na hora de limpar. Demorou para voc\u00ea ter uma geladeira assim.<\/div>\n<\/div>\n<p><img decoding=\"async\" class=\"consul-pdp-components-0-x-killerFeature--CardItemFullImage w-100\" src=\"https:\/\/consul.vtexassets.com\/arquivos\/Consul_Geladeira_CRB39AB_Imagem_Produzida.jpg\" alt=\"Sistema Frost Free\" crossorigin=\"anonymous\" \/><\/p>\n<\/div>\n<\/div>\n<div class=\"consul-pdp-components-0-x-killerFeature--box-item mb6 mb7-ns fl pa2\">\n<div class=\"undefined consul-pdp-components-0-x-killerFeature--CardItemFullContainer\">\n<div class=\"whirlpool-ui-by-whirlpool-0-x-CardItemFullTopInfo consul-pdp-components-0-x-killerFeature--CardItemFullTopInfo relative mb5\">\n<div class=\"whirlpool-ui-by-whirlpool-0-x-featureCardTitleContainer consul-pdp-components-0-x-killerFeature--featureCardTitleContainer flex items-center mb3\">\n<div id=\"testeGabs\">\n<h2 class=\"whirlpool-ui-by-whirlpool-0-x-featureCardTitle consul-pdp-components-0-x-killerFeature--featureCardTitle ma0\">Congelador espa\u00e7oso<\/h2>\n<\/div>\n<\/div>\n<div class=\"whirlpool-ui-by-whirlpool-0-x-featureCardTitleContainer consul-pdp-components-0-x-killerFeature--featureCardTitleContainer tl\">O congelador da Geladeira Consul tem 47 litros de capacidade e cabe o que voc\u00ea precisar. Como \u00e9 Frost Free e n\u00e3o tem forma\u00e7\u00e3o de gelo nas paredes, sobra muito mais espa\u00e7o.<\/div>\n<\/div>\n<p><img decoding=\"async\" class=\"consul-pdp-components-0-x-killerFeature--CardItemFullImage w-100\" src=\"https:\/\/consul.vtexassets.com\/arquivos\/Consul_Geladeira_CRB39AB_Imagem_Produzida1.jpg\" alt=\"Congelador espa\u00e7oso\" crossorigin=\"anonymous\" \/><\/p>\n<\/div>\n<\/div>\n<div class=\"consul-pdp-components-0-x-killerFeature--box-item mb6 mb7-ns fl pa2\">\n<div class=\"undefined consul-pdp-components-0-x-killerFeature--CardItemFullContainer\">\n<div class=\"whirlpool-ui-by-whirlpool-0-x-CardItemFullTopInfo consul-pdp-components-0-x-killerFeature--CardItemFullTopInfo relative mb5\">\n<div class=\"whirlpool-ui-by-whirlpool-0-x-featureCardTitleContainer consul-pdp-components-0-x-killerFeature--featureCardTitleContainer flex items-center mb3\">\n<div id=\"testeGabs\">\n<h2 class=\"whirlpool-ui-by-whirlpool-0-x-featureCardTitle consul-pdp-components-0-x-killerFeature--featureCardTitle ma0\">Controle de temperatura externo<\/h2>\n<\/div>\n<\/div>\n<div class=\"whirlpool-ui-by-whirlpool-0-x-featureCardTitleContainer consul-pdp-components-0-x-killerFeature--featureCardTitleContainer tl\">Com ele voc\u00ea seleciona a temperatura ideal para a sua geladeira sem precisar abrir a porta, economizando energia e tempo.<\/div>\n<\/div>\n<p><img decoding=\"async\" class=\"consul-pdp-components-0-x-killerFeature--CardItemFullImage w-100\" src=\"https:\/\/consul.vtexassets.com\/arquivos\/Consul_Geladeira_CRB39AB_Imagem_Detalhe_Painel_Externo.jpg\" alt=\"Controle de temperatura externo\" crossorigin=\"anonymous\" \/><\/p>\n<\/div>\n<\/div>\n<div class=\"consul-pdp-components-0-x-killerFeature--box-item mb6 mb7-ns fl pa2\">\n<div class=\"undefined consul-pdp-components-0-x-killerFeature--CardItemFullContainer\">\n<div class=\"whirlpool-ui-by-whirlpool-0-x-CardItemFullTopInfo consul-pdp-components-0-x-killerFeature--CardItemFullTopInfo relative mb5\">\n<div class=\"whirlpool-ui-by-whirlpool-0-x-featureCardTitleContainer consul-pdp-components-0-x-killerFeature--featureCardTitleContainer flex items-center mb3\">\n<div id=\"testeGabs\">\n<h2 class=\"whirlpool-ui-by-whirlpool-0-x-featureCardTitle consul-pdp-components-0-x-killerFeature--featureCardTitle ma0\">Compartimento extra-frio<\/h2>\n<\/div>\n<\/div>\n<div class=\"whirlpool-ui-by-whirlpool-0-x-featureCardTitleContainer consul-pdp-components-0-x-killerFeature--featureCardTitleContainer tl\">Localizado abaixo do congelador, \u00e9 perfeito para guardar aqueles alimentos que precisam de uma refrigera\u00e7\u00e3o extra como queijos, frios e iogurtes. Bem pensado, n\u00e9?<\/div>\n<div>\n<ul class=\"pa0 mt3 consul-pdp-components-0-x-measurements-list flex justify-start mb0 \">\n<li class=\"flex justify-between items-center f5 consul-pdp-components-0-x-measurements-item flex-column mb1\"><span class=\"flex items-center mb1\"><span class=\"ma0 whirlpool-styleguide-0-x-whp_styleguide-tagtext flex items-center\" aria-live=\"polite\" aria-label=\"Altura\">Altura<\/span><\/span><span class=\"ma0 whirlpool-styleguide-0-x-whp_styleguide-tagtext flex items-center consul-pdp-components-0-x-measurements-text\" aria-live=\"polite\" aria-label=\"170 cm\">170 cm<\/span><\/li>\n<li class=\"flex justify-between items-center f5 consul-pdp-components-0-x-measurements-item flex-column mb1\"><span class=\"flex items-center mb1\"><span class=\"ma0 whirlpool-styleguide-0-x-whp_styleguide-tagtext flex items-center\" aria-live=\"polite\" aria-label=\"Largura\">Largura<\/span><\/span><span class=\"ma0 whirlpool-styleguide-0-x-whp_styleguide-tagtext flex items-center consul-pdp-components-0-x-measurements-text\" aria-live=\"polite\" aria-label=\"61,6 cm\">61,6 cm<\/span><\/li>\n<li class=\"flex justify-between items-center f5 consul-pdp-components-0-x-measurements-item flex-column mb1\"><span class=\"flex items-center mb1\"><span class=\"ma0 whirlpool-styleguide-0-x-whp_styleguide-tagtext flex items-center\" aria-live=\"polite\" aria-label=\"Profundidade\">Profundidade<\/span><\/span><span class=\"ma0 whirlpool-styleguide-0-x-whp_styleguide-tagtext flex items-center consul-pdp-components-0-x-measurements-text\" aria-live=\"polite\" aria-label=\"69,1 cm\">69,1 cm<\/span><\/li>\n<li class=\"flex justify-between items-center f5 consul-pdp-components-0-x-measurements-item flex-column mb1\"><span class=\"flex items-center mb1\"><span class=\"ma0 whirlpool-styleguide-0-x-whp_styleguide-tagtext flex items-center\" aria-live=\"polite\" aria-label=\"Peso\">Peso<\/span><\/span><span class=\"ma0 whirlpool-styleguide-0-x-whp_styleguide-tagtext flex items-center consul-pdp-components-0-x-measurements-text\" aria-live=\"polite\" aria-label=\"53 kg\">53 kg<\/span><\/li>\n<\/ul>\n<\/div>\n<\/div>\n<\/div>\n<\/div>\n<\/div>\n<\/div>\n<\/div>\n<\/div>\n<\/div>\n<\/div>\n<\/div>\n<\/div>\n<\/div>\n<\/div>\n","protected":false},"excerpt":{"rendered":"<p>Um pouco sobre\u00a0o produto A Geladeira Consul Frost Free 342 litros n\u00e3o precisar descongelar nunca. Ela possui prateleiras com 9 n\u00edveis, Porta Latas para gelar at\u00e9 6 latinhas e o<\/p>\n","protected":false},"featured_media":13121,"comment_status":"open","ping_status":"closed","template":"","meta":[],"product_brand":[],"product_cat":[232,226],"product_tag":[],"class_list":{"0":"post-13120","1":"product","2":"type-product","3":"status-publish","4":"has-post-thumbnail","6":"product_cat-cozinha","7":"product_cat-eletrodomesticos","8":"product_shipping_class-retirar-no-local","10":"first","11":"instock","12":"shipping-taxable","13":"purchasable","14":"product-type-simple"},"_links":{"self":[{"href":"http:\/\/ambrosioeletro.com.br\/v20\/wp-json\/wp\/v2\/product\/13120","targetHints":{"allow":["GET"]}}],"collection":[{"href":"http:\/\/ambrosioeletro.com.br\/v20\/wp-json\/wp\/v2\/product"}],"about":[{"href":"http:\/\/ambrosioeletro.com.br\/v20\/wp-json\/wp\/v2\/types\/product"}],"replies":[{"embeddable":true,"href":"http:\/\/ambrosioeletro.com.br\/v20\/wp-json\/wp\/v2\/comments?post=13120"}],"wp:featuredmedia":[{"embeddable":true,"href":"http:\/\/ambrosioeletro.com.br\/v20\/wp-json\/wp\/v2\/media\/13121"}],"wp:attachment":[{"href":"http:\/\/ambrosioeletro.com.br\/v20\/wp-json\/wp\/v2\/media?parent=13120"}],"wp:term":[{"taxonomy":"product_brand","embeddable":true,"href":"http:\/\/ambrosioeletro.com.br\/v20\/wp-json\/wp\/v2\/product_brand?post=13120"},{"taxonomy":"product_cat","embeddable":true,"href":"http:\/\/ambrosioeletro.com.br\/v20\/wp-json\/wp\/v2\/product_cat?post=13120"},{"taxonomy":"product_tag","embeddable":true,"href":"http:\/\/ambrosioeletro.com.br\/v20\/wp-json\/wp\/v2\/product_tag?post=13120"}],"curies":[{"name":"wp","href":"https:\/\/api.w.org\/{rel}","templated":true}]}}