{"id":13147,"date":"2025-04-24T16:21:34","date_gmt":"2025-04-24T19:21:34","guid":{"rendered":"https:\/\/ambrosioeletro.com.br\/v20\/?post_type=product&#038;p=13147"},"modified":"2026-03-30T09:12:40","modified_gmt":"2026-03-30T12:12:40","slug":"maquina-de-lavar-consul-13-kg-branca-com-modo-eco-cwn13ab","status":"publish","type":"product","link":"http:\/\/ambrosioeletro.com.br\/v20\/produto\/maquina-de-lavar-consul-13-kg-branca-com-modo-eco-cwn13ab\/","title":{"rendered":"M\u00e1quina de Lavar Consul 13 kg Branca com Modo Eco &#8211; CWN13AB"},"content":{"rendered":"<div class=\"vtex-flex-layout-0-x-flexColChild vtex-flex-layout-0-x-flexColChild--container-product-differentials-pdp pb0\">\n<div class=\"vtex-flex-layout-0-x-flexRow vtex-flex-layout-0-x-flexRow--product-description-pdp\" aria-label=\"Linha de sess\u00e3o\">\n<div class=\"flex mt0 mb0 pt0 pb0    justify-start vtex-flex-layout-0-x-flexRowContent vtex-flex-layout-0-x-flexRowContent--product-description-pdp items-stretch w-100\">\n<div class=\"pr0 items-stretch vtex-flex-layout-0-x-stretchChildrenWidth   flex\">\n<div class=\"vtex-flex-layout-0-x-flexCol vtex-flex-layout-0-x-flexCol--container-product-description-pdp  ml0 mr0 pl0 pr0      flex flex-column h-100 w-100\">\n<div class=\"vtex-flex-layout-0-x-flexColChild vtex-flex-layout-0-x-flexColChild--container-product-description-pdp pb0\">\n<div>\n<div class=\"vtex-rich-text-0-x-container vtex-rich-text-0-x-container--title-product-description-pdp flex tl items-start justify-start t-body c-on-base\">\n<div class=\"vtex-rich-text-0-x-wrapper vtex-rich-text-0-x-wrapper--title-product-description-pdp\">\n<p class=\"lh-copy vtex-rich-text-0-x-paragraph vtex-rich-text-0-x-paragraph--title-product-description-pdp\">Um pouco sobre\u00a0<span class=\"b vtex-rich-text-0-x-strong vtex-rich-text-0-x-strong--title-product-description-pdp\">o produto<\/span><\/p>\n<\/div>\n<\/div>\n<div class=\"vtex-store-components-3-x-productDescriptionContainer\">\n<div class=\"vtex-store-components-3-x-productDescriptionText c-muted-1\">\n<div>As novas Lavadoras Consul t\u00eam v\u00e1rios tipos de ciclos, pensados para todas as rotinas, lavando desde t\u00eanis, roupas de cama, at\u00e9 rede e edredom, sem ocupar espa\u00e7o. O painel intuitivo \u00e9 f\u00e1cil de programar, e conta com fun\u00e7\u00f5es que economizam e deixam as roupas mais secas e menos tempo no varal.<\/div>\n<\/div>\n<\/div>\n<\/div>\n<\/div>\n<div class=\"vtex-flex-layout-0-x-flexColChild vtex-flex-layout-0-x-flexColChild--container-product-description-pdp pb0\"><\/div>\n<div class=\"vtex-flex-layout-0-x-flexColChild vtex-flex-layout-0-x-flexColChild--container-product-description-pdp pb0\"><\/div>\n<\/div>\n<\/div>\n<\/div>\n<\/div>\n<\/div>\n<div class=\"vtex-flex-layout-0-x-flexColChild vtex-flex-layout-0-x-flexColChild--container-product-differentials-pdp pb0\">\n<div>\n<div class=\"vtex-flex-layout-0-x-flexRow\" aria-label=\"Linha de sess\u00e3o\">\n<div class=\"flex mt0 mb0 pt0 pb0    justify-start vtex-flex-layout-0-x-flexRowContent items-stretch w-100\">\n<div class=\"pr0 items-stretch vtex-flex-layout-0-x-stretchChildrenWidth   flex\">\n<div class=\"vtex-flex-layout-0-x-flexCol  ml0 mr0 pl0 pr0      flex flex-column h-100 w-100\">\n<div class=\"vtex-flex-layout-0-x-flexColChild pb0\">\n<div id=\"killerFeature\" class=\"consul-pdp-components-0-x-killerFeature mb7\">\n<div class=\"consul-pdp-components-0-x-killerFeature--main-title\">\n<h2 class=\"ma0 whirlpool-styleguide-0-x-whp_styleguide-tagtext consul-pdp-components-0-x-killerFeature-collapsiblehandles-tagtext\" aria-live=\"polite\" aria-label=\"Diferenciais **Consul**\">Diferenciais\u00a0<strong class=\"ma0 whirlpool-styleguide-0-x-whp_styleguide-strong consul-pdp-components-0-x-killerFeature-collapsiblehandles-tagtext-strong\">Consul<\/strong><\/h2>\n<\/div>\n<div id=\"killerFeature\" class=\"consul-pdp-components-0-x-killerFeature\">\n<div class=\"consul-pdp-components-0-x-killerFeature--box mb7\">\n<div class=\"consul-pdp-components-0-x-killerFeature--box-item mb6 mb7-ns fl pa2\">\n<div class=\"undefined consul-pdp-components-0-x-killerFeature--CardItemFullContainer\">\n<div class=\"whirlpool-ui-by-whirlpool-0-x-CardItemFullTopInfo consul-pdp-components-0-x-killerFeature--CardItemFullTopInfo relative mb5\">\n<div class=\"whirlpool-ui-by-whirlpool-0-x-featureCardTitleContainer consul-pdp-components-0-x-killerFeature--featureCardTitleContainer flex items-center mb3\">\n<div id=\"testeGabs\">\n<h2 class=\"whirlpool-ui-by-whirlpool-0-x-featureCardTitle consul-pdp-components-0-x-killerFeature--featureCardTitle ma0\">Modo Eco<\/h2>\n<\/div>\n<\/div>\n<div class=\"whirlpool-ui-by-whirlpool-0-x-featureCardTitleContainer consul-pdp-components-0-x-killerFeature--featureCardTitleContainer tl\">Economia em dobro \u00e9 o que voc\u00ea procura? Com o Modo Eco voc\u00ea economiza at\u00e9 15%[1] de \u00e1gua e at\u00e9 25%[2] de energia el\u00e9trica. \u00c9 s\u00f3 escolher qualquer ciclo, selecionar essa op\u00e7\u00e3o e pronto!?<\/div>\n<\/div>\n<p><img decoding=\"async\" class=\"consul-pdp-components-0-x-killerFeature--CardItemFullImage w-100\" src=\"https:\/\/consul.vtexassets.com\/arquivos\/16_Consul_Lavadora_CWN13AB_Imagem_Superior_Modo_Eco.png\" alt=\"Modo Eco\" crossorigin=\"anonymous\" \/><\/div>\n<\/div>\n<div class=\"consul-pdp-components-0-x-killerFeature--box-item mb6 mb7-ns fl pa2\">\n<div class=\"undefined consul-pdp-components-0-x-killerFeature--CardItemFullContainer\">\n<div class=\"whirlpool-ui-by-whirlpool-0-x-CardItemFullTopInfo consul-pdp-components-0-x-killerFeature--CardItemFullTopInfo relative mb5\">\n<div class=\"whirlpool-ui-by-whirlpool-0-x-featureCardTitleContainer consul-pdp-components-0-x-killerFeature--featureCardTitleContainer flex items-center mb3\">\n<div id=\"testeGabs\">\n<h2 class=\"whirlpool-ui-by-whirlpool-0-x-featureCardTitle consul-pdp-components-0-x-killerFeature--featureCardTitle ma0\">Mais Secas<\/h2>\n<\/div>\n<\/div>\n<div class=\"whirlpool-ui-by-whirlpool-0-x-featureCardTitleContainer consul-pdp-components-0-x-killerFeature--featureCardTitleContainer tl\">Fun\u00e7\u00e3o que prepara suas roupas para ficarem menos tempo[3] no varal, facilitando sua vida nos dias mais frios.<\/div>\n<\/div>\n<p><img decoding=\"async\" class=\"consul-pdp-components-0-x-killerFeature--CardItemFullImage w-100\" src=\"https:\/\/consul.vtexassets.com\/arquivos\/15_Consul_Lavadora_CWN13AB_Imagem_Produzida_Mais_Secas.png\" alt=\"Mais Secas\" crossorigin=\"anonymous\" \/><\/div>\n<\/div>\n<div class=\"consul-pdp-components-0-x-killerFeature--box-item mb6 mb7-ns fl pa2\">\n<div class=\"undefined consul-pdp-components-0-x-killerFeature--CardItemFullContainer\">\n<div class=\"whirlpool-ui-by-whirlpool-0-x-CardItemFullTopInfo consul-pdp-components-0-x-killerFeature--CardItemFullTopInfo relative mb5\">\n<div class=\"whirlpool-ui-by-whirlpool-0-x-featureCardTitleContainer consul-pdp-components-0-x-killerFeature--featureCardTitleContainer flex items-center mb3\">\n<div id=\"testeGabs\">\n<h2 class=\"whirlpool-ui-by-whirlpool-0-x-featureCardTitle consul-pdp-components-0-x-killerFeature--featureCardTitle ma0\">Dosagem Econ\u00f4mica?<\/h2>\n<\/div>\n<\/div>\n<div class=\"whirlpool-ui-by-whirlpool-0-x-featureCardTitleContainer consul-pdp-components-0-x-killerFeature--featureCardTitleContainer tl\">Que tal uma economia esperta na hora de colocar o sab\u00e3o na m\u00e1quina? Com o exclusivo copo dosador voc\u00ea sabe a quantidade certa para cada lavagem e economiza at\u00e9 70%[4] de sab\u00e3o. Bem pensado, n\u00e3o \u00e9?<\/div>\n<\/div>\n<p><img decoding=\"async\" class=\"consul-pdp-components-0-x-killerFeature--CardItemFullImage w-100\" src=\"https:\/\/consul.vtexassets.com\/arquivos\/14_Consul_Lavadora_CWN13AB_Imagem_Produzida_Dosagem_Econ%C3%B4mica.png\" alt=\"Dosagem Econ\u00f4mica?\" crossorigin=\"anonymous\" \/><\/div>\n<\/div>\n<div class=\"consul-pdp-components-0-x-killerFeature--box-item mb6 mb7-ns fl pa2\">\n<div class=\"undefined consul-pdp-components-0-x-killerFeature--CardItemFullContainer\">\n<div class=\"whirlpool-ui-by-whirlpool-0-x-CardItemFullTopInfo consul-pdp-components-0-x-killerFeature--CardItemFullTopInfo relative mb5\">\n<div class=\"whirlpool-ui-by-whirlpool-0-x-featureCardTitleContainer consul-pdp-components-0-x-killerFeature--featureCardTitleContainer flex items-center mb3\">\n<div id=\"testeGabs\">\n<h2 class=\"whirlpool-ui-by-whirlpool-0-x-featureCardTitle consul-pdp-components-0-x-killerFeature--featureCardTitle ma0\">Compacta por fora e grande por dentro.<\/h2>\n<\/div>\n<\/div>\n<div class=\"whirlpool-ui-by-whirlpool-0-x-featureCardTitleContainer consul-pdp-components-0-x-killerFeature--featureCardTitleContainer tl\">A Lavadora 13kg mais compacta do mercado, lava at\u00e9 seu edredom[5] sem ocupar muito espa\u00e7o na sua casa.<\/div>\n<\/div>\n<p><img decoding=\"async\" class=\"consul-pdp-components-0-x-killerFeature--CardItemFullImage w-100\" src=\"https:\/\/consul.vtexassets.com\/arquivos\/01_Consul_Lavadora_CWN13AB_Imagem_Frontal.png\" alt=\"Compacta por fora  e grande por dentro.\" crossorigin=\"anonymous\" \/><\/div>\n<\/div>\n<div class=\"consul-pdp-components-0-x-killerFeature--box-item mb6 mb7-ns fl pa2\">\n<div class=\"undefined consul-pdp-components-0-x-killerFeature--CardItemFullContainer\">\n<div class=\"whirlpool-ui-by-whirlpool-0-x-CardItemFullTopInfo consul-pdp-components-0-x-killerFeature--CardItemFullTopInfo relative mb5\">\n<div class=\"whirlpool-ui-by-whirlpool-0-x-featureCardTitleContainer consul-pdp-components-0-x-killerFeature--featureCardTitleContainer flex items-center mb3\">\n<div id=\"testeGabs\">\n<h2 class=\"whirlpool-ui-by-whirlpool-0-x-featureCardTitle consul-pdp-components-0-x-killerFeature--featureCardTitle ma0\">Ciclo R\u00e1pido?<\/h2>\n<\/div>\n<\/div>\n<div class=\"whirlpool-ui-by-whirlpool-0-x-featureCardTitleContainer consul-pdp-components-0-x-killerFeature--featureCardTitleContainer tl\">Roupas poucos sujas ficam limpas em 18 minutos[6] e est\u00e1 tudo pronto para estender no varal! Seu tempo bem aproveitado.<\/div>\n<\/div>\n<p><img decoding=\"async\" class=\"consul-pdp-components-0-x-killerFeature--CardItemFullImage w-100\" src=\"https:\/\/consul.vtexassets.com\/arquivos\/11_Consul_Lavadora_CWN13AB_Imagem_Produzida_Ciclo_R%C3%A1pido.png\" alt=\"Ciclo R\u00e1pido?\" crossorigin=\"anonymous\" \/><\/div>\n<\/div>\n<div class=\"consul-pdp-components-0-x-killerFeature--box-item mb6 mb7-ns fl pa2\">\n<div class=\"undefined consul-pdp-components-0-x-killerFeature--CardItemFullContainer\">\n<div class=\"whirlpool-ui-by-whirlpool-0-x-CardItemFullTopInfo consul-pdp-components-0-x-killerFeature--CardItemFullTopInfo relative mb5\">\n<div class=\"whirlpool-ui-by-whirlpool-0-x-featureCardTitleContainer consul-pdp-components-0-x-killerFeature--featureCardTitleContainer flex items-center mb3\">\n<div id=\"testeGabs\">\n<h2 class=\"whirlpool-ui-by-whirlpool-0-x-featureCardTitle consul-pdp-components-0-x-killerFeature--featureCardTitle ma0\">Ciclo Edredom e Ciclo Rede<\/h2>\n<\/div>\n<\/div>\n<div class=\"whirlpool-ui-by-whirlpool-0-x-featureCardTitleContainer consul-pdp-components-0-x-killerFeature--featureCardTitleContainer tl\">Bem pensada at\u00e9 para os itens mais volumosos. Fez frio? Ciclo Edredom[5]! Fez calor? Ciclo Rede[7]. Ciclos adaptados para diferentes necessidades sem danificar os tecidos, para voc\u00ea relaxar durante e depois da lavagem.<\/div>\n<\/div>\n<p><img decoding=\"async\" class=\"consul-pdp-components-0-x-killerFeature--CardItemFullImage w-100\" src=\"https:\/\/consul.vtexassets.com\/arquivos\/10_Consul_Lavadora_CWN13AB_Imagem_Produzida_Ciclo_Edredom_e_Rede.png\" alt=\"Ciclo Edredom e Ciclo Rede\" crossorigin=\"anonymous\" \/><\/div>\n<\/div>\n<div class=\"consul-pdp-components-0-x-killerFeature--box-item mb6 mb7-ns fl pa2\">\n<div class=\"undefined consul-pdp-components-0-x-killerFeature--CardItemFullContainer\">\n<div class=\"whirlpool-ui-by-whirlpool-0-x-CardItemFullTopInfo consul-pdp-components-0-x-killerFeature--CardItemFullTopInfo relative mb5\">\n<div class=\"whirlpool-ui-by-whirlpool-0-x-featureCardTitleContainer consul-pdp-components-0-x-killerFeature--featureCardTitleContainer flex items-center mb3\">\n<div id=\"testeGabs\">\n<h2 class=\"whirlpool-ui-by-whirlpool-0-x-featureCardTitle consul-pdp-components-0-x-killerFeature--featureCardTitle ma0\">Ciclo Reuso de \u00c1gua?<\/h2>\n<\/div>\n<\/div>\n<div class=\"whirlpool-ui-by-whirlpool-0-x-featureCardTitleContainer consul-pdp-components-0-x-killerFeature--featureCardTitleContainer tl\">Reutilize a \u00e1gua da lavagem das roupas para limpar a casa. Com esse ciclo, voc\u00ea reaproveita at\u00e9 70L[8] para deixar a casa brilhando e ainda economiza os recursos do planeta.?<\/div>\n<\/div>\n<p><img decoding=\"async\" class=\"consul-pdp-components-0-x-killerFeature--CardItemFullImage w-100\" src=\"https:\/\/consul.vtexassets.com\/arquivos\/05_Consul_Lavadora_CWN13AB_Imagem_Superior.png\" alt=\"Ciclo Reuso de \u00c1gua?\" crossorigin=\"anonymous\" \/><\/div>\n<\/div>\n<div class=\"consul-pdp-components-0-x-killerFeature--box-item mb6 mb7-ns fl pa2\">\n<div class=\"undefined consul-pdp-components-0-x-killerFeature--CardItemFullContainer\">\n<div class=\"whirlpool-ui-by-whirlpool-0-x-CardItemFullTopInfo consul-pdp-components-0-x-killerFeature--CardItemFullTopInfo relative mb5\">\n<div class=\"whirlpool-ui-by-whirlpool-0-x-featureCardTitleContainer consul-pdp-components-0-x-killerFeature--featureCardTitleContainer flex items-center mb3\">\n<div id=\"testeGabs\">\n<h2 class=\"whirlpool-ui-by-whirlpool-0-x-featureCardTitle consul-pdp-components-0-x-killerFeature--featureCardTitle ma0\">Dispenser Bem Pensado?<\/h2>\n<\/div>\n<\/div>\n<div class=\"whirlpool-ui-by-whirlpool-0-x-featureCardTitleContainer consul-pdp-components-0-x-killerFeature--featureCardTitleContainer tl\">Integrado com o filtro de fiapos, \u00e9 resistente e super simples de usar e limpar.?<\/div>\n<\/div>\n<p><img decoding=\"async\" class=\"consul-pdp-components-0-x-killerFeature--CardItemFullImage w-100\" src=\"https:\/\/consul.vtexassets.com\/arquivos\/08_Consul_Lavadora_CWN13AB_Imagem_Detalhe_Dispenser.png\" alt=\"Dispenser Bem Pensado?\" crossorigin=\"anonymous\" \/><\/div>\n<\/div>\n<div class=\"consul-pdp-components-0-x-killerFeature--box-item mb6 mb7-ns fl pa2\">\n<div class=\"undefined consul-pdp-components-0-x-killerFeature--CardItemFullContainer\">\n<div class=\"whirlpool-ui-by-whirlpool-0-x-CardItemFullTopInfo consul-pdp-components-0-x-killerFeature--CardItemFullTopInfo relative mb5\">\n<div class=\"whirlpool-ui-by-whirlpool-0-x-featureCardTitleContainer consul-pdp-components-0-x-killerFeature--featureCardTitleContainer flex items-center mb3\">\n<div id=\"testeGabs\">\n<h2 class=\"whirlpool-ui-by-whirlpool-0-x-featureCardTitle consul-pdp-components-0-x-killerFeature--featureCardTitle ma0\">Tecnologia Reduz Fiapos?<\/h2>\n<\/div>\n<\/div>\n<div class=\"whirlpool-ui-by-whirlpool-0-x-featureCardTitleContainer consul-pdp-components-0-x-killerFeature--featureCardTitleContainer tl\">Ningu\u00e9m \u00e9 f\u00e3 de fiapos, certo? Esse sistema de filtragem e agita\u00e7\u00e3o \u00e9 capaz de reter at\u00e9 50%[9] mais fiapos que ficam nas roupas ap\u00f3s a lavagem?.<\/div>\n<\/div>\n<p><img decoding=\"async\" class=\"consul-pdp-components-0-x-killerFeature--CardItemFullImage w-100\" src=\"https:\/\/consul.vtexassets.com\/arquivos\/09_Consul_Lavadora_CWN13AB_Imagem_Detalhe_Filtro.png\" alt=\"Tecnologia Reduz Fiapos?\" crossorigin=\"anonymous\" \/><\/div>\n<\/div>\n<div class=\"consul-pdp-components-0-x-killerFeature--box-item mb6 mb7-ns fl pa2\">\n<div class=\"undefined consul-pdp-components-0-x-killerFeature--CardItemFullContainer\">\n<div class=\"whirlpool-ui-by-whirlpool-0-x-CardItemFullTopInfo consul-pdp-components-0-x-killerFeature--CardItemFullTopInfo relative mb5\">\n<div class=\"whirlpool-ui-by-whirlpool-0-x-featureCardTitleContainer consul-pdp-components-0-x-killerFeature--featureCardTitleContainer flex items-center mb3\">\n<div id=\"testeGabs\">\n<h2 class=\"whirlpool-ui-by-whirlpool-0-x-featureCardTitle consul-pdp-components-0-x-killerFeature--featureCardTitle ma0\">Cesto Inox<\/h2>\n<\/div>\n<\/div>\n<div class=\"whirlpool-ui-by-whirlpool-0-x-featureCardTitleContainer consul-pdp-components-0-x-killerFeature--featureCardTitleContainer tl\">Lavadora com Cesto Inox: moderna por fora e por dentro.<\/div>\n<div>\n<ul class=\"pa0 mt3 consul-pdp-components-0-x-measurements-list  flex justify-start mb0 \">\n<li class=\"flex justify-between items-center f5 consul-pdp-components-0-x-measurements-item flex-column mb1\"><span class=\"flex items-center mb1\"><span class=\"ma0 whirlpool-styleguide-0-x-whp_styleguide-tagtext flex items-center\" aria-live=\"polite\" aria-label=\"Altura\">Altura<\/span><\/span><span class=\"ma0 whirlpool-styleguide-0-x-whp_styleguide-tagtext flex items-center consul-pdp-components-0-x-measurements-text\" aria-live=\"polite\" aria-label=\"97 cm\">97 cm<\/span><\/li>\n<li class=\"flex justify-between items-center f5 consul-pdp-components-0-x-measurements-item flex-column mb1\"><span class=\"flex items-center mb1\"><span class=\"ma0 whirlpool-styleguide-0-x-whp_styleguide-tagtext flex items-center\" aria-live=\"polite\" aria-label=\"Largura\">Largura<\/span><\/span><span class=\"ma0 whirlpool-styleguide-0-x-whp_styleguide-tagtext flex items-center consul-pdp-components-0-x-measurements-text\" aria-live=\"polite\" aria-label=\"57,5 cm\">57,5 cm<\/span><\/li>\n<li class=\"flex justify-between items-center f5 consul-pdp-components-0-x-measurements-item flex-column mb1\"><span class=\"flex items-center mb1\"><span class=\"ma0 whirlpool-styleguide-0-x-whp_styleguide-tagtext flex items-center\" aria-live=\"polite\" aria-label=\"Profundidade\">Profundidade<\/span><\/span><span class=\"ma0 whirlpool-styleguide-0-x-whp_styleguide-tagtext flex items-center consul-pdp-components-0-x-measurements-text\" aria-live=\"polite\" aria-label=\"61,5 cm\">61,5 cm<\/span><\/li>\n<li class=\"flex justify-between items-center f5 consul-pdp-components-0-x-measurements-item flex-column mb1\"><span class=\"flex items-center mb1\"><span class=\"ma0 whirlpool-styleguide-0-x-whp_styleguide-tagtext flex items-center\" aria-live=\"polite\" aria-label=\"Peso\">Peso<\/span><\/span><span class=\"ma0 whirlpool-styleguide-0-x-whp_styleguide-tagtext flex items-center consul-pdp-components-0-x-measurements-text\" aria-live=\"polite\" aria-label=\"31,4 kg\">31,4 kg<\/span><\/li>\n<\/ul>\n<\/div>\n<\/div>\n<\/div>\n<\/div>\n<\/div>\n<\/div>\n<\/div>\n<\/div>\n<\/div>\n<\/div>\n<\/div>\n<\/div>\n<\/div>\n<\/div>\n","protected":false},"excerpt":{"rendered":"<p>Um pouco sobre\u00a0o produto As novas Lavadoras Consul t\u00eam v\u00e1rios tipos de ciclos, pensados para todas as rotinas, lavando desde t\u00eanis, roupas de cama, at\u00e9 rede e edredom, sem ocupar<\/p>\n","protected":false},"featured_media":13149,"comment_status":"open","ping_status":"closed","template":"","meta":[],"product_brand":[],"product_cat":[233,383,226],"product_tag":[],"class_list":{"0":"post-13147","1":"product","2":"type-product","3":"status-publish","4":"has-post-thumbnail","6":"product_cat-area-de-servico","7":"product_cat-area-de-servico-2","8":"product_cat-eletrodomesticos","9":"product_shipping_class-retirar-no-local","11":"first","12":"instock","13":"shipping-taxable","14":"purchasable","15":"product-type-simple"},"_links":{"self":[{"href":"http:\/\/ambrosioeletro.com.br\/v20\/wp-json\/wp\/v2\/product\/13147","targetHints":{"allow":["GET"]}}],"collection":[{"href":"http:\/\/ambrosioeletro.com.br\/v20\/wp-json\/wp\/v2\/product"}],"about":[{"href":"http:\/\/ambrosioeletro.com.br\/v20\/wp-json\/wp\/v2\/types\/product"}],"replies":[{"embeddable":true,"href":"http:\/\/ambrosioeletro.com.br\/v20\/wp-json\/wp\/v2\/comments?post=13147"}],"wp:featuredmedia":[{"embeddable":true,"href":"http:\/\/ambrosioeletro.com.br\/v20\/wp-json\/wp\/v2\/media\/13149"}],"wp:attachment":[{"href":"http:\/\/ambrosioeletro.com.br\/v20\/wp-json\/wp\/v2\/media?parent=13147"}],"wp:term":[{"taxonomy":"product_brand","embeddable":true,"href":"http:\/\/ambrosioeletro.com.br\/v20\/wp-json\/wp\/v2\/product_brand?post=13147"},{"taxonomy":"product_cat","embeddable":true,"href":"http:\/\/ambrosioeletro.com.br\/v20\/wp-json\/wp\/v2\/product_cat?post=13147"},{"taxonomy":"product_tag","embeddable":true,"href":"http:\/\/ambrosioeletro.com.br\/v20\/wp-json\/wp\/v2\/product_tag?post=13147"}],"curies":[{"name":"wp","href":"https:\/\/api.w.org\/{rel}","templated":true}]}}