{"id":13638,"date":"2025-09-02T10:33:55","date_gmt":"2025-09-02T13:33:55","guid":{"rendered":"https:\/\/ambrosioeletro.com.br\/v20\/?post_type=product&#038;p=13638"},"modified":"2026-04-16T17:48:03","modified_gmt":"2026-04-16T20:48:03","slug":"cozinha-completa-aco-new-premium-itatiaia-com-4-pecas-2","status":"publish","type":"product","link":"http:\/\/ambrosioeletro.com.br\/v20\/produto\/cozinha-completa-aco-new-premium-itatiaia-com-4-pecas-2\/","title":{"rendered":"Cozinha Completa A\u00e7o New Premium Itatiaia com 4 Pe\u00e7as"},"content":{"rendered":"<h2 class=\"sc-dcJsrY iVJGKX\" data-testid=\"product-detail-label\">Informa\u00e7\u00f5es do Produto<\/h2>\n<p><span class=\"sc-dcJsrY jZKEso\" data-testid=\"product-detail-title\">Cozinha Completa A\u00e7o New Premium Itatiaia com 4 Pe\u00e7as<\/span><\/p>\n<div class=\"sc-iGgWBj jEOEJZ sc-cQYSec iIiVcO\" data-testid=\"product-detail-description\">\n<div class=\"sc-iGgWBj eWtIHQ sc-ddrdZi kFYyJS\" data-testid=\"rich-content-container\">\n<p>Cozinha Completa Em A\u00e7o Com New Premium Itatiaia<\/p>\n<p>Transforme sua cozinha em um espa\u00e7o sofisticado e funcional com o New Premium. Composta por arm\u00e1rios amplos e resistentes e bancada est\u00e1vel, a cozinha New Premium \u00e9 a escolha perfeita para quem busca qualidade, design e praticidade. Invista em sua casa com a cozinha completa New Premium.<\/p>\n<p>O Conjunto completo \u00e9 composto por 1 Paneleiro, 2 Armarios A\u00e9reos e 1 Balc\u00e3o com portas e gavetas.<\/p>\n<p>Dimens\u00f5es do produto montado:<\/p>\n<p>Altura do Arm\u00e1rio A\u00e9reo: 55cm;<br \/>\nAltura do Arm\u00e1rio Menor: 40cm;<br \/>\nAltura do Balc\u00e3o: 88cm;<br \/>\nAltura do Paneleiro: 1,95cm;<\/p>\n<p>==========================<\/p>\n<p>Largura do Arm\u00e1rio A\u00e9reo: 120cm;<br \/>\nLargura do Arm\u00e1rio Menor: 80cm;<br \/>\nLargura do Balc\u00e3o: 120cm;<br \/>\nLargura do Paneleiro: 80cm;<\/p>\n<p>==========================<\/p>\n<p>Profundidade do Arm\u00e1rio A\u00e9reo: 30cm;<br \/>\nProfundidade do Arm\u00e1rio Menor: 30cm;<br \/>\nProfundidade do Balc\u00e3o: 52cm;<br \/>\nProfundidade do Paneleiro: 30cm;<\/p>\n<p>Somando todas medidas chegamos ao conjunto completo:<br \/>\nAltura: 195cm;<\/p>\n<p>Largura: 280cm;<br \/>\nProfundidade: 52cm;<\/p>\n<p>Caracter\u00edsticas:<\/p>\n<p>&#8211; A\u00e7o revestido com pintura eletrost\u00e1tica a p\u00f3<br \/>\n&#8211; P\u00e9s Plastico regul\u00e1veis<br \/>\n&#8211; Puxadores em plastico com acabamento metalizado<br \/>\n&#8211; Espa\u00e7o amplo dentro das pe\u00e7as<br \/>\n&#8211; Regulagem do p\u00e9: 16cm a 18cm<br \/>\n&#8211; 14 Portas e 2 Gavetas<\/p>\n<\/div>\n<\/div>\n","protected":false},"excerpt":{"rendered":"<p>Informa\u00e7\u00f5es do Produto Cozinha Completa A\u00e7o New Premium Itatiaia com 4 Pe\u00e7as Cozinha Completa Em A\u00e7o Com New Premium Itatiaia Transforme sua cozinha em um espa\u00e7o sofisticado e funcional com<\/p>\n","protected":false},"featured_media":13644,"comment_status":"open","ping_status":"closed","template":"","meta":[],"product_brand":[],"product_cat":[232,226],"product_tag":[],"class_list":{"0":"post-13638","1":"product","2":"type-product","3":"status-publish","4":"has-post-thumbnail","6":"product_cat-cozinha","7":"product_cat-eletrodomesticos","8":"product_shipping_class-retirar-no-local","10":"first","11":"instock","12":"shipping-taxable","13":"purchasable","14":"product-type-simple"},"_links":{"self":[{"href":"http:\/\/ambrosioeletro.com.br\/v20\/wp-json\/wp\/v2\/product\/13638","targetHints":{"allow":["GET"]}}],"collection":[{"href":"http:\/\/ambrosioeletro.com.br\/v20\/wp-json\/wp\/v2\/product"}],"about":[{"href":"http:\/\/ambrosioeletro.com.br\/v20\/wp-json\/wp\/v2\/types\/product"}],"replies":[{"embeddable":true,"href":"http:\/\/ambrosioeletro.com.br\/v20\/wp-json\/wp\/v2\/comments?post=13638"}],"wp:featuredmedia":[{"embeddable":true,"href":"http:\/\/ambrosioeletro.com.br\/v20\/wp-json\/wp\/v2\/media\/13644"}],"wp:attachment":[{"href":"http:\/\/ambrosioeletro.com.br\/v20\/wp-json\/wp\/v2\/media?parent=13638"}],"wp:term":[{"taxonomy":"product_brand","embeddable":true,"href":"http:\/\/ambrosioeletro.com.br\/v20\/wp-json\/wp\/v2\/product_brand?post=13638"},{"taxonomy":"product_cat","embeddable":true,"href":"http:\/\/ambrosioeletro.com.br\/v20\/wp-json\/wp\/v2\/product_cat?post=13638"},{"taxonomy":"product_tag","embeddable":true,"href":"http:\/\/ambrosioeletro.com.br\/v20\/wp-json\/wp\/v2\/product_tag?post=13638"}],"curies":[{"name":"wp","href":"https:\/\/api.w.org\/{rel}","templated":true}]}}