{"id":13855,"date":"2025-09-25T11:06:06","date_gmt":"2025-09-25T14:06:06","guid":{"rendered":"https:\/\/ambrosioeletro.com.br\/v20\/?post_type=product&#038;p=13855"},"modified":"2026-02-27T16:57:22","modified_gmt":"2026-02-27T19:57:22","slug":"caixa-de-som-portatil-vibe-sound-v2-go-20w-rms-vs012","status":"publish","type":"product","link":"http:\/\/ambrosioeletro.com.br\/v20\/produto\/caixa-de-som-portatil-vibe-sound-v2-go-20w-rms-vs012\/","title":{"rendered":"Caixa de Som Port\u00e1til Vibe Sound V2 Go 20w Rms &#8211; (VS012)"},"content":{"rendered":"<h4>Especifica\u00e7\u00f5es<\/h4>\n<div class=\"vibesound-store-0-x-desc__item\">\n<div class=\"vibesound-store-0-x-desc__groupItem\">\n<p class=\"vibesound-store-0-x-desc__titleItem\">Modelo<\/p>\n<p class=\"vibesound-store-0-x-desc__paragraph\">VS012<\/p>\n<\/div>\n<div class=\"vibesound-store-0-x-desc__groupItem\">\n<p class=\"vibesound-store-0-x-desc__titleItem\">Alto falante<\/p>\n<p class=\"vibesound-store-0-x-desc__paragraph\">Duplo ALTO Falante de 2.25&#8243;<\/p>\n<\/div>\n<div class=\"vibesound-store-0-x-desc__groupItem\">\n<p class=\"vibesound-store-0-x-desc__titleItem\">Bluetooth<\/p>\n<p class=\"vibesound-store-0-x-desc__paragraph\">Sim<\/p>\n<\/div>\n<div class=\"vibesound-store-0-x-desc__groupItem\">\n<p class=\"vibesound-store-0-x-desc__titleItem\">Frequ\u00eancia<\/p>\n<p class=\"vibesound-store-0-x-desc__paragraph\">120Hz-18Khz<\/p>\n<\/div>\n<div class=\"vibesound-store-0-x-desc__groupItem\">\n<p class=\"vibesound-store-0-x-desc__titleItem\">Bateria<\/p>\n<p class=\"vibesound-store-0-x-desc__paragraph\">7.4V \/3.000mAH<\/p>\n<\/div>\n<div class=\"vibesound-store-0-x-desc__groupItem\">\n<p class=\"vibesound-store-0-x-desc__titleItem\">Fun\u00e7\u00f5es<\/p>\n<p class=\"vibesound-store-0-x-desc__paragraph\">BT\/AUX\/TF\/USB<\/p>\n<\/div>\n<div class=\"vibesound-store-0-x-desc__groupItem\">\n<p class=\"vibesound-store-0-x-desc__titleItem\">Tamanho m\u00e1ximo suportado das m\u00eddias<\/p>\n<p class=\"vibesound-store-0-x-desc__paragraph\">128GB<\/p>\n<\/div>\n<div class=\"vibesound-store-0-x-desc__groupItem\">\n<p class=\"vibesound-store-0-x-desc__titleItem\">Formato de \u00e1udio compat\u00edvel<\/p>\n<p class=\"vibesound-store-0-x-desc__paragraph\">MP3<\/p>\n<\/div>\n<div class=\"vibesound-store-0-x-desc__groupItem\">\n<p class=\"vibesound-store-0-x-desc__titleItem\">Modo true wireless<\/p>\n<p class=\"vibesound-store-0-x-desc__paragraph\">Sim<\/p>\n<\/div>\n<div class=\"vibesound-store-0-x-desc__groupItem\">\n<p class=\"vibesound-store-0-x-desc__titleItem\">Dura\u00e7\u00e3o da bateria (100% volume)<\/p>\n<p class=\"vibesound-store-0-x-desc__paragraph\">4 horas<\/p>\n<\/div>\n<div class=\"vibesound-store-0-x-desc__groupItem\">\n<p class=\"vibesound-store-0-x-desc__titleItem\">Tempo de recarga<\/p>\n<p class=\"vibesound-store-0-x-desc__paragraph\">5 horas<\/p>\n<\/div>\n<div class=\"vibesound-store-0-x-desc__groupItem\">\n<p class=\"vibesound-store-0-x-desc__titleItem\">Adaptador AC<\/p>\n<p class=\"vibesound-store-0-x-desc__paragraph\">Carregador 5V 1A (Tipo C)<\/p>\n<\/div>\n<div class=\"vibesound-store-0-x-desc__groupItem\">\n<p class=\"vibesound-store-0-x-desc__titleItem\">Luzes<\/p>\n<p class=\"vibesound-store-0-x-desc__paragraph\">Sim<\/p>\n<\/div>\n<div class=\"vibesound-store-0-x-desc__groupItem\">\n<p class=\"vibesound-store-0-x-desc__titleItem\">Al\u00e7a de transporte<\/p>\n<p class=\"vibesound-store-0-x-desc__paragraph\">Sim<\/p>\n<\/div>\n<div class=\"vibesound-store-0-x-desc__groupItem\">\n<p class=\"vibesound-store-0-x-desc__titleItem\">Itens inclusos<\/p>\n<p class=\"vibesound-store-0-x-desc__paragraph\">1x Caixa De Som V2 Go; 1x Guia Do Usu\u00e1rio; 1x Cabo Carregador Tipo Usb-c<\/p>\n<\/div>\n<div class=\"vibesound-store-0-x-desc__groupItem\">\n<p class=\"vibesound-store-0-x-desc__titleItem\">Homologa\u00e7\u00e3o Anatel N\u00ba<\/p>\n<p class=\"vibesound-store-0-x-desc__paragraph\">87172411609<\/p>\n<\/div>\n<div class=\"vibesound-store-0-x-desc__groupItem\">\n<p class=\"vibesound-store-0-x-desc__titleItem\">EAN<\/p>\n<p class=\"vibesound-store-0-x-desc__paragraph\">7898551181780<\/p>\n<\/div>\n<div class=\"vibesound-store-0-x-desc__groupItem\">\n<p class=\"vibesound-store-0-x-desc__titleItem\">Dimens\u00f5es<\/p>\n<p class=\"vibesound-store-0-x-desc__paragraph\">240*92*91mm<\/p>\n<\/div>\n<div class=\"vibesound-store-0-x-desc__groupItem\">\n<p class=\"vibesound-store-0-x-desc__titleItem\">Peso<\/p>\n<p class=\"vibesound-store-0-x-desc__paragraph\">0,925g<\/p>\n<\/div>\n<div class=\"vibesound-store-0-x-desc__groupItem\">\n<p class=\"vibesound-store-0-x-desc__titleItem\">M\u00faltiplas conex\u00f5es<\/p>\n<p class=\"vibesound-store-0-x-desc__paragraph\">Entradas: USB \/ Cart\u00e3o SD \/ Auxiliar \/ Microfone<\/p>\n<\/div>\n<div class=\"vibesound-store-0-x-desc__groupItem\">\n<p class=\"vibesound-store-0-x-desc__titleItem\">Display digital<\/p>\n<p class=\"vibesound-store-0-x-desc__paragraph\">N\u00e3o<\/p>\n<\/div>\n<div class=\"vibesound-store-0-x-desc__groupItem\">\n<p class=\"vibesound-store-0-x-desc__titleItem\">Fun\u00e7\u00e3o r\u00e1dio<\/p>\n<p class=\"vibesound-store-0-x-desc__paragraph\">Sim<\/p>\n<\/div>\n<div class=\"vibesound-store-0-x-desc__groupItem\">\n<p class=\"vibesound-store-0-x-desc__titleItem\">Rodinhas<\/p>\n<p class=\"vibesound-store-0-x-desc__paragraph\">N\u00e3o<\/p>\n<\/div>\n<div class=\"vibesound-store-0-x-desc__groupItem\">\n<p class=\"vibesound-store-0-x-desc__titleItem\">Bateria Defaulted Volume 50%<\/p>\n<p class=\"vibesound-store-0-x-desc__paragraph\">8 horas<\/p>\n<\/div>\n<div class=\"vibesound-store-0-x-desc__groupItem\">\n<p class=\"vibesound-store-0-x-desc__titleItem\">Potencia<\/p>\n<p class=\"vibesound-store-0-x-desc__paragraph\">20W<\/p>\n<\/div>\n<div class=\"vibesound-store-0-x-desc__groupItem\">\n<p class=\"vibesound-store-0-x-desc__titleItem\">Voltagem<\/p>\n<p class=\"vibesound-store-0-x-desc__paragraph\">Bivolt<\/p>\n<\/div>\n<div class=\"vibesound-store-0-x-desc__groupItem\">\n<p class=\"vibesound-store-0-x-desc__titleItem\">Cor<\/p>\n<p class=\"vibesound-store-0-x-desc__paragraph\">Preto<\/p>\n<\/div>\n<\/div>\n","protected":false},"excerpt":{"rendered":"<p>Especifica\u00e7\u00f5es Modelo VS012 Alto falante Duplo ALTO Falante de 2.25&#8243; Bluetooth Sim Frequ\u00eancia 120Hz-18Khz Bateria 7.4V \/3.000mAH Fun\u00e7\u00f5es BT\/AUX\/TF\/USB Tamanho m\u00e1ximo suportado das m\u00eddias 128GB Formato de \u00e1udio compat\u00edvel MP3<\/p>\n","protected":false},"featured_media":13860,"comment_status":"open","ping_status":"closed","template":"","meta":[],"product_brand":[],"product_cat":[228],"product_tag":[],"class_list":{"0":"post-13855","1":"product","2":"type-product","3":"status-publish","4":"has-post-thumbnail","6":"product_cat-eletroeletronicos","7":"product_shipping_class-pac","9":"first","10":"instock","11":"shipping-taxable","12":"purchasable","13":"product-type-simple"},"_links":{"self":[{"href":"http:\/\/ambrosioeletro.com.br\/v20\/wp-json\/wp\/v2\/product\/13855","targetHints":{"allow":["GET"]}}],"collection":[{"href":"http:\/\/ambrosioeletro.com.br\/v20\/wp-json\/wp\/v2\/product"}],"about":[{"href":"http:\/\/ambrosioeletro.com.br\/v20\/wp-json\/wp\/v2\/types\/product"}],"replies":[{"embeddable":true,"href":"http:\/\/ambrosioeletro.com.br\/v20\/wp-json\/wp\/v2\/comments?post=13855"}],"wp:featuredmedia":[{"embeddable":true,"href":"http:\/\/ambrosioeletro.com.br\/v20\/wp-json\/wp\/v2\/media\/13860"}],"wp:attachment":[{"href":"http:\/\/ambrosioeletro.com.br\/v20\/wp-json\/wp\/v2\/media?parent=13855"}],"wp:term":[{"taxonomy":"product_brand","embeddable":true,"href":"http:\/\/ambrosioeletro.com.br\/v20\/wp-json\/wp\/v2\/product_brand?post=13855"},{"taxonomy":"product_cat","embeddable":true,"href":"http:\/\/ambrosioeletro.com.br\/v20\/wp-json\/wp\/v2\/product_cat?post=13855"},{"taxonomy":"product_tag","embeddable":true,"href":"http:\/\/ambrosioeletro.com.br\/v20\/wp-json\/wp\/v2\/product_tag?post=13855"}],"curies":[{"name":"wp","href":"https:\/\/api.w.org\/{rel}","templated":true}]}}