{"id":13998,"date":"2025-10-09T10:39:14","date_gmt":"2025-10-09T13:39:14","guid":{"rendered":"https:\/\/ambrosioeletro.com.br\/v20\/?post_type=product&#038;p=13998"},"modified":"2026-04-17T09:21:42","modified_gmt":"2026-04-17T12:21:42","slug":"conjunto-estofado-rondomoveis-240-munique-corino-rondomoveis","status":"publish","type":"product","link":"http:\/\/ambrosioeletro.com.br\/v20\/produto\/conjunto-estofado-rondomoveis-240-munique-corino-rondomoveis\/","title":{"rendered":"CONJUNTO ESTOFADO RONDOMOVEIS 240 MUNIQUE CORINO RONDOMOVEIS"},"content":{"rendered":"<h2 class=\"header__title\">Informa\u00e7\u00f5es do produto<\/h2>\n<div class=\"description__container-text\">\n<h2 class=\"description__product-title\">Conjunto sof\u00e1 2 e 3 lugares Rondom\u00f3veis 240 &#8211; Korano Pequim<\/h2>\n<p>Sof\u00e1 Rondom\u00f3veis 240 Conjunto estofado Rondom\u00f3veis, produto de extrema qualidade, estrutura de madeira eucalipto e pinus de reflorestamento, revestimento em korano, p\u00e9s de madeira, encosto fixo e base forrada. Esse \u00e9 o estofado perfeito para complementar a decora\u00e7\u00e3o de sua sala proporcionando a voc\u00ea eleg\u00e2ncia, modernidade e um conforto surpreendente.<\/p>\n<p>Estrutura: Madeira de origem certificada, Eucalipto. Chapas de fibra e grampos de a\u00e7o;<br \/>\nAssento: em D-23 com molas em a\u00e7o S ;<br \/>\nEncosto: em flocos de espuma com camada de fibra de poli\u00e9ster siliconizada, desmont\u00e1vel;<br \/>\nBra\u00e7os: em flocos de espuma com camada de fibra de poli\u00e9ster siliconizada;<\/p>\n<table class=\"description__box--wildSand\">\n<tbody>\n<tr>\n<td class=\"description__information-left\">Informa\u00e7\u00f5es t\u00e9cnicas<\/td>\n<td class=\"description__information-right\">\n<table class=\"description__box\">\n<tbody>\n<tr>\n<td class=\"description__information-box-left\">Assento<\/td>\n<td class=\"description__information-box-right\">espuma D33 e molas em \u201cS\u201d.<\/td>\n<\/tr>\n<\/tbody>\n<\/table>\n<table class=\"description__box\">\n<tbody>\n<tr>\n<td class=\"description__information-box-left\">Bra\u00e7os<\/td>\n<td class=\"description__information-box-right\">Flocos de espuma e fibra de poli\u00e9ster siliconado.<\/td>\n<\/tr>\n<\/tbody>\n<\/table>\n<table class=\"description__box\">\n<tbody>\n<tr>\n<td class=\"description__information-box-left\">Encosto<\/td>\n<td class=\"description__information-box-right\">Flocos de espuma e fibra de poli\u00e9ster siliconado.<\/td>\n<\/tr>\n<\/tbody>\n<\/table>\n<table class=\"description__box\">\n<tbody>\n<tr>\n<td class=\"description__information-box-left\">Estrutura<\/td>\n<td class=\"description__information-box-right\">Madeira certificada<\/td>\n<\/tr>\n<\/tbody>\n<\/table>\n<table class=\"description__box\">\n<tbody>\n<tr>\n<td class=\"description__information-box-left\">Garantia<\/td>\n<td class=\"description__information-box-right\">6 meses<\/td>\n<\/tr>\n<\/tbody>\n<\/table>\n<table class=\"description__box\">\n<tbody>\n<tr>\n<td class=\"description__information-box-left\">P\u00e9s<\/td>\n<td class=\"description__information-box-right\">Madeira<\/td>\n<\/tr>\n<\/tbody>\n<\/table>\n<table class=\"description__box\">\n<tbody>\n<tr>\n<td class=\"description__information-box-left\">Peso suportado por assento (kg)<\/td>\n<td class=\"description__information-box-right\">120<\/td>\n<\/tr>\n<\/tbody>\n<\/table>\n<table class=\"description__box\">\n<tbody>\n<tr>\n<td class=\"description__information-box-left\">Revestimento<\/td>\n<td class=\"description__information-box-right\">Corino<\/td>\n<\/tr>\n<\/tbody>\n<\/table>\n<table class=\"description__box\">\n<tbody>\n<tr>\n<td class=\"description__information-box-left\">Tipo de Encosto<\/td>\n<td class=\"description__information-box-right\">Fixo<\/td>\n<\/tr>\n<\/tbody>\n<\/table>\n<\/td>\n<\/tr>\n<\/tbody>\n<\/table>\n<table class=\"description__box\">\n<tbody>\n<tr>\n<td class=\"description__information-left\">Informa\u00e7\u00f5es complementares<\/td>\n<td class=\"description__information-right\">\n<table class=\"description__box\">\n<tbody>\n<tr>\n<td class=\"description__information-box-left\">Marca<\/td>\n<td class=\"description__information-box-right\">Rondom\u00f3veis<\/td>\n<\/tr>\n<\/tbody>\n<\/table>\n<table class=\"description__box\">\n<tbody>\n<tr>\n<td class=\"description__information-box-left\">Quantidade de Lugares<\/td>\n<td class=\"description__information-box-right\">3 Lugares<\/p>\n<p>&nbsp;<\/p>\n<p><strong>Imagens meramente ilustrativas.<\/strong><\/p>\n<p><strong><span style=\"color: #666666; font-family: Didact Gothic;\">Os produtos que decoram a imagem n\u00e3o est\u00e3o inclu\u00eddos no pre\u00e7o.<\/span><\/strong><\/td>\n<\/tr>\n<\/tbody>\n<\/table>\n<\/td>\n<\/tr>\n<\/tbody>\n<\/table>\n<\/div>\n","protected":false},"excerpt":{"rendered":"<p>Informa\u00e7\u00f5es do produto Conjunto sof\u00e1 2 e 3 lugares Rondom\u00f3veis 240 &#8211; Korano Pequim Sof\u00e1 Rondom\u00f3veis 240 Conjunto estofado Rondom\u00f3veis, produto de extrema qualidade, estrutura de madeira eucalipto e pinus<\/p>\n","protected":false},"featured_media":13999,"comment_status":"open","ping_status":"closed","template":"","meta":[],"product_brand":[],"product_cat":[242,420],"product_tag":[],"class_list":{"0":"post-13998","1":"product","2":"type-product","3":"status-publish","4":"has-post-thumbnail","6":"product_cat-sala","7":"product_cat-sofa","8":"product_shipping_class-retirar-no-local","10":"first","11":"instock","12":"shipping-taxable","13":"purchasable","14":"product-type-simple"},"_links":{"self":[{"href":"http:\/\/ambrosioeletro.com.br\/v20\/wp-json\/wp\/v2\/product\/13998","targetHints":{"allow":["GET"]}}],"collection":[{"href":"http:\/\/ambrosioeletro.com.br\/v20\/wp-json\/wp\/v2\/product"}],"about":[{"href":"http:\/\/ambrosioeletro.com.br\/v20\/wp-json\/wp\/v2\/types\/product"}],"replies":[{"embeddable":true,"href":"http:\/\/ambrosioeletro.com.br\/v20\/wp-json\/wp\/v2\/comments?post=13998"}],"wp:featuredmedia":[{"embeddable":true,"href":"http:\/\/ambrosioeletro.com.br\/v20\/wp-json\/wp\/v2\/media\/13999"}],"wp:attachment":[{"href":"http:\/\/ambrosioeletro.com.br\/v20\/wp-json\/wp\/v2\/media?parent=13998"}],"wp:term":[{"taxonomy":"product_brand","embeddable":true,"href":"http:\/\/ambrosioeletro.com.br\/v20\/wp-json\/wp\/v2\/product_brand?post=13998"},{"taxonomy":"product_cat","embeddable":true,"href":"http:\/\/ambrosioeletro.com.br\/v20\/wp-json\/wp\/v2\/product_cat?post=13998"},{"taxonomy":"product_tag","embeddable":true,"href":"http:\/\/ambrosioeletro.com.br\/v20\/wp-json\/wp\/v2\/product_tag?post=13998"}],"curies":[{"name":"wp","href":"https:\/\/api.w.org\/{rel}","templated":true}]}}