{"id":14001,"date":"2025-10-09T11:05:35","date_gmt":"2025-10-09T14:05:35","guid":{"rendered":"https:\/\/ambrosioeletro.com.br\/v20\/?post_type=product&#038;p=14001"},"modified":"2026-04-17T16:20:16","modified_gmt":"2026-04-17T19:20:16","slug":"camarim-e-penteadeira-anne-com-espelho-mavaular","status":"publish","type":"product","link":"http:\/\/ambrosioeletro.com.br\/v20\/produto\/camarim-e-penteadeira-anne-com-espelho-mavaular\/","title":{"rendered":"Camarim e penteadeira anne com espelho &#8211; MAVAULAR"},"content":{"rendered":"<div class=\"relative px-md overflow-hidden border-on-surface-8 after:pointer-events-none after:absolute after:bottom-[0] after:left-[0] after:h-[72px] after:w-full after:bg-gradient-to-b after:from-[#FFFFFF00] after:to-[#FFFFFF] md:after:content-none md:px-lg max-md:border-b-thin\" data-testid=\"tab-product-detail\">\n<h2 class=\"text-on-surface-2 font-md-bold md:font-title-large-highlight md:mb-md\" data-testid=\"product-details-title\">Descri\u00e7\u00e3o e ficha t\u00e9cnica<\/h2>\n<div data-testid=\"product-detail\">\n<p class=\"mt-2xsm text-on-surface-4 font-xsm-regular\" data-testid=\"product-detail-code\">C\u00f3digo\u00a0aa7344gh0k<\/p>\n<div class=\"mt-md font-xsm-regular\" data-testid=\"product-detail-description\">\n<p><strong>Descri\u00e7\u00e3o Geral:<\/strong><\/p>\n<p>Penteadeira com espelho Anne \u00e9 uma uni\u00e3o de organiza\u00e7\u00e3o e sofistica\u00e7\u00e3o. A bel\u00edssima penteadeira camarim deixa para traz os tra\u00e7os Retr\u00f4 das penteadeiras, e \u00e9 recriada com detalhes e linhas retas muito modernas al\u00e9m de permitir uma melhor organiza\u00e7\u00e3o. N\u00e3o Acompanha l\u00e2mpadas.<\/p>\n<p><strong>OBS: O NOSSO OFF WHITE \u00c9 PUXADO PARA A COR GELO, N\u00c3O \u00c9 QUASE BRANCO.<\/strong><\/p>\n<p><strong>Informa\u00e7\u00f5es T\u00e9cnicas:<\/strong><\/p>\n<p>Acabamento: Pintura UV<\/p>\n<p>Acabamento da Gaveta: Pintura<\/p>\n<p>Altura: 181,3 cm<\/p>\n<p>Ambiente: Quarto<\/p>\n<p>Escala de Brilho: Brilhante<\/p>\n<p>Escala de Brilho da Gaveta: Brilhante<\/p>\n<p>Formato do Espelho: Retangular<\/p>\n<p>Itens Inclusos: 1 Penteadeira Camarim e Manual de Montagem<\/p>\n<p>Largura: 136 cm<\/p>\n<p>Linha ou Cole\u00e7\u00e3o: Berlim<\/p>\n<p>Material da Gaveta: MDP Material: MDF\/MDP<\/p>\n<p>Medida da Moldura: 130cmx136cm<\/p>\n<p>Necessita Montagem: Sim<\/p>\n<p>Possui Espelho: Sim<\/p>\n<p>Possui Gavetas: 05<\/p>\n<p>Possui Moldura: Sim<\/p>\n<p>Possui Portas: N\u00e3o<\/p>\n<p>Possui Prateleiras: N\u00e3o<\/p>\n<p>Profundidade: 40 cm<\/p>\n<p>Recomenda\u00e7\u00f5es de Uso, Manuten\u00e7\u00e3o e Limpeza: Limpar com flanela limpa e seca. N\u00e3o usar produtos abrasivos.<\/p>\n<p>Sistema de Montagem: Parafuso, Minifix<\/p>\n<p>Suporta at\u00e9 (kg): 70 kg<\/p>\n<p>Tamanho do Espelho (A x L): 103,8cmx86,8cm<\/p>\n<p>Tipo de Puxador da Gaveta: Embutido<\/p>\n<p><strong>INFORMA\u00c7\u00d5ES IMPORTANTES:<\/strong><\/p>\n<p>Objetos decorativos que porventura apare\u00e7am na foto, n\u00e3o acompanham o produto.<\/p>\n<p>N\u00e3o nos responsabilizamos pela montagem\/instala\u00e7\u00e3o dos produtos.<\/p>\n<p>Montagens, desmontagens e instala\u00e7\u00f5es s\u00e3o responsabilidades do cliente.<\/p>\n<p>Indicamos que contrate uma empresa de montagem ou um montador de sua confian\u00e7a.<\/p>\n<p>Al\u00e9m disso, favor verificar se os p\u00e9s e acess\u00f3rios est\u00e3o dentro do forro inferior do produto.<\/p>\n<p>Em suma, todas as informa\u00e7\u00f5es divulgadas sobre o produto s\u00e3o de responsabilidade do Fabricante.<\/p>\n<p>As cores do produto podem variar de acordo com o seu monitor, a ilumina\u00e7\u00e3o do ambiente em que voc\u00ea est\u00e1 e at\u00e9 mesmo a sua percep\u00e7\u00e3o visual.<\/p>\n<p>Al\u00e9m da cor, pequenos detalhes e acabamentos podem n\u00e3o ficar evidentes na foto, por isso as imagens s\u00e3o meramente ilustrativas.<\/p>\n<\/div>\n<\/div>\n<\/div>\n<div class=\"hidden border-on-surface-8 md:px-lg md:block md:py-md\" data-testid=\"tab-product-factsheet\">\n<h2 class=\"text-on-surface-2 font-md-bold md:font-title-large-highlight md:mb-md\" data-testid=\"product-factsheet-title\">Ficha T\u00e9cnica<\/h2>\n<div class=\"pt-2xsm\">\n<table class=\"w-full list-none\" data-testid=\"table-factsheet\">\n<tbody>\n<tr class=\"text-on-surface-3 even:bg-surface-container-lower\">\n<td class=\"px-md py-sm align-top font-xsm-bold table-cell w-1\/2\" data-testid=\"table-factsheet-key\">Garantia<\/td>\n<td class=\"list-item w-full px-md py-sm align-top font-xsm-regular\">3 meses<\/td>\n<\/tr>\n<tr class=\"text-on-surface-3 even:bg-surface-container-lower\">\n<td class=\"px-md py-sm align-top font-xsm-bold table-cell w-1\/2\" data-testid=\"table-factsheet-key\">Fabricante<\/td>\n<td class=\"list-item w-full px-md py-sm align-top font-xsm-regular\">Mavaular M\u00f3veis<\/td>\n<\/tr>\n<tr class=\"text-on-surface-3 even:bg-surface-container-lower\">\n<td class=\"px-md py-sm align-top font-xsm-bold table-cell w-1\/2\" data-testid=\"table-factsheet-key\">Profundidade<\/td>\n<td class=\"list-item w-full px-md py-sm align-top font-xsm-regular\">40 cm<\/td>\n<\/tr>\n<tr class=\"text-on-surface-3 even:bg-surface-container-lower\">\n<td class=\"px-md py-sm align-top font-xsm-bold table-cell w-1\/2\" data-testid=\"table-factsheet-key\">Peso Suportado<\/td>\n<td class=\"list-item w-full px-md py-sm align-top font-xsm-regular\">Suporta at\u00e9 (kg): 70 kg<\/td>\n<\/tr>\n<tr class=\"text-on-surface-3 even:bg-surface-container-lower\">\n<td class=\"px-md py-sm align-top font-xsm-bold table-cell w-1\/2\" data-testid=\"table-factsheet-key\">Tamanho do Espelho<\/td>\n<td class=\"list-item w-full px-md py-sm align-top font-xsm-regular\">(A x L): 103,8cmx86,8cm<\/td>\n<\/tr>\n<tr class=\"text-on-surface-3 even:bg-surface-container-lower\">\n<td class=\"px-md py-sm align-top font-xsm-bold table-cell w-1\/2\" data-testid=\"table-factsheet-key\">Ambiente Indicado<\/td>\n<td class=\"list-item w-full px-md py-sm align-top font-xsm-regular\">Quarto<\/td>\n<\/tr>\n<tr class=\"text-on-surface-3 even:bg-surface-container-lower\">\n<td class=\"px-md py-sm align-top font-xsm-bold table-cell w-1\/2\" data-testid=\"table-factsheet-key\">Possui Gavetas<\/td>\n<td class=\"list-item w-full px-md py-sm align-top font-xsm-regular\">5 Gavetas<\/td>\n<\/tr>\n<tr class=\"text-on-surface-3 even:bg-surface-container-lower\">\n<td class=\"px-md py-sm align-top font-xsm-bold table-cell w-1\/2\" data-testid=\"table-factsheet-key\">Acabamento<\/td>\n<td class=\"list-item w-full px-md py-sm align-top font-xsm-regular\">Pintura UV<\/td>\n<\/tr>\n<tr class=\"text-on-surface-3 even:bg-surface-container-lower\">\n<td class=\"px-md py-sm align-top font-xsm-bold table-cell w-1\/2\" data-testid=\"table-factsheet-key\">Componentes do M\u00f3vel<\/td>\n<td class=\"list-item w-full px-md py-sm align-top font-xsm-regular\">1 Penteadeira Camarim e Manual de Montagem<\/td>\n<\/tr>\n<tr class=\"text-on-surface-3 even:bg-surface-container-lower\">\n<td class=\"px-md py-sm align-top font-xsm-bold table-cell w-1\/2\" data-testid=\"table-factsheet-key\">Conte\u00fado da Embalagem<\/td>\n<td class=\"list-item w-full px-md py-sm align-top font-xsm-regular\">1 Penteadeira Camarim e Manual de Montagem<\/td>\n<\/tr>\n<tr class=\"text-on-surface-3 even:bg-surface-container-lower\">\n<td class=\"px-md py-sm align-top font-xsm-bold table-cell w-1\/2\" data-testid=\"table-factsheet-key\">Cor<\/td>\n<td class=\"list-item w-full px-md py-sm align-top font-xsm-regular\">Off White<\/td>\n<\/tr>\n<tr class=\"text-on-surface-3 even:bg-surface-container-lower\">\n<td class=\"px-md py-sm align-top font-xsm-bold table-cell w-1\/2\" data-testid=\"table-factsheet-key\">Dimens\u00f5es do Produto<\/td>\n<td class=\"list-item w-full px-md py-sm align-top font-xsm-regular\">Altura: 181,3 cm Largura: 136 cm Profundidade: 40 cm<\/td>\n<\/tr>\n<tr class=\"text-on-surface-3 even:bg-surface-container-lower\">\n<td class=\"px-md py-sm align-top font-xsm-bold table-cell w-1\/2\" data-testid=\"table-factsheet-key\">Estilo do M\u00f3vel<\/td>\n<td class=\"list-item w-full px-md py-sm align-top font-xsm-regular\">Moderno<\/td>\n<\/tr>\n<tr class=\"text-on-surface-3 even:bg-surface-container-lower\">\n<td class=\"px-md py-sm align-top font-xsm-bold table-cell w-1\/2\" data-testid=\"table-factsheet-key\">Gavetas<\/td>\n<td class=\"list-item w-full px-md py-sm align-top font-xsm-regular\">Sim<\/td>\n<\/tr>\n<tr class=\"text-on-surface-3 even:bg-surface-container-lower\">\n<td class=\"px-md py-sm align-top font-xsm-bold table-cell w-1\/2\" data-testid=\"table-factsheet-key\">Linha<\/td>\n<td class=\"list-item w-full px-md py-sm align-top font-xsm-regular\">Berlim<\/td>\n<\/tr>\n<tr class=\"text-on-surface-3 even:bg-surface-container-lower\">\n<td class=\"px-md py-sm align-top font-xsm-bold table-cell w-1\/2\" data-testid=\"table-factsheet-key\">Material<\/td>\n<td class=\"list-item w-full px-md py-sm align-top font-xsm-regular\">MDF\/MDP<\/td>\n<\/tr>\n<tr class=\"text-on-surface-3 even:bg-surface-container-lower\">\n<td class=\"px-md py-sm align-top font-xsm-bold table-cell w-1\/2\" data-testid=\"table-factsheet-key\">Material da Estrutura<\/td>\n<td class=\"list-item w-full px-md py-sm align-top font-xsm-regular\">MDF, MDP<\/td>\n<\/tr>\n<tr class=\"text-on-surface-3 even:bg-surface-container-lower\">\n<td class=\"px-md py-sm align-top font-xsm-bold table-cell w-1\/2\" data-testid=\"table-factsheet-key\">Modelo<\/td>\n<td class=\"list-item w-full px-md py-sm align-top font-xsm-regular\">Anne<\/td>\n<\/tr>\n<tr class=\"text-on-surface-3 even:bg-surface-container-lower\">\n<td class=\"px-md py-sm align-top font-xsm-bold table-cell w-1\/2\" data-testid=\"table-factsheet-key\">Peso Suportado<\/td>\n<td class=\"list-item w-full px-md py-sm align-top font-xsm-regular\">70 kg<\/td>\n<\/tr>\n<tr class=\"text-on-surface-3 even:bg-surface-container-lower\">\n<td class=\"px-md py-sm align-top font-xsm-bold table-cell w-1\/2\" data-testid=\"table-factsheet-key\">Prateleiras<\/td>\n<td class=\"list-item w-full px-md py-sm align-top font-xsm-regular\">N\u00e3o<\/td>\n<\/tr>\n<tr class=\"text-on-surface-3 even:bg-surface-container-lower\">\n<td class=\"px-md py-sm align-top font-xsm-bold table-cell w-1\/2\" data-testid=\"table-factsheet-key\">Quantidade de Gavetas<\/td>\n<td class=\"list-item w-full px-md py-sm align-top font-xsm-regular\">05<\/td>\n<\/tr>\n<tr class=\"text-on-surface-3 even:bg-surface-container-lower\">\n<td class=\"px-md py-sm align-top font-xsm-bold table-cell w-1\/2\" data-testid=\"table-factsheet-key\">Quantidade de Portas<\/td>\n<td class=\"list-item w-full px-md py-sm align-top font-xsm-regular\">N\u00e3o<\/td>\n<\/tr>\n<tr class=\"text-on-surface-3 even:bg-surface-container-lower\">\n<td class=\"px-md py-sm align-top font-xsm-bold table-cell w-1\/2\" data-testid=\"table-factsheet-key\">Revestimento<\/td>\n<td class=\"list-item w-full px-md py-sm align-top font-xsm-regular\">Pintura UV<\/td>\n<\/tr>\n<tr class=\"text-on-surface-3 even:bg-surface-container-lower\">\n<td class=\"px-md py-sm align-top font-xsm-bold table-cell w-1\/2\" data-testid=\"table-factsheet-key\">Sistema de Montagem<\/td>\n<td class=\"list-item w-full px-md py-sm align-top font-xsm-regular\">Parafuso, Minifix<\/td>\n<\/tr>\n<tr class=\"text-on-surface-3 even:bg-surface-container-lower\">\n<td class=\"px-md py-sm align-top font-xsm-bold table-cell w-1\/2\" data-testid=\"table-factsheet-key\">Tipo de M\u00f3vel<\/td>\n<td class=\"list-item w-full px-md py-sm align-top font-xsm-regular\">Penteadeira<\/td>\n<\/tr>\n<\/tbody>\n<\/table>\n<\/div>\n<\/div>\n","protected":false},"excerpt":{"rendered":"<p>Descri\u00e7\u00e3o e ficha t\u00e9cnica C\u00f3digo\u00a0aa7344gh0k Descri\u00e7\u00e3o Geral: Penteadeira com espelho Anne \u00e9 uma uni\u00e3o de organiza\u00e7\u00e3o e sofistica\u00e7\u00e3o. A bel\u00edssima penteadeira camarim deixa para traz os tra\u00e7os Retr\u00f4 das penteadeiras,<\/p>\n","protected":false},"featured_media":14003,"comment_status":"open","ping_status":"closed","template":"","meta":[],"product_brand":[],"product_cat":[241],"product_tag":[],"class_list":{"0":"post-14001","1":"product","2":"type-product","3":"status-publish","4":"has-post-thumbnail","6":"product_cat-quarto","7":"product_shipping_class-retirar-no-local","9":"first","10":"instock","11":"shipping-taxable","12":"purchasable","13":"product-type-simple"},"_links":{"self":[{"href":"http:\/\/ambrosioeletro.com.br\/v20\/wp-json\/wp\/v2\/product\/14001","targetHints":{"allow":["GET"]}}],"collection":[{"href":"http:\/\/ambrosioeletro.com.br\/v20\/wp-json\/wp\/v2\/product"}],"about":[{"href":"http:\/\/ambrosioeletro.com.br\/v20\/wp-json\/wp\/v2\/types\/product"}],"replies":[{"embeddable":true,"href":"http:\/\/ambrosioeletro.com.br\/v20\/wp-json\/wp\/v2\/comments?post=14001"}],"wp:featuredmedia":[{"embeddable":true,"href":"http:\/\/ambrosioeletro.com.br\/v20\/wp-json\/wp\/v2\/media\/14003"}],"wp:attachment":[{"href":"http:\/\/ambrosioeletro.com.br\/v20\/wp-json\/wp\/v2\/media?parent=14001"}],"wp:term":[{"taxonomy":"product_brand","embeddable":true,"href":"http:\/\/ambrosioeletro.com.br\/v20\/wp-json\/wp\/v2\/product_brand?post=14001"},{"taxonomy":"product_cat","embeddable":true,"href":"http:\/\/ambrosioeletro.com.br\/v20\/wp-json\/wp\/v2\/product_cat?post=14001"},{"taxonomy":"product_tag","embeddable":true,"href":"http:\/\/ambrosioeletro.com.br\/v20\/wp-json\/wp\/v2\/product_tag?post=14001"}],"curies":[{"name":"wp","href":"https:\/\/api.w.org\/{rel}","templated":true}]}}