{"id":14023,"date":"2025-10-13T08:54:11","date_gmt":"2025-10-13T11:54:11","guid":{"rendered":"https:\/\/ambrosioeletro.com.br\/v20\/?post_type=product&#038;p=14023"},"modified":"2026-02-27T17:28:31","modified_gmt":"2026-02-27T20:28:31","slug":"mesa-de-plastico-topplast-top-premium-quadrada","status":"publish","type":"product","link":"http:\/\/ambrosioeletro.com.br\/v20\/produto\/mesa-de-plastico-topplast-top-premium-quadrada\/","title":{"rendered":"Mesa De Pl\u00e1stico Topplast Top Premium Quadrada"},"content":{"rendered":"<div class=\"et_pb_module et_pb_text et_pb_text_2 et_pb_text_align_left et_pb_bg_layout_light\">\n<div class=\"et_pb_text_inner\">\n<h1>Mesa Top<\/h1>\n<\/div>\n<\/div>\n<div class=\"et_pb_module et_pb_text et_pb_text_3 et_pb_text_align_left et_pb_bg_layout_light\">\n<div class=\"et_pb_text_inner\">\n<h4><span class=\"fontstyle0\">Informa\u00e7\u00f5es adicionais<\/span><\/h4>\n<p><span class=\"fontstyle0\">1.\u00a0<\/span><span class=\"fontstyle2\">Limpar com \u00e1gua e sab\u00e3o neutro.<br \/>\n<\/span><span class=\"fontstyle0\">2.\u00a0<\/span><span class=\"fontstyle2\">Transportar com cuidado.<br \/>\n<\/span><span class=\"fontstyle0\">3.\u00a0<\/span><span class=\"fontstyle2\">Utilizar preferencialmente em lugar sem exposi\u00e7\u00e3o \u00e0 luz solar, para que o produto mantenha sua beleza e tenha longa vida \u00fatil.<\/span><\/p>\n<\/div>\n<\/div>\n<div class=\"et_pb_module et_pb_text et_pb_text_4 et_pb_text_align_left et_pb_bg_layout_light\">\n<div class=\"et_pb_text_inner\">\n<h4><span class=\"fontstyle0\">Especifica\u00e7\u00f5es<\/span><\/h4>\n<p><span class=\"fontstyle0\">Material: Polipropileno<br \/>\nLargura: 700mm<br \/>\nProfundidade: 700mm<br \/>\nAltura: 711mm<br \/>\nPeso: 4kg \u00b1 150g<\/span><\/p>\n<\/div>\n<\/div>\n","protected":false},"excerpt":{"rendered":"<p>Mesa Top Informa\u00e7\u00f5es adicionais 1.\u00a0Limpar com \u00e1gua e sab\u00e3o neutro. 2.\u00a0Transportar com cuidado. 3.\u00a0Utilizar preferencialmente em lugar sem exposi\u00e7\u00e3o \u00e0 luz solar, para que o produto mantenha sua beleza e<\/p>\n","protected":false},"featured_media":14024,"comment_status":"open","ping_status":"closed","template":"","meta":[],"product_brand":[],"product_cat":[383,243],"product_tag":[],"class_list":{"0":"post-14023","1":"product","2":"type-product","3":"status-publish","4":"has-post-thumbnail","6":"product_cat-area-de-servico-2","7":"product_cat-cozinha-moveis","8":"product_shipping_class-retirar-no-local","10":"first","11":"instock","12":"shipping-taxable","13":"purchasable","14":"product-type-simple"},"_links":{"self":[{"href":"http:\/\/ambrosioeletro.com.br\/v20\/wp-json\/wp\/v2\/product\/14023","targetHints":{"allow":["GET"]}}],"collection":[{"href":"http:\/\/ambrosioeletro.com.br\/v20\/wp-json\/wp\/v2\/product"}],"about":[{"href":"http:\/\/ambrosioeletro.com.br\/v20\/wp-json\/wp\/v2\/types\/product"}],"replies":[{"embeddable":true,"href":"http:\/\/ambrosioeletro.com.br\/v20\/wp-json\/wp\/v2\/comments?post=14023"}],"wp:featuredmedia":[{"embeddable":true,"href":"http:\/\/ambrosioeletro.com.br\/v20\/wp-json\/wp\/v2\/media\/14024"}],"wp:attachment":[{"href":"http:\/\/ambrosioeletro.com.br\/v20\/wp-json\/wp\/v2\/media?parent=14023"}],"wp:term":[{"taxonomy":"product_brand","embeddable":true,"href":"http:\/\/ambrosioeletro.com.br\/v20\/wp-json\/wp\/v2\/product_brand?post=14023"},{"taxonomy":"product_cat","embeddable":true,"href":"http:\/\/ambrosioeletro.com.br\/v20\/wp-json\/wp\/v2\/product_cat?post=14023"},{"taxonomy":"product_tag","embeddable":true,"href":"http:\/\/ambrosioeletro.com.br\/v20\/wp-json\/wp\/v2\/product_tag?post=14023"}],"curies":[{"name":"wp","href":"https:\/\/api.w.org\/{rel}","templated":true}]}}