{"id":14126,"date":"2025-10-16T17:48:20","date_gmt":"2025-10-16T20:48:20","guid":{"rendered":"https:\/\/ambrosioeletro.com.br\/v20\/?post_type=product&#038;p=14126"},"modified":"2026-04-06T12:17:25","modified_gmt":"2026-04-06T15:17:25","slug":"fogao-5-bocas-electrolux-cinza-efficient-com-mesa-inox-perfectcook-e-vaporbake-fe5ic","status":"publish","type":"product","link":"http:\/\/ambrosioeletro.com.br\/v20\/produto\/fogao-5-bocas-electrolux-cinza-efficient-com-mesa-inox-perfectcook-e-vaporbake-fe5ic\/","title":{"rendered":"Fog\u00e3o 5 bocas Electrolux Cinza Efficient com Mesa Inox, PerfectCook e VaporBake (FE5IC)"},"content":{"rendered":"<h2 class=\"vtex-store-components-3-x-productDescriptionTitle vtex-store-components-3-x-productDescriptionTitle--product-description-title t-heading-5 mb5 mt0\">Resumo<\/h2>\n<div class=\"vtex-store-components-3-x-productDescriptionText vtex-store-components-3-x-productDescriptionText--product-description-title c-muted-1\">\n<p>O Fog\u00e3o 5 Bocas Cinza (FE5IC) \u00e9 equipado com tecnologias que proporcionam um preparo mais r\u00e1pido e eficiente dos seus pratos favoritos. Com forno com ampla capacidade e mesa inox com cinco queimadores, ele facilita o preparo eficiente de receitas complexas de uma s\u00f3 vez e ainda oferece recursos que permitem uma limpeza sem esfor\u00e7o.<\/p>\n<h2><strong>Conhe\u00e7a mais sobre fog\u00e3o 5 bocas cinza<\/strong><\/h2>\n<h2><strong>Tecnologias do fog\u00e3o 5 bocas cinza <\/strong><\/h2>\n<p>O Fog\u00e3o Electrolux 5 Bocas Cinza apresenta tecnologias que aliam efici\u00eancia e facilidade no preparo de diferentes pratos no forno e no fog\u00e3o.<\/p>\n<h3><strong>Forno amplo com tecnologia exclusiva <\/strong><\/h3>\n<p>O forno do fog\u00e3o 5 bocas cinza \u00e9 equipado com a exclusiva tecnologia PerfectCook, que conta com cavidade selada, o que oferece melhor isolamento t\u00e9rmico atrav\u00e9s de uma estrutura com cantos arredondados, retendo a temperatura e reduzindo o tempo de cozimento dos alimentos em at\u00e9 18%.<\/p>\n<p>Para receitas ainda mais saborosas, voc\u00ea pode cozinhar com o VaporBake\u00ae e conseguir, por meio da coc\u00e7\u00e3o a vapor, at\u00e9 duas vezes mais croc\u00e2ncia, textura e sabor em massas e p\u00e3es. E quando precisar apenas aquecer os pratos, basta usar a fun\u00e7\u00e3o Regenerar a Vapor, que preserva o sabor e o aroma da comida sem ressec\u00e1-la.<\/p>\n<h3><strong>Design robusto e f\u00e1cil de limpar <\/strong><\/h3>\n<p>O forno de 108,9 litros, al\u00e9m de contar com amplo espa\u00e7o interno, possui porta em vidro, que permite acompanhar suas receitas com mais visibilidade, sem precisar abrir o compartimento. Al\u00e9m disso, disp\u00f5e de uma prateleira manual e outra auto deslizante, que facilitam a retirada dos alimentos com praticidade e seguran\u00e7a.<\/p>\n<p>Para promover mais rapidez e efici\u00eancia no preparo, esse modelo de fog\u00e3o tem ainda Tripla Chama, que deixa as receitas mais homog\u00eaneas e saborosas. As grades individuais apresentam design robusto, com maior estabilidade, e conta com acendimento autom\u00e1tico de igni\u00e7\u00e3o r\u00e1pida, f\u00e1cil e segura.<\/p>\n<h3><strong>Facilidade na limpeza<\/strong><\/h3>\n<p>O Fog\u00e3o Electrolux 5 Bocas Cinza tamb\u00e9m oferece recursos que facilitam a limpeza:<\/p>\n<ul>\n<li>Vidro interno do forno: remov\u00edvel e pode ser retirado com facilidade para obter uma limpeza profunda e completa do seu forno;<\/li>\n<li>Tecnologia FastClean: forno com revestimento que impede a entrada de impurezas e sujeiras, facilitando a remo\u00e7\u00e3o de gordura e res\u00edduos de comida, com 2 anos de garantia;<\/li>\n<li>Mesa de inox compartimentada: design moderno que evita que l\u00edquidos escorram, permitindo uma limpeza profunda do fog\u00e3o;<\/li>\n<li>Queimadores selados e bot\u00f5es remov\u00edveis: permitem menor esfor\u00e7o na limpeza do fog\u00e3o.<\/li>\n<\/ul>\n<ul>\n<li class=\"linha\">Altura100,2 cm<\/li>\n<li class=\"linha\">Largura80,5 cm<\/li>\n<li class=\"linha\">Profundidade69,5 cm<\/li>\n<li class=\"linha\">Peso39,5 kg<\/li>\n<\/ul>\n<\/div>\n","protected":false},"excerpt":{"rendered":"<p>Resumo O Fog\u00e3o 5 Bocas Cinza (FE5IC) \u00e9 equipado com tecnologias que proporcionam um preparo mais r\u00e1pido e eficiente dos seus pratos favoritos. Com forno com ampla capacidade e mesa<\/p>\n","protected":false},"featured_media":14127,"comment_status":"open","ping_status":"closed","template":"","meta":[],"product_brand":[],"product_cat":[15,232],"product_tag":[],"class_list":{"0":"post-14126","1":"product","2":"type-product","3":"status-publish","4":"has-post-thumbnail","6":"product_cat-produtos","7":"product_cat-cozinha","8":"product_shipping_class-retirar-no-local","10":"first","11":"instock","12":"shipping-taxable","13":"purchasable","14":"product-type-simple"},"_links":{"self":[{"href":"http:\/\/ambrosioeletro.com.br\/v20\/wp-json\/wp\/v2\/product\/14126","targetHints":{"allow":["GET"]}}],"collection":[{"href":"http:\/\/ambrosioeletro.com.br\/v20\/wp-json\/wp\/v2\/product"}],"about":[{"href":"http:\/\/ambrosioeletro.com.br\/v20\/wp-json\/wp\/v2\/types\/product"}],"replies":[{"embeddable":true,"href":"http:\/\/ambrosioeletro.com.br\/v20\/wp-json\/wp\/v2\/comments?post=14126"}],"wp:featuredmedia":[{"embeddable":true,"href":"http:\/\/ambrosioeletro.com.br\/v20\/wp-json\/wp\/v2\/media\/14127"}],"wp:attachment":[{"href":"http:\/\/ambrosioeletro.com.br\/v20\/wp-json\/wp\/v2\/media?parent=14126"}],"wp:term":[{"taxonomy":"product_brand","embeddable":true,"href":"http:\/\/ambrosioeletro.com.br\/v20\/wp-json\/wp\/v2\/product_brand?post=14126"},{"taxonomy":"product_cat","embeddable":true,"href":"http:\/\/ambrosioeletro.com.br\/v20\/wp-json\/wp\/v2\/product_cat?post=14126"},{"taxonomy":"product_tag","embeddable":true,"href":"http:\/\/ambrosioeletro.com.br\/v20\/wp-json\/wp\/v2\/product_tag?post=14126"}],"curies":[{"name":"wp","href":"https:\/\/api.w.org\/{rel}","templated":true}]}}