{"id":14358,"date":"2025-11-17T08:58:51","date_gmt":"2025-11-17T11:58:51","guid":{"rendered":"https:\/\/ambrosioeletro.com.br\/v20\/?post_type=product&#038;p=14358"},"modified":"2026-03-25T11:56:10","modified_gmt":"2026-03-25T14:56:10","slug":"secador-de-cabelo-profissional-taiff-style-azul-tiffany-2000w-220v","status":"publish","type":"product","link":"http:\/\/ambrosioeletro.com.br\/v20\/produto\/secador-de-cabelo-profissional-taiff-style-azul-tiffany-2000w-220v\/","title":{"rendered":"Secador De Cabelo Profissional Taiff Style Azul Tiffany 2000w &#8211; 110v"},"content":{"rendered":"<p><strong>Secador De Cabelo Profissional Taiff Style Azul Tiffany 2000w &#8211; 220v<\/strong><\/p>\n<p>Pot\u00eancia, estilo e mais sil\u00eancio<br \/>\nCom pot\u00eancia de 2000W e motor AC Profissional, o secador Style \u00e9 mais silencioso e proporciona uma secagem r\u00e1pida, com qualidade profissional. Seu design \u00e9 superleve e moderno.<\/p>\n<p>Ao usar o Style, imediatamente voc\u00ea j\u00e1 pode perceber o resultado: secagem r\u00e1pida e cabelos com mais brilho e menos frizz.<\/p>\n<p>O cabo de 1,80 metro de comprimento \u00e9 ideal para ser usado em espa\u00e7os menores, garantindo a praticidade na hora da secagem e modelagem dos fios.<\/p>\n<p>Grade remov\u00edvel, permitindo a limpeza com muito mais facilidade e agilidade.<\/p>\n<p>Motor AC Profissional: qualidade profissional para uso pessoal.<\/p>\n<p>1 bico direcionador de ar.<\/p>\n<p>Cabo de 1,80 metro de comprimento: ideal para ser usado em espa\u00e7os menores, garantindo a praticidade na hora da secagem e modelagem dos fios.<\/p>\n<p>Dispon\u00edvel em 220v.<\/p>\n<p>Dimens\u00f5es do produto com embalagem (comp x larg x alt): 256 x 101 x 251 mm.<\/p>\n<p>Dimens\u00f5es do produto sem embalagem (comp x larg x alt): 210 x 87 x 215 mm.<\/p>\n<p>Cor: Azul Tiffany.<\/p>\n<p><strong>Voc\u00ea est\u00e1 Comprando:<\/strong><\/p>\n<p>01 &#8211; Secador De Cabelo Profissional Taiff Style Azul Tiffany 2000w &#8211; 220v.<\/p>\n","protected":false},"excerpt":{"rendered":"<p>Secador De Cabelo Profissional Taiff Style Azul Tiffany 2000w &#8211; 220v Pot\u00eancia, estilo e mais sil\u00eancio Com pot\u00eancia de 2000W e motor AC Profissional, o secador Style \u00e9 mais silencioso<\/p>\n","protected":false},"featured_media":14359,"comment_status":"open","ping_status":"closed","template":"","meta":[],"product_brand":[],"product_cat":[228,240],"product_tag":[],"class_list":{"0":"post-14358","1":"product","2":"type-product","3":"status-publish","4":"has-post-thumbnail","6":"product_cat-eletroeletronicos","7":"product_cat-secadores","8":"product_shipping_class-pac","10":"first","11":"instock","12":"shipping-taxable","13":"purchasable","14":"product-type-simple"},"_links":{"self":[{"href":"http:\/\/ambrosioeletro.com.br\/v20\/wp-json\/wp\/v2\/product\/14358","targetHints":{"allow":["GET"]}}],"collection":[{"href":"http:\/\/ambrosioeletro.com.br\/v20\/wp-json\/wp\/v2\/product"}],"about":[{"href":"http:\/\/ambrosioeletro.com.br\/v20\/wp-json\/wp\/v2\/types\/product"}],"replies":[{"embeddable":true,"href":"http:\/\/ambrosioeletro.com.br\/v20\/wp-json\/wp\/v2\/comments?post=14358"}],"wp:featuredmedia":[{"embeddable":true,"href":"http:\/\/ambrosioeletro.com.br\/v20\/wp-json\/wp\/v2\/media\/14359"}],"wp:attachment":[{"href":"http:\/\/ambrosioeletro.com.br\/v20\/wp-json\/wp\/v2\/media?parent=14358"}],"wp:term":[{"taxonomy":"product_brand","embeddable":true,"href":"http:\/\/ambrosioeletro.com.br\/v20\/wp-json\/wp\/v2\/product_brand?post=14358"},{"taxonomy":"product_cat","embeddable":true,"href":"http:\/\/ambrosioeletro.com.br\/v20\/wp-json\/wp\/v2\/product_cat?post=14358"},{"taxonomy":"product_tag","embeddable":true,"href":"http:\/\/ambrosioeletro.com.br\/v20\/wp-json\/wp\/v2\/product_tag?post=14358"}],"curies":[{"name":"wp","href":"https:\/\/api.w.org\/{rel}","templated":true}]}}