{"id":8015,"date":"2020-11-09T17:29:05","date_gmt":"2020-11-09T20:29:05","guid":{"rendered":"http:\/\/ambrosioeletro.com.br\/v20\/?post_type=product&#038;p=8015"},"modified":"2026-02-24T15:22:04","modified_gmt":"2026-02-24T18:22:04","slug":"liquidificador-arno-power-mix-lq10-550w","status":"publish","type":"product","link":"http:\/\/ambrosioeletro.com.br\/v20\/produto\/liquidificador-arno-power-mix-lq10-550w\/","title":{"rendered":"Liquidificador Arno Power Mix Lq10 550w"},"content":{"rendered":"<h2 class=\"description__product-title\">Liquidificador Arno Power Mix Lq10 550w<\/h2>\n<p class=\"description__text\">\n<p>O Liquidificador Ano Power Mix tem maior desempenho e durabilidade! O Power Mix conta com uma tecnologia patenteada: as exclusivas l\u00e2minas Zelkrom, que s\u00e3o de a\u00e7o inox de alta qualidade e por isso, s\u00e3o ultra dur\u00e1veis, n\u00e3o perdem o corte e n\u00e3o enferrujam. Seu alto poder de corte tritura at\u00e9 os ingredientes mais duros e deixa tudo mais cremoso. Seus resultados s\u00e3o incr\u00edveis! S\u00e3o duas velocidades, a fun\u00e7\u00e3o pulsar e 550W de pot\u00eancia.<\/p>\n<p>Caracter\u00edsticas:<br \/>\nNo de velocidades: 2<br \/>\nFun\u00e7\u00e3o pulsar: Sim<br \/>\nFun\u00e7\u00e3o auto limpeza: Sim<br \/>\nCopo: Polipropileno<br \/>\nFiltro N\u00e3o<br \/>\nL\u00e2minas Integradas ao copo<br \/>\nL\u00e2minas em a\u00e7o inox: Sim<br \/>\nPorta-fio: Sim<br \/>\nTriturador de gelo: Sim<br \/>\nPainel com design moderno<br \/>\nBot\u00e3o de velocidade girat\u00f3rio<br \/>\nMaior desempenho e durabilidade<br \/>\nL\u00e2minas patenteadas: l\u00e2minas Zelkrom (4 Facas)<br \/>\nL\u00e2minas ultra dur\u00e1veis: n\u00e3o perdem o corte e n\u00e3o enferrujam<br \/>\nTritura gelo e ingredientes mais duros<br \/>\nPotente: alto poder de corte<br \/>\nComprimento do Cabo: 80 cm<br \/>\nTipo de Material: corpo pl\u00e1stico e copo em polipropileno<br \/>\nCopo com f\u00e1cil encaixe<br \/>\nN\u00edvel de pot\u00eancia sonora: 88dB (A)<\/p>\n","protected":false},"excerpt":{"rendered":"<p>Liquidificador Arno Power Mix Lq10 550w O Liquidificador Ano Power Mix tem maior desempenho e durabilidade! O Power Mix conta com uma tecnologia patenteada: as exclusivas l\u00e2minas Zelkrom, que s\u00e3o<\/p>\n","protected":false},"featured_media":8016,"comment_status":"open","ping_status":"closed","template":"","meta":[],"product_brand":[],"product_cat":[232,226],"product_tag":[],"class_list":{"0":"post-8015","1":"product","2":"type-product","3":"status-publish","4":"has-post-thumbnail","6":"product_cat-cozinha","7":"product_cat-eletrodomesticos","8":"product_shipping_class-pac","10":"first","11":"instock","12":"shipping-taxable","13":"purchasable","14":"product-type-simple"},"_links":{"self":[{"href":"http:\/\/ambrosioeletro.com.br\/v20\/wp-json\/wp\/v2\/product\/8015","targetHints":{"allow":["GET"]}}],"collection":[{"href":"http:\/\/ambrosioeletro.com.br\/v20\/wp-json\/wp\/v2\/product"}],"about":[{"href":"http:\/\/ambrosioeletro.com.br\/v20\/wp-json\/wp\/v2\/types\/product"}],"replies":[{"embeddable":true,"href":"http:\/\/ambrosioeletro.com.br\/v20\/wp-json\/wp\/v2\/comments?post=8015"}],"wp:featuredmedia":[{"embeddable":true,"href":"http:\/\/ambrosioeletro.com.br\/v20\/wp-json\/wp\/v2\/media\/8016"}],"wp:attachment":[{"href":"http:\/\/ambrosioeletro.com.br\/v20\/wp-json\/wp\/v2\/media?parent=8015"}],"wp:term":[{"taxonomy":"product_brand","embeddable":true,"href":"http:\/\/ambrosioeletro.com.br\/v20\/wp-json\/wp\/v2\/product_brand?post=8015"},{"taxonomy":"product_cat","embeddable":true,"href":"http:\/\/ambrosioeletro.com.br\/v20\/wp-json\/wp\/v2\/product_cat?post=8015"},{"taxonomy":"product_tag","embeddable":true,"href":"http:\/\/ambrosioeletro.com.br\/v20\/wp-json\/wp\/v2\/product_tag?post=8015"}],"curies":[{"name":"wp","href":"https:\/\/api.w.org\/{rel}","templated":true}]}}