{"id":8321,"date":"2021-02-25T16:17:01","date_gmt":"2021-02-25T19:17:01","guid":{"rendered":"http:\/\/ambrosioeletro.com.br\/v20\/?post_type=product&#038;p=8321"},"modified":"2026-03-12T16:11:41","modified_gmt":"2026-03-12T19:11:41","slug":"depurador-colormaq-cook-80cm-cde80mbban-branco-127v","status":"publish","type":"product","link":"http:\/\/ambrosioeletro.com.br\/v20\/produto\/depurador-colormaq-cook-80cm-cde80mbban-branco-127v\/","title":{"rendered":"Depurador Colormaq Cook 80cm CDE80MBBAN Branco &#8211; 127V"},"content":{"rendered":"<h2 class=\"description__product-title\">Depurador Colormaq Cook 80cm CDE80MBBAN Branco &#8211; 127V<\/h2>\n<p>Depurador Colormaq Cook 80cm CDE80MBBAN Branco &#8211; 127V Beleza e efici\u00eancia O Depurador de Ar Cook \u00e9 o que faltava para deixar sua cozinha livre de cheiro e fuma\u00e7a. Possui um design moderno e arrojado que combina perfeitamente com seu fog\u00e3o. Possui tr\u00eas velocidades, ilumina\u00e7\u00e3o embutida e dupla filtragem. Cozinha mais bonita O Depurador da Colormaq dar\u00e1 mais beleza a sua cozinha e trar\u00e1 novos ares de modernidade ao ambiente. Com essa pe\u00e7a a sua cozinha se tornar\u00e1 outro ambiente, principalmente pelo design arrojado e moderno. Praticidade e economia de energia O Depurador Cook possui um pr\u00e1tico controle das velocidades. Conta com um sistema de controle deslizante que facilita o uso das tr\u00eas velocidades dispon\u00edveis. Tamb\u00e9m, foi projetado com lumin\u00e1rias duplas j\u00e1 inclusas no produto. Casa mais limpa e cheirosa Possui dupla filtragem com filtro especial que elimina odores e impurezas, e ainda conta com uma superturbina que elimina gordura e fuma\u00e7a com mais efici\u00eancia. Al\u00e9m disso conta com uma m\u00e1scara de vidro que direciona a fuma\u00e7a para dentro da grade captadora de ar Caracter\u00edsticas Geral: Ean: 7897016830447 Marca: Colormaq Modelo: CDE80MBBAN Cor: Branco Voltagem: 127V Material: A\u00e7o Velocidade: 3 Indicado para fog\u00f5es: De 5 e 6 bocas Frequ\u00eancia: 60hz Classe de efici\u00eancia energ\u00e9tica: A Consumo de energia: A Pot\u00eancia (Kw):150W Velocidade: 3 Suc\u00e7\u00e3o: 250 m3\/h Tipo coifa\/Depurador: Depurador de Ar Indica\u00e7\u00e3o: Casa Itens Inclusos: Depurador Colormaq Manual Dimens\u00f5es da Embalagem: Altura: 58cm Largura: 84cm Profundidade: 19cm Peso: 6,800kg Garantia: 12 meses<\/p>\n","protected":false},"excerpt":{"rendered":"<p>Depurador Colormaq Cook 80cm CDE80MBBAN Branco &#8211; 127V Depurador Colormaq Cook 80cm CDE80MBBAN Branco &#8211; 127V Beleza e efici\u00eancia O Depurador de Ar Cook \u00e9 o que faltava para deixar<\/p>\n","protected":false},"featured_media":8322,"comment_status":"open","ping_status":"closed","template":"","meta":[],"product_brand":[],"product_cat":[232,226],"product_tag":[],"class_list":{"0":"post-8321","1":"product","2":"type-product","3":"status-publish","4":"has-post-thumbnail","6":"product_cat-cozinha","7":"product_cat-eletrodomesticos","8":"product_shipping_class-pac","10":"first","11":"instock","12":"shipping-taxable","13":"purchasable","14":"product-type-simple"},"_links":{"self":[{"href":"http:\/\/ambrosioeletro.com.br\/v20\/wp-json\/wp\/v2\/product\/8321","targetHints":{"allow":["GET"]}}],"collection":[{"href":"http:\/\/ambrosioeletro.com.br\/v20\/wp-json\/wp\/v2\/product"}],"about":[{"href":"http:\/\/ambrosioeletro.com.br\/v20\/wp-json\/wp\/v2\/types\/product"}],"replies":[{"embeddable":true,"href":"http:\/\/ambrosioeletro.com.br\/v20\/wp-json\/wp\/v2\/comments?post=8321"}],"wp:featuredmedia":[{"embeddable":true,"href":"http:\/\/ambrosioeletro.com.br\/v20\/wp-json\/wp\/v2\/media\/8322"}],"wp:attachment":[{"href":"http:\/\/ambrosioeletro.com.br\/v20\/wp-json\/wp\/v2\/media?parent=8321"}],"wp:term":[{"taxonomy":"product_brand","embeddable":true,"href":"http:\/\/ambrosioeletro.com.br\/v20\/wp-json\/wp\/v2\/product_brand?post=8321"},{"taxonomy":"product_cat","embeddable":true,"href":"http:\/\/ambrosioeletro.com.br\/v20\/wp-json\/wp\/v2\/product_cat?post=8321"},{"taxonomy":"product_tag","embeddable":true,"href":"http:\/\/ambrosioeletro.com.br\/v20\/wp-json\/wp\/v2\/product_tag?post=8321"}],"curies":[{"name":"wp","href":"https:\/\/api.w.org\/{rel}","templated":true}]}}