{"id":9602,"date":"2022-07-20T13:40:14","date_gmt":"2022-07-20T16:40:14","guid":{"rendered":"http:\/\/ambrosioeletro.com.br\/v20\/?post_type=product&#038;p=9602"},"modified":"2025-12-05T12:00:29","modified_gmt":"2025-12-05T15:00:29","slug":"forno-eletrico-plus-48-litros-best","status":"publish","type":"product","link":"http:\/\/ambrosioeletro.com.br\/v20\/produto\/forno-eletrico-plus-48-litros-best\/","title":{"rendered":"Forno El\u00e9trico Plus 48 Litros Best"},"content":{"rendered":"<p><span class=\"sc-kDTinF cVybho\" data-testid=\"product-detail-title\">Forno El\u00e9trico Plus 48 Litros Best<\/span><\/p>\n<div class=\"sc-hKwDye hgwTDs sc-epmkiF fRFExf\" data-testid=\"product-detail-description\">\n<div>A capacidade de 48 litros permite variados formatos e tamanhos de f\u00f4rmas e travessas.<\/p>\n<p>Excelente op\u00e7\u00e3o para o preparo de pizzas, tortas, bolos, assados, p\u00e3es, carnes e outras receitas, utilizando menos gordura e conservando os nutrientes dos alimentos.<\/p>\n<p>A temperatura de 0oC at\u00e9 250oC possibilita maior controle na hora de assar os alimentos, pois \u00e9 poss\u00edvel deix\u00e1-los no ponto ideal de acordo com cada receita: grelhado, gratinado e dourado a seu gosto.<\/p>\n<p>Atrav\u00e9s da porta em vidro \u00e9 poss\u00edvel visualizar o alimento durante o processo de preparo, al\u00e9m de oferecer maior resist\u00eancia ao calor.<\/p>\n<p>Ainda conta com espeto girat\u00f3rio para prepara\u00e7\u00e3o de alimentos mais elaborados, pegador de espeto girat\u00f3rio e pegador de grade e bandeja. Mais seguran\u00e7a e facilidade para voc\u00ea. Seu assado mais bonito para levar a mesa e bem mais gostoso.<\/p>\n<p>Dimens\u00f5es:<br \/>\nAltura: 40.8 cm<br \/>\nLargura: 57.6 cm<br \/>\nProfundidade: 37.2 cm<br \/>\nPeso: 8,4 kg<\/p>\n<p>Garantia do Fornecedor: 12 meses.<\/p><\/div>\n<\/div>\n","protected":false},"excerpt":{"rendered":"<p>Forno El\u00e9trico Plus 48 Litros Best A capacidade de 48 litros permite variados formatos e tamanhos de f\u00f4rmas e travessas. Excelente op\u00e7\u00e3o para o preparo de pizzas, tortas, bolos, assados,<\/p>\n","protected":false},"featured_media":9607,"comment_status":"open","ping_status":"closed","template":"","meta":[],"product_brand":[],"product_cat":[232,226],"product_tag":[],"class_list":{"0":"post-9602","1":"product","2":"type-product","3":"status-publish","4":"has-post-thumbnail","6":"product_cat-cozinha","7":"product_cat-eletrodomesticos","8":"product_shipping_class-retirar-no-local","10":"first","11":"instock","12":"shipping-taxable","13":"purchasable","14":"product-type-simple"},"_links":{"self":[{"href":"http:\/\/ambrosioeletro.com.br\/v20\/wp-json\/wp\/v2\/product\/9602","targetHints":{"allow":["GET"]}}],"collection":[{"href":"http:\/\/ambrosioeletro.com.br\/v20\/wp-json\/wp\/v2\/product"}],"about":[{"href":"http:\/\/ambrosioeletro.com.br\/v20\/wp-json\/wp\/v2\/types\/product"}],"replies":[{"embeddable":true,"href":"http:\/\/ambrosioeletro.com.br\/v20\/wp-json\/wp\/v2\/comments?post=9602"}],"wp:featuredmedia":[{"embeddable":true,"href":"http:\/\/ambrosioeletro.com.br\/v20\/wp-json\/wp\/v2\/media\/9607"}],"wp:attachment":[{"href":"http:\/\/ambrosioeletro.com.br\/v20\/wp-json\/wp\/v2\/media?parent=9602"}],"wp:term":[{"taxonomy":"product_brand","embeddable":true,"href":"http:\/\/ambrosioeletro.com.br\/v20\/wp-json\/wp\/v2\/product_brand?post=9602"},{"taxonomy":"product_cat","embeddable":true,"href":"http:\/\/ambrosioeletro.com.br\/v20\/wp-json\/wp\/v2\/product_cat?post=9602"},{"taxonomy":"product_tag","embeddable":true,"href":"http:\/\/ambrosioeletro.com.br\/v20\/wp-json\/wp\/v2\/product_tag?post=9602"}],"curies":[{"name":"wp","href":"https:\/\/api.w.org\/{rel}","templated":true}]}}