{"id":14390,"date":"2025-11-17T10:04:30","date_gmt":"2025-11-17T13:04:30","guid":{"rendered":"https:\/\/ambrosioeletro.com.br\/v20\/?post_type=product&#038;p=14390"},"modified":"2026-02-28T09:47:35","modified_gmt":"2026-02-28T12:47:35","slug":"perfume-salvo-100ml","status":"publish","type":"product","link":"https:\/\/ambrosioeletro.com.br\/v20\/produto\/perfume-salvo-100ml\/","title":{"rendered":"Perfume Salvo 100ml"},"content":{"rendered":"<p><strong>Perfume Salvo 100ml &#8211; Isabelle La Belle<\/strong><\/p>\n<p>Salvo, da linha Isabelle La Belle, \u00e9 um perfume feminino que exala sofistica\u00e7\u00e3o e eleg\u00e2ncia. Com uma composi\u00e7\u00e3o envolvente e sofisticada, ele \u00e9 perfeito para mulheres que buscam um aroma marcante, mas ao mesmo tempo delicado.<\/p>\n<p>As notas de sa\u00edda trazem uma combina\u00e7\u00e3o fresca e frutal, com toques de bergamota e frutas vermelhas, que se entrela\u00e7am com um cora\u00e7\u00e3o floral de jasmim, rosa e l\u00edrio-do-vale, criando uma aura feminina e cativante. A base do perfume \u00e9 composta por nuances amadeiradas e doces, com notas de patchouli, alm\u00edscar e baunilha, que conferem profundidade e longevidade ao aroma, deixando uma sensa\u00e7\u00e3o acolhedora e inesquec\u00edvel.<\/p>\n<p>Ideal para ocasi\u00f5es especiais ou para aqueles momentos em que voc\u00ea deseja se destacar, Salvo \u00e9 uma verdadeira assinatura olfativa de luxo e charme.<\/p>\n<p><strong>Caracter\u00edsticas principais:<\/strong><\/p>\n<ul>\n<li>Volume: 100ml<\/li>\n<li>Fam\u00edlia olfativa: Floral Amadeirado<\/li>\n<li>Notas de sa\u00edda: Bergamota, Frutas vermelhas<\/li>\n<li>Notas de cora\u00e7\u00e3o: Jasmim, Rosa, L\u00edrio-do-vale<\/li>\n<li>Notas de fundo: Patchouli, Alm\u00edscar, Baunilha<\/li>\n<\/ul>\n<p>Uma escolha perfeita para quem deseja deixar uma impress\u00e3o duradoura com um perfume sofisticado e encantador.<\/p>\n","protected":false},"excerpt":{"rendered":"<p>Perfume Salvo 100ml &#8211; Isabelle La Belle Salvo, da linha Isabelle La Belle, \u00e9 um perfume feminino que exala sofistica\u00e7\u00e3o e eleg\u00e2ncia. Com uma composi\u00e7\u00e3o envolvente e sofisticada, ele \u00e9<\/p>\n","protected":false},"featured_media":14391,"comment_status":"open","ping_status":"closed","template":"","meta":[],"product_brand":[],"product_cat":[432],"product_tag":[],"class_list":{"0":"post-14390","1":"product","2":"type-product","3":"status-publish","4":"has-post-thumbnail","6":"product_cat-perfumes","7":"product_shipping_class-pac","9":"first","10":"instock","11":"shipping-taxable","12":"purchasable","13":"product-type-simple"},"_links":{"self":[{"href":"https:\/\/ambrosioeletro.com.br\/v20\/wp-json\/wp\/v2\/product\/14390","targetHints":{"allow":["GET"]}}],"collection":[{"href":"https:\/\/ambrosioeletro.com.br\/v20\/wp-json\/wp\/v2\/product"}],"about":[{"href":"https:\/\/ambrosioeletro.com.br\/v20\/wp-json\/wp\/v2\/types\/product"}],"replies":[{"embeddable":true,"href":"https:\/\/ambrosioeletro.com.br\/v20\/wp-json\/wp\/v2\/comments?post=14390"}],"wp:featuredmedia":[{"embeddable":true,"href":"https:\/\/ambrosioeletro.com.br\/v20\/wp-json\/wp\/v2\/media\/14391"}],"wp:attachment":[{"href":"https:\/\/ambrosioeletro.com.br\/v20\/wp-json\/wp\/v2\/media?parent=14390"}],"wp:term":[{"taxonomy":"product_brand","embeddable":true,"href":"https:\/\/ambrosioeletro.com.br\/v20\/wp-json\/wp\/v2\/product_brand?post=14390"},{"taxonomy":"product_cat","embeddable":true,"href":"https:\/\/ambrosioeletro.com.br\/v20\/wp-json\/wp\/v2\/product_cat?post=14390"},{"taxonomy":"product_tag","embeddable":true,"href":"https:\/\/ambrosioeletro.com.br\/v20\/wp-json\/wp\/v2\/product_tag?post=14390"}],"curies":[{"name":"wp","href":"https:\/\/api.w.org\/{rel}","templated":true}]}}