{"id":14581,"date":"2025-11-28T12:36:49","date_gmt":"2025-11-28T15:36:49","guid":{"rendered":"https:\/\/ambrosioeletro.com.br\/v20\/?post_type=product&#038;p=14581"},"modified":"2026-02-28T10:51:08","modified_gmt":"2026-02-28T13:51:08","slug":"mop-flat-limpeza-tira-po-poeira-lava-e-seca-microfibra-360-verde","status":"publish","type":"product","link":"https:\/\/ambrosioeletro.com.br\/v20\/produto\/mop-flat-limpeza-tira-po-poeira-lava-e-seca-microfibra-360-verde\/","title":{"rendered":"Mop Flat Limpeza Tira P\u00f3 Poeira Lava e Seca Microfibra 360 verde"},"content":{"rendered":"<div id=\"productDetails_feature_div\" class=\"celwidget pd_rd_w-p7nai pd_rd_r-07X9VZ9YF28MSG5NYK5M pd_rd_wg-D4SYB\" data-feature-name=\"productDetailsHomeAndGarden_Updated\" data-csa-c-type=\"widget\" data-csa-c-content-id=\"productDetailsHomeAndGarden_Updated\" data-csa-c-slot-id=\"productDetails_feature_div\" data-csa-c-asin=\"\" data-csa-c-is-in-initial-active-row=\"false\" data-csa-c-id=\"6lngia-sycegk-9v3fbb-bt0htr\" data-cel-widget=\"productDetails_feature_div\">\n<div>\n<div id=\"prodDetails\" class=\"a-section a-spacing-none\">\n<h2>Especifica\u00e7\u00f5es do produto<\/h2>\n<div class=\"a-row\">\n<div class=\"a-column a-span12 a-span-last\">\n<div class=\"a-row a-spacing-top-base\">\n<div class=\"a-column a-span6\">\n<div class=\"a-row a-spacing-base\">\n<div class=\"a-row a-expander-container a-expander-extend-container\">\n<div class=\"a-row\">\n<div class=\"a-column a-span6\">\n<h1 class=\"a-size-medium a-spacing-small\">Detalhes t\u00e9cnicos<\/h1>\n<\/div>\n<\/div>\n<div class=\"a-expander-content a-expander-extend-content\" data-expanded=\"true\">\n<div class=\"a-row a-expander-container a-expander-inline-container\">\n<div class=\"a-expander-content a-expander-section-content a-section-expander-inner\" data-expanded=\"true\">\n<table id=\"productDetails_techSpec_section_1\" class=\"a-keyvalue prodDetTable\">\n<tbody>\n<tr>\n<th class=\"a-color-secondary a-size-base prodDetSectionEntry\">Componentes inclu\u00eddos<\/th>\n<td class=\"a-size-base prodDetAttrValue\">\u200eCabe\u00e7a de esfreg\u00e3o (2), Balde, Cabo<\/td>\n<\/tr>\n<tr>\n<th class=\"a-color-secondary a-size-base prodDetSectionEntry\">Volume do produto<\/th>\n<td class=\"a-size-base prodDetAttrValue\">\u200e1 Centilitros<\/td>\n<\/tr>\n<tr>\n<th class=\"a-color-secondary a-size-base prodDetSectionEntry\">Peso do produto<\/th>\n<td class=\"a-size-base prodDetAttrValue\">\u200e1 Quilogramas<\/td>\n<\/tr>\n<tr>\n<th class=\"a-color-secondary a-size-base prodDetSectionEntry\">Marca<\/th>\n<td class=\"a-size-base prodDetAttrValue\">\u200eVxGroup<\/td>\n<\/tr>\n<tr>\n<th class=\"a-color-secondary a-size-base prodDetSectionEntry\">Fabricante<\/th>\n<td class=\"a-size-base prodDetAttrValue\">\u200eVxGroup<\/td>\n<\/tr>\n<tr>\n<th class=\"a-color-secondary a-size-base prodDetSectionEntry\">Certifica\u00e7\u00e3o<\/th>\n<td class=\"a-size-base prodDetAttrValue\">\u200eN\u00e3o aplic\u00e1vel<\/td>\n<\/tr>\n<tr>\n<th class=\"a-color-secondary a-size-base prodDetSectionEntry\">Tipo de material<\/th>\n<td class=\"a-size-base prodDetAttrValue\">\u200emicrofibra<\/td>\n<\/tr>\n<tr>\n<th class=\"a-color-secondary a-size-base prodDetSectionEntry\">N\u00famero de produtos<\/th>\n<td class=\"a-size-base prodDetAttrValue\">\u200e1<\/td>\n<\/tr>\n<tr>\n<th class=\"a-color-secondary a-size-base prodDetSectionEntry\">Precisa de pilhas ou baterias?<\/th>\n<td class=\"a-size-base prodDetAttrValue\">\u200eN\u00e3o<\/td>\n<\/tr>\n<tr>\n<th class=\"a-color-secondary a-size-base prodDetSectionEntry\">Dimens\u00f5es do produto<\/th>\n<td class=\"a-size-base prodDetAttrValue\">\u200e120 x 16 x 35 cm; 1 quilogramas<\/td>\n<\/tr>\n<tr>\n<th class=\"a-color-secondary a-size-base prodDetSectionEntry\">EAN<\/th>\n<td class=\"a-size-base prodDetAttrValue\">\u200e7895153883609<\/td>\n<\/tr>\n<\/tbody>\n<\/table>\n<\/div>\n<\/div>\n<\/div>\n<\/div>\n<\/div>\n<div class=\"a-row a-spacing-base\"><\/div>\n<\/div>\n<div class=\"a-column a-span6 a-span-last\">\n<div class=\"a-row a-spacing-base\">\n<div id=\"productDetails_db_sections\" class=\"a-section\">\n<h1 class=\"a-size-medium a-spacing-small secHeader\">Informa\u00e7\u00f5es adicionais<\/h1>\n<div class=\"a-section table-padding\">\n<table id=\"productDetails_detailBullets_sections1\" class=\"a-keyvalue prodDetTable\">\n<tbody>\n<tr>\n<th class=\"a-color-secondary a-size-base prodDetSectionEntry\">Dimens\u00f5es do pacote<\/th>\n<td class=\"a-size-base prodDetAttrValue\">36.3 x 21 x 17.4 cent\u00edmetros<\/td>\n<\/tr>\n<tr>\n<th class=\"a-color-secondary a-size-base prodDetSectionEntry\">N\u00famero do modelo<\/th>\n<td class=\"a-size-base prodDetAttrValue\">esfreg\u00e3o rodo m\u00e1gico quadrado<\/td>\n<\/tr>\n<tr>\n<th class=\"a-color-secondary a-size-base prodDetSectionEntry\">ASIN<\/th>\n<td class=\"a-size-base prodDetAttrValue\">B0C2JLJWYX<\/td>\n<\/tr>\n<tr>\n<th class=\"a-color-secondary a-size-base prodDetSectionEntry\">Dispon\u00edvel para compra desde<\/th>\n<td class=\"a-size-base prodDetAttrValue\">14 abril 2023<\/td>\n<\/tr>\n<tr>\n<th class=\"a-color-secondary a-size-base prodDetSectionEntry\">Avalia\u00e7\u00f5es de clientes<\/th>\n<td class=\"a-size-base\">\n<div id=\"averageCustomerReviews\" data-asin=\"B0C2JLJWYX\" data-ref=\"dpx_acr_pop_\"><span class=\"a-declarative\" data-action=\"acrStarsLink-click-metrics\" data-acrstarslink-click-metrics=\"{}\"><span id=\"acrPopover\" class=\"reviewCountTextLinkedHistogram noUnderline\" title=\"3,7 de 5 estrelas\"><a class=\"a-popover-trigger a-declarative\" role=\"button\"><span class=\"a-size-base a-color-base\" aria-hidden=\"true\">3,7\u00a0<\/span><i class=\"a-icon a-icon-star a-star-3-5 cm-cr-review-stars-spacing-big\"><span class=\"a-icon-alt\">3,7 de 5 estrelas<\/span><\/i>\u00a0<i class=\"a-icon a-icon-popover\"><\/i><\/a>\u00a0\u00a0<\/span><\/span>\u00a0<span class=\"a-declarative\" data-action=\"acrLink-click-metrics\" data-acrlink-click-metrics=\"{}\"><a id=\"acrCustomerReviewLink\" class=\"a-link-normal\" href=\"https:\/\/www.amazon.com.br\/Flat-Limpeza-Tira-Poeira-Microfibra\/dp\/B0C2JLJWYX\/ref=asc_df_B0C2JLJWYX?mcid=93169d3a8aed366e8c92bc31817d0c73&amp;tag=googleshopp00-20&amp;linkCode=df0&amp;hvadid=709968341005&amp;hvpos=&amp;hvnetw=g&amp;hvrand=12646245160767909181&amp;hvpone=&amp;hvptwo=&amp;hvqmt=&amp;hvdev=c&amp;hvdvcmdl=&amp;hvlocint=&amp;hvlocphy=9217736&amp;hvtargid=pla-2201189080720&amp;psc=1&amp;language=pt_BR&amp;gad_source=1#averageCustomerReviewsAnchor\"><span id=\"acrCustomerReviewText\" class=\"a-size-base\" aria-label=\"223 An\u00e1lises\">223 avalia\u00e7\u00f5es de clientes<\/span><\/a><\/span><\/div>\n<p>3,7 de 5 estrelas<\/td>\n<\/tr>\n<tr>\n<th class=\"a-color-secondary a-size-base prodDetSectionEntry\">Ranking dos mais vendidos<\/th>\n<td>\n<ul class=\"a-unordered-list a-nostyle a-vertical\">\n<li><span class=\"a-list-item\">N\u00ba 29.887 em Casa (<a href=\"https:\/\/www.amazon.com.br\/gp\/bestsellers\/home\/ref=pd_zg_ts_home\">Conhe\u00e7a o Top 100 na categoria Casa<\/a>)<\/span><\/li>\n<li><span class=\"a-list-item\">N\u00ba 316 em\u00a0<a href=\"https:\/\/www.amazon.com.br\/gp\/bestsellers\/home\/17100921011\/ref=pd_zg_hrsr_home\">Mops Secos e Molhados para Uso Dom\u00e9stico<\/a><\/span><\/li>\n<\/ul>\n<\/td>\n<\/tr>\n<\/tbody>\n<\/table>\n<\/div>\n<\/div>\n<\/div>\n<div class=\"a-section\">\n<div class=\"a-row a-spacing-top-base\"><\/div>\n<div class=\"a-row a-spacing-top-base\"><\/div>\n<\/div>\n<\/div>\n<\/div>\n<\/div>\n<\/div>\n<\/div>\n<\/div>\n<\/div>\n<div id=\"btfSubNavDesktopCopy\" class=\"celwidget\" data-feature-name=\"btfSubNavDesktop\" data-csa-c-type=\"widget\" data-csa-c-content-id=\"btfSubNavDesktop\" data-csa-c-slot-id=\"btfSubNavDesktop_feature_div\" data-csa-c-asin=\"\" data-csa-c-is-in-initial-active-row=\"false\" data-csa-c-id=\"pfsd5z-xyhjgj-2db54d-g1ioh7\" data-cel-widget=\"btfSubNavDesktopCopy\">\n<div class=\"a-row a-size-base btf-sub-nav-desktop-product-info-wrapper persistent-header\" role=\"navigation\" data-csa-c-content-id=\"btf-sub-nav-desktop-desktop-dpx-widget\" data-csa-c-slot-id=\"btf-sub-nav-desktop-dpx-widget\" data-csa-c-type=\"widget\" data-csa-c-id=\"7al8k1-wbztw-l8whil-ayc2em\">\n<nav class=\"btf-sub-nav-desktop-product-info-tabs\" aria-label=\"Navigate within the product detail page\">\n<div class=\"top-tab-content\">\n<div><img decoding=\"async\" class=\"sub-nav-desktop-top-tab-icon\" role=\"presentation\" src=\"https:\/\/m.media-amazon.com\/images\/S\/sash\/\/eve1bZY0MgtnzFB.svg\" \/><\/div>\n<div><span class=\"a-size-base\">topo<\/span><\/div>\n<\/div>\n<div class=\"tab-content\">Sobre este produto<\/div>\n<div class=\"tab-content\">Semelhante<\/div>\n<div class=\"tab-content\">Informa\u00e7\u00f5es do produto<\/div>\n<div class=\"tab-content\">Da marca<\/div>\n<div class=\"tab-content\">Avalia\u00e7\u00f5es<\/div>\n<\/nav>\n<p><a class=\"a-link-normal btf-sub-nav-desktop-image-container\" role=\"navigation\" href=\"https:\/\/www.amazon.com.br\/Flat-Limpeza-Tira-Poeira-Microfibra\/dp\/B0C2JLJWYX\/ref=asc_df_B0C2JLJWYX?mcid=93169d3a8aed366e8c92bc31817d0c73&amp;tag=googleshopp00-20&amp;linkCode=df0&amp;hvadid=709968341005&amp;hvpos=&amp;hvnetw=g&amp;hvrand=12646245160767909181&amp;hvpone=&amp;hvptwo=&amp;hvqmt=&amp;hvdev=c&amp;hvdvcmdl=&amp;hvlocint=&amp;hvlocphy=9217736&amp;hvtargid=pla-2201189080720&amp;psc=1&amp;language=pt_BR&amp;gad_source=1#\" data-csa-c-action=\"navigate:btf-sub-nav-desktop-back-to-top-image\" data-csa-c-element-id=\"btf-sub-nav-desktop-back-to-top-image-jump-link\" data-csa-c-element-type=\"navigational\" data-csa-c-type=\"uxElement\" aria-label=\"Back to top Image jump link\" data-csa-c-id=\"5a9htf-9biog5-gpr3z8-77dq16\"><img decoding=\"async\" class=\"btf-sub-nav-desktop-product-info-image\" src=\"https:\/\/m.media-amazon.com\/images\/I\/31Df5myOsFL._AC_.jpg\" alt=\"Mop Flat Limpeza Tira P\u00f3 Poeira Lava e Seca Microfibra 360 verde\" \/><\/a><a class=\"a-link-normal btf-sub-nav-desktop-title-container\" role=\"navigation\" href=\"https:\/\/www.amazon.com.br\/Flat-Limpeza-Tira-Poeira-Microfibra\/dp\/B0C2JLJWYX\/ref=asc_df_B0C2JLJWYX?mcid=93169d3a8aed366e8c92bc31817d0c73&amp;tag=googleshopp00-20&amp;linkCode=df0&amp;hvadid=709968341005&amp;hvpos=&amp;hvnetw=g&amp;hvrand=12646245160767909181&amp;hvpone=&amp;hvptwo=&amp;hvqmt=&amp;hvdev=c&amp;hvdvcmdl=&amp;hvlocint=&amp;hvlocphy=9217736&amp;hvtargid=pla-2201189080720&amp;psc=1&amp;language=pt_BR&amp;gad_source=1#\" data-csa-c-action=\"navigate:btf-sub-nav-desktop-back-to-top-title\" data-csa-c-element-id=\"btf-sub-nav-desktop-back-to-top-title-jump-link\" data-csa-c-element-type=\"navigational\" data-csa-c-type=\"uxElement\" aria-label=\"Back to top title jump link\" data-csa-c-id=\"9pepzk-hah4p8-i317ss-bjg4od\"><span class=\"btf-sub-nav-desktop-title-text\">Mop Flat Limpeza Tira P\u00f3 Poeira Lava e Seca Microfibra 360 verde<\/span><\/a><\/div>\n<\/div>\n<div id=\"aplus_feature_div\" class=\"celwidget pd_rd_w-j3eLH pd_rd_r-07X9VZ9YF28MSG5NYK5M pd_rd_wg-D4SYB\" data-feature-name=\"aplus\" data-csa-c-type=\"widget\" data-csa-c-content-id=\"aplus\" data-csa-c-slot-id=\"aplus_feature_div\" data-csa-c-asin=\"\" data-csa-c-is-in-initial-active-row=\"false\" data-csa-c-id=\"4qtk9d-hil2x5-sfzi3y-rje8ol\" data-cel-widget=\"aplus_feature_div\"><\/div>\n<div id=\"productDescription_feature_div\" class=\"celwidget pd_rd_w-CYRxz pd_rd_r-07X9VZ9YF28MSG5NYK5M pd_rd_wg-D4SYB\" data-feature-name=\"productDescription-3\" data-csa-c-type=\"widget\" data-csa-c-content-id=\"productDescription-3\" data-csa-c-slot-id=\"productDescription_feature_div\" data-csa-c-asin=\"\" data-csa-c-is-in-initial-active-row=\"false\" data-csa-c-id=\"n3ftm7-seakb7-wnlbp9-17dzjl\" data-cel-widget=\"productDescription_feature_div\">\n<div>\n<div id=\"productDescription_feature_div\" class=\"a-row feature\" data-feature-name=\"productDescription\" data-template-name=\"productDescription\" data-cel-widget=\"productDescription_feature_div\">\n<div class=\"a-divider a-divider-section\">\n<div class=\"a-divider-inner\"><\/div>\n<\/div>\n<h2 class=\"default\">Descri\u00e7\u00e3o do produto<\/h2>\n<div id=\"productDescription\" class=\"a-section a-spacing-small\">\n<p>Para deixar a limpeza mais pr\u00e1tica e f\u00e1cil<br \/>\nO Mop Flat possui balde duplo com capacidade de 5 litros.<br \/>\nUm lado do balde \u00e9 para lavagem e o outro para secagem do refil.<br \/>\nSistema inteligente que separa \u00e1gua suja da limpa.<br \/>\nO rodo gira 360\u00b0 para facilitar a limpeza dos locais de mais dif\u00edcil acesso.<br \/>\nEquipado com 2 refis de microfibra de alta absor\u00e7\u00e3o.<br \/>\nOs refis s\u00e3o reutilizaveis, podendo ser lavados em m\u00e1quina lava roupas para reutiliza\u00e7\u00e3o.<br \/>\nSistema de drenagem de \u00e1gua r\u00e1pida.<br \/>\nBasta soltar a veda\u00e7\u00e3o e dispensar a \u00e1gua suja.<br \/>\nCabo de 1,2 metros com apoio macio para as m\u00e3os.<br \/>\nConte\u00fado da embalagem:<br \/>\n1 Mop Flat<br \/>\n2 Refis<br \/>\nMedidas:<br \/>\nBalde: 35x19x16<br \/>\nEsfreg\u00e3o: 120&#215;32,5&#215;11<br \/>\nCapacidade: 5L<\/p>\n<\/div>\n<\/div>\n<\/div>\n<\/div>\n","protected":false},"excerpt":{"rendered":"<p>Especifica\u00e7\u00f5es do produto Detalhes t\u00e9cnicos Componentes inclu\u00eddos \u200eCabe\u00e7a de esfreg\u00e3o (2), Balde, Cabo Volume do produto \u200e1 Centilitros Peso do produto \u200e1 Quilogramas Marca \u200eVxGroup Fabricante \u200eVxGroup Certifica\u00e7\u00e3o \u200eN\u00e3o aplic\u00e1vel<\/p>\n","protected":false},"featured_media":14583,"comment_status":"open","ping_status":"closed","template":"","meta":[],"product_brand":[],"product_cat":[383],"product_tag":[],"class_list":{"0":"post-14581","1":"product","2":"type-product","3":"status-publish","4":"has-post-thumbnail","6":"product_cat-area-de-servico-2","7":"product_shipping_class-pac","9":"first","10":"instock","11":"shipping-taxable","12":"purchasable","13":"product-type-simple"},"_links":{"self":[{"href":"https:\/\/ambrosioeletro.com.br\/v20\/wp-json\/wp\/v2\/product\/14581","targetHints":{"allow":["GET"]}}],"collection":[{"href":"https:\/\/ambrosioeletro.com.br\/v20\/wp-json\/wp\/v2\/product"}],"about":[{"href":"https:\/\/ambrosioeletro.com.br\/v20\/wp-json\/wp\/v2\/types\/product"}],"replies":[{"embeddable":true,"href":"https:\/\/ambrosioeletro.com.br\/v20\/wp-json\/wp\/v2\/comments?post=14581"}],"wp:featuredmedia":[{"embeddable":true,"href":"https:\/\/ambrosioeletro.com.br\/v20\/wp-json\/wp\/v2\/media\/14583"}],"wp:attachment":[{"href":"https:\/\/ambrosioeletro.com.br\/v20\/wp-json\/wp\/v2\/media?parent=14581"}],"wp:term":[{"taxonomy":"product_brand","embeddable":true,"href":"https:\/\/ambrosioeletro.com.br\/v20\/wp-json\/wp\/v2\/product_brand?post=14581"},{"taxonomy":"product_cat","embeddable":true,"href":"https:\/\/ambrosioeletro.com.br\/v20\/wp-json\/wp\/v2\/product_cat?post=14581"},{"taxonomy":"product_tag","embeddable":true,"href":"https:\/\/ambrosioeletro.com.br\/v20\/wp-json\/wp\/v2\/product_tag?post=14581"}],"curies":[{"name":"wp","href":"https:\/\/api.w.org\/{rel}","templated":true}]}}