{"id":14735,"date":"2025-12-19T11:57:24","date_gmt":"2025-12-19T14:57:24","guid":{"rendered":"https:\/\/ambrosioeletro.com.br\/v20\/?post_type=product&#038;p=14735"},"modified":"2026-02-28T11:24:10","modified_gmt":"2026-02-28T14:24:10","slug":"conjunto-de-panelas-florence-5-pecas-turquesa-mta","status":"publish","type":"product","link":"https:\/\/ambrosioeletro.com.br\/v20\/produto\/conjunto-de-panelas-florence-5-pecas-turquesa-mta\/","title":{"rendered":"Conjunto De panelas Florence 5 Pe\u00e7as Chocolate MTA"},"content":{"rendered":"<div class=\"relative px-md overflow-hidden border-on-surface-8 after:pointer-events-none after:absolute after:bottom-[0] after:left-[0] after:h-[72px] after:w-full after:bg-gradient-to-b after:from-[#FFFFFF00] after:to-[#FFFFFF] md:after:content-none md:px-lg max-md:border-b-thin\" data-testid=\"tab-product-detail\">\n<h2 class=\"text-on-surface-2 font-md-bold md:font-title-large-highlight md:mb-md\" data-testid=\"product-details-title\">Descri\u00e7\u00e3o e ficha t\u00e9cnica<\/h2>\n<div data-testid=\"product-detail\">\n<p class=\"mt-2xsm text-on-surface-4 font-xsm-regular\" data-testid=\"product-detail-code\">C\u00f3digo\u00a0agbg85e3j2<\/p>\n<div class=\"mt-md font-xsm-regular\" data-testid=\"product-detail-description\">O Jogo de Panelas MTA Supra \u00e9 sin\u00f4nimo de praticidade e beleza. Este lindo, pr\u00e1tico e funcional conjunto de panela \u00e9 perfeito para voc\u00ea preparar pratos deliciosos. Suas pe\u00e7as s\u00e3o feitas com material de alta qualidade e durabilidade. Revestidas com Antiaderentes 05 camadas n\u00e3o deixam o alimento grudar agilizando o preparo de suas receitas.Acrescente mais qualidade e beleza a sua cozinha com o conjunto MTA.Marca: MTALinha: Supra ColorsModelo: FlorenceCor: ChocolateComposi\u00e7\u00e3o:Corpo: Alum\u00ednioAl\u00e7as: BaqueliteTampo: Vidro TemperadoRevestimento: Antiaderente SuperFlon 5 camadas.Itens do conjunto:01 Panela com tampa de vidro n1601 Panela com tampa de vidro n1801 Ca\u00e7arola com tampa de vidro n2001 Frigideira Francesa n2001 Fervedor sem tampa n12Peso aproximado da embalagem: 3,7 kgDimens\u00f5es aproximadas da embalagem: 55 x 43 x 13Instru\u00e7\u00f5es de Uso: Aconselhamos a n\u00e3o usar as panelas sem \u00f3leo, sempre uma colher pequena de manteiga ou \u00f3leo pode ser usada a seu crit\u00e9rio para dar um sabor a seu gosto, e evitar que o revestimento queime.Conselhos de Utiliza\u00e7\u00e3o: Utilize somente utens\u00edlios de madeira, nylon ou silicone. Evite cortar alimentos diretamente na panela. N\u00e3o risque a superf\u00edcie antiaderente. Pequenos riscos ou marcas de abras\u00e3o s\u00e3o normais e n\u00e3o afetam a desempenho do revestimento antiaderente. N\u00e3o deixe sua panela vazia no fogo. Evite que a chama incida sobre a lateral da panela. Deixe sua panela esfriar antes de lavar. Recomendamos sempre utilizar fogo brando, fogo alto \u00e9 desnecess\u00e1rio e pode danificar a panela.<\/div>\n<\/div>\n<\/div>\n<div class=\"hidden border-on-surface-8 md:px-lg md:block md:py-md\" data-testid=\"tab-product-factsheet\">\n<h2 class=\"text-on-surface-2 font-md-bold md:font-title-large-highlight md:mb-md\" data-testid=\"product-factsheet-title\">Ficha T\u00e9cnica<\/h2>\n<div class=\"pt-2xsm\">\n<table class=\"w-full list-none\" data-testid=\"table-factsheet\">\n<tbody>\n<tr class=\"text-on-surface-3 even:bg-surface-container-lower\">\n<td class=\"px-md py-sm align-top font-xsm-bold table-cell w-1\/2\" data-testid=\"table-factsheet-key\">Entidade<\/td>\n<td class=\"list-item w-full px-md py-sm align-top font-xsm-regular\">Conjunto de panelas<\/td>\n<\/tr>\n<tr class=\"text-on-surface-3 even:bg-surface-container-lower\">\n<td class=\"px-md py-sm align-top font-xsm-bold table-cell w-1\/2\" data-testid=\"table-factsheet-key\">tipo<\/td>\n<td class=\"list-item w-full px-md py-sm align-top font-xsm-regular\">Conjunto<\/td>\n<\/tr>\n<tr class=\"text-on-surface-3 even:bg-surface-container-lower\">\n<td class=\"px-md py-sm align-top font-xsm-bold table-cell w-1\/2\" data-testid=\"table-factsheet-key\">acabamento<\/td>\n<td class=\"list-item w-full px-md py-sm align-top font-xsm-regular\">Antiaderente<\/td>\n<\/tr>\n<tr class=\"text-on-surface-3 even:bg-surface-container-lower\">\n<td class=\"px-md py-sm align-top font-xsm-bold table-cell w-1\/2\" data-testid=\"table-factsheet-key\">panela<\/td>\n<td class=\"list-item w-full px-md py-sm align-top font-xsm-regular\">Antiaderente<\/td>\n<\/tr>\n<tr class=\"text-on-surface-3 even:bg-surface-container-lower\">\n<td class=\"px-md py-sm align-top font-xsm-bold table-cell w-1\/2\" data-testid=\"table-factsheet-key\">Marca<\/td>\n<td class=\"list-item w-full px-md py-sm align-top font-xsm-regular\"><a class=\"underline hover:text-interaction-default\" href=\"https:\/\/www.magazineluiza.com.br\/marcas\/mta\/\">Mta<\/a><\/td>\n<\/tr>\n<tr class=\"text-on-surface-3 even:bg-surface-container-lower\">\n<td class=\"px-md py-sm align-top font-xsm-bold table-cell w-1\/2\" data-testid=\"table-factsheet-key\">caracteristicas<\/td>\n<td class=\"list-item w-full px-md py-sm align-top font-xsm-regular\">Antiaderente<\/td>\n<\/tr>\n<tr class=\"text-on-surface-3 even:bg-surface-container-lower\">\n<td class=\"px-md py-sm align-top font-xsm-bold table-cell w-1\/2\" data-testid=\"table-factsheet-key\">material<\/td>\n<td class=\"list-item w-full px-md py-sm align-top font-xsm-regular\">Aluminio<\/td>\n<\/tr>\n<tr class=\"text-on-surface-3 even:bg-surface-container-lower\">\n<td class=\"px-md py-sm align-top font-xsm-bold table-cell w-1\/2\" data-testid=\"table-factsheet-key\">cor<\/td>\n<td class=\"list-item w-full px-md py-sm align-top font-xsm-regular\">Marrom<\/td>\n<\/tr>\n<tr class=\"text-on-surface-3 even:bg-surface-container-lower\">\n<td class=\"px-md py-sm align-top font-xsm-bold table-cell w-1\/2\" data-testid=\"table-factsheet-key\">quantidade<\/td>\n<td class=\"list-item w-full px-md py-sm align-top font-xsm-regular\">5<\/td>\n<\/tr>\n<tr class=\"text-on-surface-3 even:bg-surface-container-lower\">\n<td class=\"px-md py-sm align-top font-xsm-bold table-cell w-1\/2\" data-testid=\"table-factsheet-key\">Al\u00e7a\/Cabo<\/td>\n<td class=\"list-item w-full px-md py-sm align-top font-xsm-regular\">Baquelite<\/td>\n<\/tr>\n<tr class=\"text-on-surface-3 even:bg-surface-container-lower\">\n<td class=\"px-md py-sm align-top font-xsm-bold table-cell w-1\/2\" data-testid=\"table-factsheet-key\">Conte\u00fado da Embalagem<\/td>\n<td class=\"list-item w-full px-md py-sm align-top font-xsm-regular\">01 Panela com tampa de vidro n16\\n01 Panela com tampa de vidro n18\\n01 Ca\u00e7arola com tampa de vidro n20\\n01 Frigideira Francesa n20\\n01 Fervedor sem tampa n12<\/td>\n<\/tr>\n<tr class=\"text-on-surface-3 even:bg-surface-container-lower\">\n<td class=\"px-md py-sm align-top font-xsm-bold table-cell w-1\/2\" data-testid=\"table-factsheet-key\">Cor<\/td>\n<td class=\"list-item w-full px-md py-sm align-top font-xsm-regular\">Chocolate<\/td>\n<\/tr>\n<tr class=\"text-on-surface-3 even:bg-surface-container-lower\">\n<td class=\"px-md py-sm align-top font-xsm-bold table-cell w-1\/2\" data-testid=\"table-factsheet-key\">Dimens\u00f5es do Produto com Embalagem<\/td>\n<td class=\"list-item w-full px-md py-sm align-top font-xsm-regular\">55 x 43 x 13<\/td>\n<\/tr>\n<tr class=\"text-on-surface-3 even:bg-surface-container-lower\">\n<td class=\"px-md py-sm align-top font-xsm-bold table-cell w-1\/2\" data-testid=\"table-factsheet-key\">Linha<\/td>\n<td class=\"list-item w-full px-md py-sm align-top font-xsm-regular\">Supra Colors<\/td>\n<\/tr>\n<tr class=\"text-on-surface-3 even:bg-surface-container-lower\">\n<td class=\"px-md py-sm align-top font-xsm-bold table-cell w-1\/2\" data-testid=\"table-factsheet-key\">Marca<\/td>\n<td class=\"list-item w-full px-md py-sm align-top font-xsm-regular\"><a class=\"underline hover:text-interaction-default\" href=\"https:\/\/www.magazineluiza.com.br\/marcas\/mta\/\">MTA<\/a><\/td>\n<\/tr>\n<tr class=\"text-on-surface-3 even:bg-surface-container-lower\">\n<td class=\"px-md py-sm align-top font-xsm-bold table-cell w-1\/2\" data-testid=\"table-factsheet-key\">Material<\/td>\n<td class=\"list-item w-full px-md py-sm align-top font-xsm-regular\">Alum\u00ednio<\/td>\n<\/tr>\n<tr class=\"text-on-surface-3 even:bg-surface-container-lower\">\n<td class=\"px-md py-sm align-top font-xsm-bold table-cell w-1\/2\" data-testid=\"table-factsheet-key\">Material do Cabo<\/td>\n<td class=\"list-item w-full px-md py-sm align-top font-xsm-regular\">Baquelite<\/td>\n<\/tr>\n<tr class=\"text-on-surface-3 even:bg-surface-container-lower\">\n<td class=\"px-md py-sm align-top font-xsm-bold table-cell w-1\/2\" data-testid=\"table-factsheet-key\">Modelo<\/td>\n<td class=\"list-item w-full px-md py-sm align-top font-xsm-regular\">Florence<\/td>\n<\/tr>\n<tr class=\"text-on-surface-3 even:bg-surface-container-lower\">\n<td class=\"px-md py-sm align-top font-xsm-bold table-cell w-1\/2\" data-testid=\"table-factsheet-key\">Peso do Produto com Embalagem<\/td>\n<td class=\"list-item w-full px-md py-sm align-top font-xsm-regular\">3,7 kg<\/td>\n<\/tr>\n<tr class=\"text-on-surface-3 even:bg-surface-container-lower\">\n<td class=\"px-md py-sm align-top font-xsm-bold table-cell w-1\/2\" data-testid=\"table-factsheet-key\">Quantidade de Pe\u00e7as<\/td>\n<td class=\"list-item w-full px-md py-sm align-top font-xsm-regular\">5<\/td>\n<\/tr>\n<tr class=\"text-on-surface-3 even:bg-surface-container-lower\">\n<td class=\"px-md py-sm align-top font-xsm-bold table-cell w-1\/2\" data-testid=\"table-factsheet-key\">Recomenda\u00e7\u00f5es de Uso<\/td>\n<td class=\"list-item w-full px-md py-sm align-top font-xsm-regular\">Aconselhamos a n\u00e3o usar as panelas sem \u00f3leo, sempre uma colher pequena de manteiga ou \u00f3leo pode ser usada a seu crit\u00e9rio para dar um sabor a seu gosto, e evitar que o revestimento queime.\\nUtilize somente utens\u00edlios de madeira, nylon ou silicone. Evite cortar alimentos diretamente na panela. N\u00e3o risque a superf\u00edcie antiaderente. Pequenos riscos ou marcas de abras\u00e3o s\u00e3o normais e n\u00e3o afetam a desempenho do revestimento antiaderente. N\u00e3o deixe sua panela vazia no fogo. Evite que a chama incida sobre a lateral da panela. Deixe sua panela esfriar antes de lavar. Recomendamos sempre utilizar fogo brando, fogo alto \u00e9 desnecess\u00e1rio e pode danificar a panela.<\/td>\n<\/tr>\n<tr class=\"text-on-surface-3 even:bg-surface-container-lower\">\n<td class=\"px-md py-sm align-top font-xsm-bold table-cell w-1\/2\" data-testid=\"table-factsheet-key\">Revestimento Interno<\/td>\n<td class=\"list-item w-full px-md py-sm align-top font-xsm-regular\">Antiaderente SuperFlon 5 camadas<\/td>\n<\/tr>\n<tr class=\"text-on-surface-3 even:bg-surface-container-lower\">\n<td class=\"px-md py-sm align-top font-xsm-bold table-cell w-1\/2\" data-testid=\"table-factsheet-key\">Tampa<\/td>\n<td class=\"list-item w-full px-md py-sm align-top font-xsm-regular\">Vidro Temperado<\/td>\n<\/tr>\n<\/tbody>\n<\/table>\n<\/div>\n<\/div>\n","protected":false},"excerpt":{"rendered":"<p>Descri\u00e7\u00e3o e ficha t\u00e9cnica C\u00f3digo\u00a0agbg85e3j2 O Jogo de Panelas MTA Supra \u00e9 sin\u00f4nimo de praticidade e beleza. Este lindo, pr\u00e1tico e funcional conjunto de panela \u00e9 perfeito para voc\u00ea preparar<\/p>\n","protected":false},"featured_media":14740,"comment_status":"open","ping_status":"closed","template":"","meta":[],"product_brand":[],"product_cat":[15],"product_tag":[],"class_list":{"0":"post-14735","1":"product","2":"type-product","3":"status-publish","4":"has-post-thumbnail","6":"product_cat-produtos","7":"product_shipping_class-pac","9":"first","10":"instock","11":"shipping-taxable","12":"purchasable","13":"product-type-simple"},"_links":{"self":[{"href":"https:\/\/ambrosioeletro.com.br\/v20\/wp-json\/wp\/v2\/product\/14735","targetHints":{"allow":["GET"]}}],"collection":[{"href":"https:\/\/ambrosioeletro.com.br\/v20\/wp-json\/wp\/v2\/product"}],"about":[{"href":"https:\/\/ambrosioeletro.com.br\/v20\/wp-json\/wp\/v2\/types\/product"}],"replies":[{"embeddable":true,"href":"https:\/\/ambrosioeletro.com.br\/v20\/wp-json\/wp\/v2\/comments?post=14735"}],"wp:featuredmedia":[{"embeddable":true,"href":"https:\/\/ambrosioeletro.com.br\/v20\/wp-json\/wp\/v2\/media\/14740"}],"wp:attachment":[{"href":"https:\/\/ambrosioeletro.com.br\/v20\/wp-json\/wp\/v2\/media?parent=14735"}],"wp:term":[{"taxonomy":"product_brand","embeddable":true,"href":"https:\/\/ambrosioeletro.com.br\/v20\/wp-json\/wp\/v2\/product_brand?post=14735"},{"taxonomy":"product_cat","embeddable":true,"href":"https:\/\/ambrosioeletro.com.br\/v20\/wp-json\/wp\/v2\/product_cat?post=14735"},{"taxonomy":"product_tag","embeddable":true,"href":"https:\/\/ambrosioeletro.com.br\/v20\/wp-json\/wp\/v2\/product_tag?post=14735"}],"curies":[{"name":"wp","href":"https:\/\/api.w.org\/{rel}","templated":true}]}}