{"id":14836,"date":"2026-01-15T09:06:09","date_gmt":"2026-01-15T12:06:09","guid":{"rendered":"https:\/\/ambrosioeletro.com.br\/v20\/?post_type=product&#038;p=14836"},"modified":"2026-04-08T10:19:09","modified_gmt":"2026-04-08T13:19:09","slug":"espelheira-580x950x20-redonda","status":"publish","type":"product","link":"https:\/\/ambrosioeletro.com.br\/v20\/produto\/espelheira-580x950x20-redonda\/","title":{"rendered":"Espelheira &#8211; 580X950X20 &#8211; Redonda"},"content":{"rendered":"<p><strong>OBS: Imagem meramente ilustrativa, objetos decorativos n\u00e3o acompanha o produto, servi\u00e7o de montagem n\u00e3o incluso<\/strong><\/p>\n<p>&nbsp;<\/p>\n<p><strong>Sobre o produto:<\/strong><\/p>\n<p>Com um design super moderno, tenha um espelho da moda super em alta Ideal para colocar em qualquer ambiente, salas, quartos, banheiros e\u00a0escrit\u00f3rios. Com uma al\u00e7a de corino pra deix\u00e1-lo casualmente pendurado nos ambientes, combina com todos os tipos de decora\u00e7\u00e3o, especialmente em decora\u00e7\u00f5es minimalistas\/contempor\u00e2neas.<\/p>\n<p><strong><span style=\"font-family: Calibri, sans-serif;\">Dimens\u00f5es:<\/span><\/strong><\/p>\n<ul>\n<li><span style=\"font-family: Calibri, sans-serif;\">Largura: 58cm<\/span><\/li>\n<li><span style=\"font-family: Calibri, sans-serif;\">Altura: 95cm<\/span><\/li>\n<li><span style=\"font-family: Calibri, sans-serif;\">Profundidade: 02cm<\/span><\/li>\n<li><\/li>\n<\/ul>\n","protected":false},"excerpt":{"rendered":"<p>OBS: Imagem meramente ilustrativa, objetos decorativos n\u00e3o acompanha o produto, servi\u00e7o de montagem n\u00e3o incluso &nbsp; Sobre o produto: Com um design super moderno, tenha um espelho da moda super<\/p>\n","protected":false},"featured_media":14837,"comment_status":"open","ping_status":"closed","template":"","meta":[],"product_brand":[],"product_cat":[15],"product_tag":[],"class_list":{"0":"post-14836","1":"product","2":"type-product","3":"status-publish","4":"has-post-thumbnail","6":"product_cat-produtos","7":"product_shipping_class-pac","9":"first","10":"instock","11":"shipping-taxable","12":"purchasable","13":"product-type-simple"},"_links":{"self":[{"href":"https:\/\/ambrosioeletro.com.br\/v20\/wp-json\/wp\/v2\/product\/14836","targetHints":{"allow":["GET"]}}],"collection":[{"href":"https:\/\/ambrosioeletro.com.br\/v20\/wp-json\/wp\/v2\/product"}],"about":[{"href":"https:\/\/ambrosioeletro.com.br\/v20\/wp-json\/wp\/v2\/types\/product"}],"replies":[{"embeddable":true,"href":"https:\/\/ambrosioeletro.com.br\/v20\/wp-json\/wp\/v2\/comments?post=14836"}],"wp:featuredmedia":[{"embeddable":true,"href":"https:\/\/ambrosioeletro.com.br\/v20\/wp-json\/wp\/v2\/media\/14837"}],"wp:attachment":[{"href":"https:\/\/ambrosioeletro.com.br\/v20\/wp-json\/wp\/v2\/media?parent=14836"}],"wp:term":[{"taxonomy":"product_brand","embeddable":true,"href":"https:\/\/ambrosioeletro.com.br\/v20\/wp-json\/wp\/v2\/product_brand?post=14836"},{"taxonomy":"product_cat","embeddable":true,"href":"https:\/\/ambrosioeletro.com.br\/v20\/wp-json\/wp\/v2\/product_cat?post=14836"},{"taxonomy":"product_tag","embeddable":true,"href":"https:\/\/ambrosioeletro.com.br\/v20\/wp-json\/wp\/v2\/product_tag?post=14836"}],"curies":[{"name":"wp","href":"https:\/\/api.w.org\/{rel}","templated":true}]}}