{"id":14840,"date":"2026-01-16T15:05:44","date_gmt":"2026-01-16T18:05:44","guid":{"rendered":"https:\/\/ambrosioeletro.com.br\/v20\/?post_type=product&#038;p=14840"},"modified":"2026-02-28T11:28:16","modified_gmt":"2026-02-28T14:28:16","slug":"cama-casal-fechada-400-mademar","status":"publish","type":"product","link":"https:\/\/ambrosioeletro.com.br\/v20\/produto\/cama-casal-fechada-400-mademar\/","title":{"rendered":"Cama Casal Fechada 400 Mademar"},"content":{"rendered":"<p style=\"font-weight: 400;\">MEDIDAS DO PRODUTO:<\/p>\n<p style=\"font-weight: 400;\">Comprimento :\u00a0 198cm<\/p>\n<p style=\"font-weight: 400;\">Largura :\u00a0 144cm<\/p>\n<p style=\"font-weight: 400;\">Altura:\u00a0\u00a0 112cm<\/p>\n<p style=\"font-weight: 400;\">SOBRE O PRODUTO:<\/p>\n<p style=\"font-weight: 400;\">Produto desenvolvido com madeira de Pinus de reflorestamento 100% maci\u00e7a, ecologicamente correta. Esse produto de alta resist\u00eancia e grande performance foi desenvolvido para o cliente que procura uma cama que suporte 200kg ou mais.<\/p>\n<p style=\"font-weight: 400;\">O conjunto t\u00e9cnico para alto desempenho consiste em: p\u00e9s maci\u00e7os, barras laterais, o estrado refor\u00e7ado com 8 travessas e 11 ripas de 1 cm de espessura, essa cama proporciona aos seus usu\u00e1rios resist\u00eancia superior. Seu acabamento em verniz (pu) resulta em durabilidade, beleza e estilo na cor imbuia natural.<\/p>\n<p style=\"font-weight: 400;\">O produto final garante a satisfa\u00e7\u00e3o do cliente que busca um produto diferenciado com resist\u00eancia at\u00e9 200 kg.<\/p>\n<p style=\"font-weight: 400;\"><strong>Produto desenvolvido para colch\u00f5es de casal de medidas: 138x188cm<\/strong><\/p>\n<p style=\"font-weight: 400;\">Recomenda\u00e7\u00f5es de uso, manuten\u00e7\u00e3o e limpeza: Limpar com flanela ou pano macio seco, n\u00e3o utilizar produtos abrasivos, desengordurantes, \u00e1lcool ou solvente. N\u00e3o expor o produto diretamente a luz solar e \u00e0 umidade<\/p>\n","protected":false},"excerpt":{"rendered":"<p>MEDIDAS DO PRODUTO: Comprimento :\u00a0 198cm Largura :\u00a0 144cm Altura:\u00a0\u00a0 112cm SOBRE O PRODUTO: Produto desenvolvido com madeira de Pinus de reflorestamento 100% maci\u00e7a, ecologicamente correta. Esse produto de alta<\/p>\n","protected":false},"featured_media":14841,"comment_status":"open","ping_status":"closed","template":"","meta":[],"product_brand":[],"product_cat":[15],"product_tag":[],"class_list":{"0":"post-14840","1":"product","2":"type-product","3":"status-publish","4":"has-post-thumbnail","6":"product_cat-produtos","7":"product_shipping_class-retirar-no-local","9":"first","10":"instock","11":"shipping-taxable","12":"purchasable","13":"product-type-simple"},"_links":{"self":[{"href":"https:\/\/ambrosioeletro.com.br\/v20\/wp-json\/wp\/v2\/product\/14840","targetHints":{"allow":["GET"]}}],"collection":[{"href":"https:\/\/ambrosioeletro.com.br\/v20\/wp-json\/wp\/v2\/product"}],"about":[{"href":"https:\/\/ambrosioeletro.com.br\/v20\/wp-json\/wp\/v2\/types\/product"}],"replies":[{"embeddable":true,"href":"https:\/\/ambrosioeletro.com.br\/v20\/wp-json\/wp\/v2\/comments?post=14840"}],"wp:featuredmedia":[{"embeddable":true,"href":"https:\/\/ambrosioeletro.com.br\/v20\/wp-json\/wp\/v2\/media\/14841"}],"wp:attachment":[{"href":"https:\/\/ambrosioeletro.com.br\/v20\/wp-json\/wp\/v2\/media?parent=14840"}],"wp:term":[{"taxonomy":"product_brand","embeddable":true,"href":"https:\/\/ambrosioeletro.com.br\/v20\/wp-json\/wp\/v2\/product_brand?post=14840"},{"taxonomy":"product_cat","embeddable":true,"href":"https:\/\/ambrosioeletro.com.br\/v20\/wp-json\/wp\/v2\/product_cat?post=14840"},{"taxonomy":"product_tag","embeddable":true,"href":"https:\/\/ambrosioeletro.com.br\/v20\/wp-json\/wp\/v2\/product_tag?post=14840"}],"curies":[{"name":"wp","href":"https:\/\/api.w.org\/{rel}","templated":true}]}}