{"id":14849,"date":"2026-01-27T16:36:52","date_gmt":"2026-01-27T19:36:52","guid":{"rendered":"https:\/\/ambrosioeletro.com.br\/v20\/?post_type=product&#038;p=14849"},"modified":"2026-04-08T10:22:15","modified_gmt":"2026-04-08T13:22:15","slug":"liquidificador-27l-philco-1150w-127v-4-velocidades-vermelho-plq1412v","status":"publish","type":"product","link":"https:\/\/ambrosioeletro.com.br\/v20\/produto\/liquidificador-27l-philco-1150w-127v-4-velocidades-vermelho-plq1412v\/","title":{"rendered":"Liquidificador 2,7L Philco 1150W 127V 4 Velocidades Vermelho &#8211; PLQ1412V"},"content":{"rendered":"<p>Descri\u00e7\u00e3o e ficha t\u00e9cnica<br \/>\nC\u00f3digo cj43gdeed4<\/p>\n<p>Conhe\u00e7a o liquidificador Philco PLQ1412 que foi desenvolvido para modernizar sua cozinha. Vers\u00e1til, o seu diferencial est\u00e1 no copo de acr\u00edlico de 3L de capacidade total e no armazenamento \u00fatil tem 2L. Feito de material resistente, resulta em durabilidade e qualidade na hora de preparar suas deliciosas receitas. As 06 l\u00e2minas s\u00e3o em inox que, em conjunto com a pot\u00eancia de 1200W e as 12 velocidades, proporcionam uma tritura\u00e7\u00e3o dos alimentos eficaz, mantendo a textura e sabor com qualidade. E ainda tem um filtro como acess\u00f3rio para auxiliar e separar os fiapos e sementes das suas receitas. Nesta vers\u00e3o, ele est\u00e1 dispon\u00edvel nas cores vermelha e prata.<br \/>\nFicha T\u00e9cnica<br \/>\nMarca<br \/>\nPhilco<br \/>\nRefer\u00eancia<br \/>\n103101107<br \/>\nModelo<br \/>\nPLQ1412<br \/>\nMaterial do Copo<br \/>\nAcr\u00edlico<br \/>\nCapacidade Total do Copo<br \/>\n3L<br \/>\nCapacidade \u00datil do Copo<br \/>\n2L<br \/>\nVelocidades<br \/>\n12<br \/>\nPot\u00eancia<br \/>\n1200W<br \/>\nFun\u00e7\u00f5es<br \/>\n&#8211; Fun\u00e7\u00e3o pulsar e autolimpeza &#8211; Fun\u00e7\u00e3o ice<br \/>\nPainel<br \/>\nManual<br \/>\nTipo de L\u00e2mina<br \/>\n06<br \/>\nMaterial das L\u00e2minas<br \/>\nInox<br \/>\nBot\u00e3o pulsar<br \/>\nSim<br \/>\nSistema de autolimpeza<br \/>\nSim<br \/>\nBase antiderrapante<br \/>\nSim<br \/>\nPorta-fio<br \/>\nSim<br \/>\nVoltagem<br \/>\n110 Volts<br \/>\nAcess\u00f3rios<br \/>\n&#8211; Filtro<br \/>\nINMETRO<br \/>\nBRA17\/11052<br \/>\nConsumo Aproximado de Energia<br \/>\n1,2kw\/h<br \/>\nCor<br \/>\nVermelho e Prata<br \/>\nDimens\u00f5es do produto com embalagem &#8211; Largura<br \/>\n39,2cm<br \/>\nDimens\u00f5es do produto com embalagem &#8211; Altura<br \/>\n25,5cm<br \/>\nDimens\u00f5es do produto com embalagem &#8211; Profundidade<br \/>\n21,2cm<br \/>\nPeso do Produto com Embalagem<br \/>\n2,515kg<br \/>\nPrazo de Garantia<br \/>\n01 ano (3 meses de garantia legal e mais 9 meses de garantia especial concedida pelo fabricante).<br \/>\nSAC do Fornecedor<br \/>\nsac@britania.com.br<br \/>\nConte\u00fado da Embalagem<br \/>\n&#8211; 01 Liquidificador &#8211; 01 Filtro &#8211; Manual<\/p>\n","protected":false},"excerpt":{"rendered":"<p>Descri\u00e7\u00e3o e ficha t\u00e9cnica C\u00f3digo cj43gdeed4 Conhe\u00e7a o liquidificador Philco PLQ1412 que foi desenvolvido para modernizar sua cozinha. Vers\u00e1til, o seu diferencial est\u00e1 no copo de acr\u00edlico de 3L de<\/p>\n","protected":false},"featured_media":14850,"comment_status":"open","ping_status":"closed","template":"","meta":[],"product_brand":[],"product_cat":[15],"product_tag":[],"class_list":{"0":"post-14849","1":"product","2":"type-product","3":"status-publish","4":"has-post-thumbnail","6":"product_cat-produtos","7":"product_shipping_class-pac","9":"first","10":"instock","11":"shipping-taxable","12":"purchasable","13":"product-type-simple"},"_links":{"self":[{"href":"https:\/\/ambrosioeletro.com.br\/v20\/wp-json\/wp\/v2\/product\/14849","targetHints":{"allow":["GET"]}}],"collection":[{"href":"https:\/\/ambrosioeletro.com.br\/v20\/wp-json\/wp\/v2\/product"}],"about":[{"href":"https:\/\/ambrosioeletro.com.br\/v20\/wp-json\/wp\/v2\/types\/product"}],"replies":[{"embeddable":true,"href":"https:\/\/ambrosioeletro.com.br\/v20\/wp-json\/wp\/v2\/comments?post=14849"}],"wp:featuredmedia":[{"embeddable":true,"href":"https:\/\/ambrosioeletro.com.br\/v20\/wp-json\/wp\/v2\/media\/14850"}],"wp:attachment":[{"href":"https:\/\/ambrosioeletro.com.br\/v20\/wp-json\/wp\/v2\/media?parent=14849"}],"wp:term":[{"taxonomy":"product_brand","embeddable":true,"href":"https:\/\/ambrosioeletro.com.br\/v20\/wp-json\/wp\/v2\/product_brand?post=14849"},{"taxonomy":"product_cat","embeddable":true,"href":"https:\/\/ambrosioeletro.com.br\/v20\/wp-json\/wp\/v2\/product_cat?post=14849"},{"taxonomy":"product_tag","embeddable":true,"href":"https:\/\/ambrosioeletro.com.br\/v20\/wp-json\/wp\/v2\/product_tag?post=14849"}],"curies":[{"name":"wp","href":"https:\/\/api.w.org\/{rel}","templated":true}]}}