{"id":14993,"date":"2026-02-26T10:57:45","date_gmt":"2026-02-26T13:57:45","guid":{"rendered":"https:\/\/ambrosioeletro.com.br\/v20\/?post_type=product&#038;p=14993"},"modified":"2026-02-26T10:57:46","modified_gmt":"2026-02-26T13:57:46","slug":"cadeira-de-escritorio-presidente-cadeira-de-home-office-com-apoio-para-os-pes-e-encosto-ajustavelmarrom","status":"publish","type":"product","link":"https:\/\/ambrosioeletro.com.br\/v20\/produto\/cadeira-de-escritorio-presidente-cadeira-de-home-office-com-apoio-para-os-pes-e-encosto-ajustavelmarrom\/","title":{"rendered":"Cadeira de escrit\u00f3rio presidente, cadeira de home office com apoio para os p\u00e9s e encosto ajust\u00e1vel(Marrom)"},"content":{"rendered":"<h1 class=\"a-size-base-plus a-text-bold\">Sobre este item<\/h1>\n<ul class=\"a-unordered-list a-vertical a-spacing-mini\">\n<li class=\"a-spacing-mini\"><span class=\"a-list-item\">\ud83c\udfe0\u3010Experi\u00eancia confort\u00e1vel\u3011A cadeira de escrit\u00f3rio ergonomicamente projetada envolve suavemente seu corpo e apoia seu pesco\u00e7o e coluna. Enchimento de almofada duplo grosso com material natural n\u00e3o poluente, oferece conforto durante todo o dia.<\/span><\/li>\n<li class=\"a-spacing-mini\"><span class=\"a-list-item\">\ud83c\udfe0\u3010Apoio para os p\u00e9s retr\u00e1til\u3011Nossa cadeira est\u00e1 equipada com um apoio para os p\u00e9s, localizado sob a cadeira, que \u00e9 conveniente para voc\u00ea relaxar as pernas e aliviar o incha\u00e7o e desconforto. Al\u00e9m disso, o encosto pode ser ajustado de 90\u00b0 a 150\u00b0 dependendo do seu conforto, ajudando a reduzir a tens\u00e3o na parte superior do corpo e ajudando a relaxar.<\/span><\/li>\n<li class=\"a-spacing-mini\"><span class=\"a-list-item\">\ud83c\udfe0\u3010Design ergon\u00f4mico\u3011 O couro \u00e0 prova d&#8217;\u00e1gua desta cadeira de escrit\u00f3rio com espuma de alta densidade cria um design curvo moderno e ergon\u00f4mico, a boa flexibilidade da cadeira presidencial pode proteger sua coluna e c\u00f3ccix, maximizar o suporte lombar e o conforto ao sentar e ajuda voc\u00ea a manter a postura correta por muito tempo.<\/span><\/li>\n<li class=\"a-spacing-mini\"><span class=\"a-list-item\">\ud83c\udfe0\u3010Material de alta qualidade\u3011: A estrutura geral desta cadeira de escrit\u00f3rio ergon\u00f4mica \u00e9 feita com material met\u00e1lico de alta qualidade, que \u00e9 forte e n\u00e3o enferruja, e a capacidade de carga m\u00e1xima chega a 150 kg. As 5 rodinhas desta cadeira podem girar 360 graus silenciosamente e sem ru\u00eddo, o que \u00e9 conveniente para voc\u00ea se movimentar livremente no trabalho.<\/span><\/li>\n<li class=\"a-spacing-mini\"><span class=\"a-list-item\">\ud83c\udfe0\u3010F\u00e1cil de montar\u3011V\u00eddeo de instala\u00e7\u00e3o no final, use ferramentas de montagem. Com a ajuda do v\u00eddeo, voc\u00ea pode concluir a montagem em, aproximadamente, 15 minutos Se tiver alguma d\u00favida, sinta-se a vontade para entrar em contato conosco, faremos o poss\u00edvel para lhe proporcionar uma boa experi\u00eancia de compra.<\/span><\/li>\n<li>\n<h2>Especifica\u00e7\u00f5es do produto<\/h2>\n<div class=\"a-row\">\n<div class=\"a-column a-span12 a-span-last\">\n<div class=\"a-row a-spacing-top-base\">\n<div class=\"a-column a-span6\">\n<div class=\"a-row a-spacing-base\">\n<div class=\"a-row a-expander-container a-expander-extend-container\">\n<div class=\"a-row\">\n<div class=\"a-column a-span6\">\n<h1 class=\"a-size-medium a-spacing-small\">Detalhes t\u00e9cnicos<\/h1>\n<\/div>\n<\/div>\n<div class=\"a-expander-content a-expander-extend-content\" data-expanded=\"true\">\n<div class=\"a-row a-expander-container a-expander-inline-container\">\n<div class=\"a-expander-content a-expander-section-content a-section-expander-inner\" data-expanded=\"true\">\n<table id=\"productDetails_techSpec_section_1\" class=\"a-keyvalue prodDetTable\">\n<tbody>\n<tr>\n<th class=\"a-color-secondary a-size-base prodDetSectionEntry\">Cor<\/th>\n<td class=\"a-size-base prodDetAttrValue\">\u200eMarrom<\/td>\n<\/tr>\n<tr>\n<th class=\"a-color-secondary a-size-base prodDetSectionEntry\">Peso do produto<\/th>\n<td class=\"a-size-base prodDetAttrValue\">\u200e13 Quilogramas<\/td>\n<\/tr>\n<tr>\n<th class=\"a-color-secondary a-size-base prodDetSectionEntry\">Certifica\u00e7\u00e3o<\/th>\n<td class=\"a-size-base prodDetAttrValue\">\u200e00001<\/td>\n<\/tr>\n<tr>\n<th class=\"a-color-secondary a-size-base prodDetSectionEntry\">Material de Preenchimento<\/th>\n<td class=\"a-size-base prodDetAttrValue\">\u200eAlmofada<\/td>\n<\/tr>\n<tr>\n<th class=\"a-color-secondary a-size-base prodDetSectionEntry\">Peso m\u00e1ximo recomendado<\/th>\n<td class=\"a-size-base prodDetAttrValue\">\u200e1.5E+2 Quilogramas<\/td>\n<\/tr>\n<tr>\n<th class=\"a-color-secondary a-size-base prodDetSectionEntry\">Fator de forma<\/th>\n<td class=\"a-size-base prodDetAttrValue\">\u200ePedestal, Alto Dossel<\/td>\n<\/tr>\n<tr>\n<th class=\"a-color-secondary a-size-base prodDetSectionEntry\">Tipo de material<\/th>\n<td class=\"a-size-base prodDetAttrValue\">\u200eA\u00e7o inoxid\u00e1vel<\/td>\n<\/tr>\n<tr>\n<th class=\"a-color-secondary a-size-base prodDetSectionEntry\">Tipos de acabamento<\/th>\n<td class=\"a-size-base prodDetAttrValue\">\u200eRevestido em p\u00f3<\/td>\n<\/tr>\n<tr>\n<th class=\"a-color-secondary a-size-base prodDetSectionEntry\">Instru\u00e7\u00f5es de cuidado<\/th>\n<td class=\"a-size-base prodDetAttrValue\">\u200eLimpar com pano \u00famido<\/td>\n<\/tr>\n<tr>\n<th class=\"a-color-secondary a-size-base prodDetSectionEntry\">\u00c9 necess\u00e1ria montagem<\/th>\n<td class=\"a-size-base prodDetAttrValue\">\u200eSim<\/td>\n<\/tr>\n<tr>\n<th class=\"a-color-secondary a-size-base prodDetSectionEntry\">N\u00famero de produtos<\/th>\n<td class=\"a-size-base prodDetAttrValue\">\u200e1<\/td>\n<\/tr>\n<tr>\n<th class=\"a-color-secondary a-size-base prodDetSectionEntry\">Precisa de pilhas ou baterias?<\/th>\n<td class=\"a-size-base prodDetAttrValue\">\u200eN\u00e3o<\/td>\n<\/tr>\n<tr>\n<th class=\"a-color-secondary a-size-base prodDetSectionEntry\">Componentes inclu\u00eddos<\/th>\n<td class=\"a-size-base prodDetAttrValue\">\u200eCadeira de escrit\u00f3rio<\/td>\n<\/tr>\n<tr>\n<th class=\"a-color-secondary a-size-base prodDetSectionEntry\">Tamanho<\/th>\n<td class=\"a-size-base prodDetAttrValue\">\u200e60 cm x 58 cm x 110 cm<\/td>\n<\/tr>\n<tr>\n<th class=\"a-color-secondary a-size-base prodDetSectionEntry\">Marca<\/th>\n<td class=\"a-size-base prodDetAttrValue\">\u200ePython Fly<\/td>\n<\/tr>\n<tr>\n<th class=\"a-color-secondary a-size-base prodDetSectionEntry\">Dimens\u00f5es do produto<\/th>\n<td class=\"a-size-base prodDetAttrValue\">\u200e60 x 58 x 110 cm; 13 quilogramas<\/td>\n<\/tr>\n<\/tbody>\n<\/table>\n<\/div>\n<\/div>\n<\/div>\n<\/div>\n<\/div>\n<\/div>\n<\/div>\n<\/div>\n<\/div>\n<\/li>\n<\/ul>\n","protected":false},"excerpt":{"rendered":"<p>Sobre este item \ud83c\udfe0\u3010Experi\u00eancia confort\u00e1vel\u3011A cadeira de escrit\u00f3rio ergonomicamente projetada envolve suavemente seu corpo e apoia seu pesco\u00e7o e coluna. Enchimento de almofada duplo grosso com material natural n\u00e3o poluente,<\/p>\n","protected":false},"featured_media":14997,"comment_status":"open","ping_status":"closed","template":"","meta":[],"product_brand":[],"product_cat":[15],"product_tag":[],"class_list":{"0":"post-14993","1":"product","2":"type-product","3":"status-publish","4":"has-post-thumbnail","6":"product_cat-produtos","7":"product_shipping_class-pac","9":"first","10":"instock","11":"shipping-taxable","12":"purchasable","13":"product-type-simple"},"_links":{"self":[{"href":"https:\/\/ambrosioeletro.com.br\/v20\/wp-json\/wp\/v2\/product\/14993","targetHints":{"allow":["GET"]}}],"collection":[{"href":"https:\/\/ambrosioeletro.com.br\/v20\/wp-json\/wp\/v2\/product"}],"about":[{"href":"https:\/\/ambrosioeletro.com.br\/v20\/wp-json\/wp\/v2\/types\/product"}],"replies":[{"embeddable":true,"href":"https:\/\/ambrosioeletro.com.br\/v20\/wp-json\/wp\/v2\/comments?post=14993"}],"wp:featuredmedia":[{"embeddable":true,"href":"https:\/\/ambrosioeletro.com.br\/v20\/wp-json\/wp\/v2\/media\/14997"}],"wp:attachment":[{"href":"https:\/\/ambrosioeletro.com.br\/v20\/wp-json\/wp\/v2\/media?parent=14993"}],"wp:term":[{"taxonomy":"product_brand","embeddable":true,"href":"https:\/\/ambrosioeletro.com.br\/v20\/wp-json\/wp\/v2\/product_brand?post=14993"},{"taxonomy":"product_cat","embeddable":true,"href":"https:\/\/ambrosioeletro.com.br\/v20\/wp-json\/wp\/v2\/product_cat?post=14993"},{"taxonomy":"product_tag","embeddable":true,"href":"https:\/\/ambrosioeletro.com.br\/v20\/wp-json\/wp\/v2\/product_tag?post=14993"}],"curies":[{"name":"wp","href":"https:\/\/api.w.org\/{rel}","templated":true}]}}