{"id":15404,"date":"2026-03-27T11:32:51","date_gmt":"2026-03-27T14:32:51","guid":{"rendered":"https:\/\/ambrosioeletro.com.br\/v20\/?post_type=product&#038;p=15404"},"modified":"2026-03-27T11:32:51","modified_gmt":"2026-03-27T14:32:51","slug":"criado-aroma-com-1-gaveta-fiorello","status":"publish","type":"product","link":"https:\/\/ambrosioeletro.com.br\/v20\/produto\/criado-aroma-com-1-gaveta-fiorello\/","title":{"rendered":"Criado Aroma com 1 Gaveta | Fiorello"},"content":{"rendered":"<table id=\"product-attribute-specs-table\" class=\"data table additional-attributes\">\n<tbody>\n<tr>\n<th class=\"col label\" scope=\"row\">Ambiente<\/th>\n<td class=\"col data\" data-th=\"Ambiente\">Quarto<\/td>\n<\/tr>\n<tr>\n<th class=\"col label\" scope=\"row\">Abertura de Portas<\/th>\n<td class=\"col data\" data-th=\"Abertura de Portas\">Abrir<\/td>\n<\/tr>\n<tr>\n<th class=\"col label\" scope=\"row\">Marca<\/th>\n<td class=\"col data\" data-th=\"Marca\">FIORELLO<\/td>\n<\/tr>\n<tr>\n<th class=\"col label\" scope=\"row\">Dimens\u00e3o<\/th>\n<td class=\"col data\" data-th=\"Dimens\u00e3o\">41 x 56 x 36cm (LxAxP) &#8211;\u00a0<b>Peso:<\/b>9kg<\/td>\n<\/tr>\n<tr>\n<th class=\"col label\" scope=\"row\">Garantia<\/th>\n<td class=\"col data\" data-th=\"Garantia\">3 meses<\/td>\n<\/tr>\n<tr>\n<th class=\"col label\" scope=\"row\">Possui p\u00e9s<\/th>\n<td class=\"col data\" data-th=\"Possui p\u00e9s \">Sim<\/td>\n<\/tr>\n<tr>\n<th class=\"col label\" scope=\"row\">Quantidade de Gavetas<\/th>\n<td class=\"col data\" data-th=\"Quantidade de Gavetas\">1 gaveta<\/td>\n<\/tr>\n<tr>\n<th class=\"col label\" scope=\"row\">Tipo de Corredi\u00e7a<\/th>\n<td class=\"col data\" data-th=\"Tipo de Corredi\u00e7a\">Met\u00e1licas<\/td>\n<\/tr>\n<tr>\n<th class=\"col label\" scope=\"row\">Tipo de Material<\/th>\n<td class=\"col data\" data-th=\"Tipo de Material\">MDP<\/td>\n<\/tr>\n<tr>\n<th class=\"col label\" scope=\"row\">Tipo de produto<\/th>\n<td class=\"col data\" data-th=\"Tipo de produto\">Mesa com Cadeira<\/td>\n<\/tr>\n<tr>\n<th class=\"col label\" scope=\"row\">Caracter\u00edstica<\/th>\n<td class=\"col data\" data-th=\"Caracter\u00edstica\">&#8211; Estrutura MDP<br \/>\n&#8211; P\u00e9s em madeira<br \/>\n&#8211; Puxadores em Abs<br \/>\n&#8211; Acabamento externo e interno em Pintura UV<br \/>\n&#8211; 1 gaveta com corredi\u00e7a met\u00e1lica<\/td>\n<\/tr>\n<tr>\n<th class=\"col label\" scope=\"row\">Importante<\/th>\n<td class=\"col data\" data-th=\"Importante\">&#8211; Em pr\u00e9dios que n\u00e3o possuem elevador de carga, as mercadorias ser\u00e3o entregues pela escada at\u00e9 o 4\u00ba (quarto) andar. &#8211; Todos os m\u00f3veis possuem manual de montagem, voc\u00ea pode montar ou escolher um montador de sua confian\u00e7a. &#8211; As imagens s\u00e3o meramente ilustrativas. Os demais itens e objetos de decora\u00e7\u00e3o n\u00e3o acompanham o produto &#8211; Em caso de diverg\u00eancia, o pre\u00e7o v\u00e1lido \u00e9 o do Carrinho de Compras. &#8211; Pre\u00e7os e condi\u00e7\u00f5es v\u00e1lidas somente para compras via Internet. &#8211; Confira as dimens\u00f5es deste produto e certifique-se de que passar\u00e1 normalmente por elevadores, portas, escadas e\/ou corredores de sua moradia. Bem como sua acomoda\u00e7\u00e3o.<\/td>\n<\/tr>\n<\/tbody>\n<\/table>\n","protected":false},"excerpt":{"rendered":"<p>Ambiente Quarto Abertura de Portas Abrir Marca FIORELLO Dimens\u00e3o 41 x 56 x 36cm (LxAxP) &#8211;\u00a0Peso:9kg Garantia 3 meses Possui p\u00e9s Sim Quantidade de Gavetas 1 gaveta Tipo de Corredi\u00e7a<\/p>\n","protected":false},"featured_media":15407,"comment_status":"open","ping_status":"closed","template":"","meta":[],"product_brand":[],"product_cat":[15],"product_tag":[],"class_list":{"0":"post-15404","1":"product","2":"type-product","3":"status-publish","4":"has-post-thumbnail","6":"product_cat-produtos","7":"product_shipping_class-retirar-no-local","9":"first","10":"instock","11":"shipping-taxable","12":"purchasable","13":"product-type-simple"},"_links":{"self":[{"href":"https:\/\/ambrosioeletro.com.br\/v20\/wp-json\/wp\/v2\/product\/15404","targetHints":{"allow":["GET"]}}],"collection":[{"href":"https:\/\/ambrosioeletro.com.br\/v20\/wp-json\/wp\/v2\/product"}],"about":[{"href":"https:\/\/ambrosioeletro.com.br\/v20\/wp-json\/wp\/v2\/types\/product"}],"replies":[{"embeddable":true,"href":"https:\/\/ambrosioeletro.com.br\/v20\/wp-json\/wp\/v2\/comments?post=15404"}],"wp:featuredmedia":[{"embeddable":true,"href":"https:\/\/ambrosioeletro.com.br\/v20\/wp-json\/wp\/v2\/media\/15407"}],"wp:attachment":[{"href":"https:\/\/ambrosioeletro.com.br\/v20\/wp-json\/wp\/v2\/media?parent=15404"}],"wp:term":[{"taxonomy":"product_brand","embeddable":true,"href":"https:\/\/ambrosioeletro.com.br\/v20\/wp-json\/wp\/v2\/product_brand?post=15404"},{"taxonomy":"product_cat","embeddable":true,"href":"https:\/\/ambrosioeletro.com.br\/v20\/wp-json\/wp\/v2\/product_cat?post=15404"},{"taxonomy":"product_tag","embeddable":true,"href":"https:\/\/ambrosioeletro.com.br\/v20\/wp-json\/wp\/v2\/product_tag?post=15404"}],"curies":[{"name":"wp","href":"https:\/\/api.w.org\/{rel}","templated":true}]}}