{"id":15601,"date":"2026-04-02T17:29:40","date_gmt":"2026-04-02T20:29:40","guid":{"rendered":"https:\/\/ambrosioeletro.com.br\/v20\/?post_type=product&#038;p=15601"},"modified":"2026-04-02T17:29:40","modified_gmt":"2026-04-02T20:29:40","slug":"notebook-acer-aspire-5-a515-45-r1ac-amd-ryzen-5-5500u-15-6-fhd-ips-8gb-ddr4-256gb-ssd-nvme","status":"publish","type":"product","link":"https:\/\/ambrosioeletro.com.br\/v20\/produto\/notebook-acer-aspire-5-a515-45-r1ac-amd-ryzen-5-5500u-15-6-fhd-ips-8gb-ddr4-256gb-ssd-nvme\/","title":{"rendered":"Notebook Acer Aspire 5 A515-45-R1AC, AMD Ryzen 5 5500U, 15.6&#8243; FHD IPS 8GB DDR4, 256GB SSD NVMe"},"content":{"rendered":"<div class=\"productDescription\">O Acer Aspire 5 A515-45-R1AC vem equipado com processador AMD Ryzen 5 5500U, 8GB de RAM DDR4 e SSD NVMe de 256GB, entregando \u00f3timo desempenho para tarefas di\u00e1rias. Sua tela IPS de 15.6&#8243; Full HD oferece boa qualidade de imagem com tecnologia antirreflexo. Conta ainda com Wi-Fi 6, m\u00faltiplas portas USB, USB-C e possibilidade de upgrades.<\/div>\n<div id=\"caracteristicas\">\n<div class=\"spec-table-item\" data-group=\"acessorios-inclusos\">\n<h4 class=\"group Acessorios-Inclusos\">ACESS\u00d3RIOS INCLUSOS<\/h4>\n<table class=\"group Acessorios-Inclusos\" cellspacing=\"0\">\n<tbody>\n<tr class=\"even\">\n<th class=\"name-field Bateria\">Bateria<\/th>\n<td class=\"value-field Bateria\">3 c\u00e9lulas (Li-\u00cdon) 48Wh<\/td>\n<\/tr>\n<\/tbody>\n<\/table>\n<\/div>\n<div class=\"spec-table-item\" data-group=\"conectividade\">\n<h4 class=\"group Conectividade\">CONECTIVIDADE<\/h4>\n<table class=\"group Conectividade\" cellspacing=\"0\">\n<tbody>\n<tr class=\"even\">\n<th class=\"name-field Bluetooth\">Bluetooth<\/th>\n<td class=\"value-field Bluetooth\">Sim<\/td>\n<\/tr>\n<tr>\n<th class=\"name-field Entrada-Microfone\">Entrada Microfone<\/th>\n<td class=\"value-field Entrada-Microfone\">Combo para Alto Falante e Microfone<\/td>\n<\/tr>\n<tr class=\"even\">\n<th class=\"name-field HDMI\">HDMI<\/th>\n<td class=\"value-field HDMI\">2.0<\/td>\n<\/tr>\n<tr>\n<th class=\"name-field Kensington-Lock\">Kensington Lock<\/th>\n<td class=\"value-field Kensington-Lock\">Sim<\/td>\n<\/tr>\n<tr class=\"even\">\n<th class=\"name-field Porta-Ethernet-RJ45-\">Porta Ethernet (RJ45)<\/th>\n<td class=\"value-field Porta-Ethernet-RJ45-\">Sim<\/td>\n<\/tr>\n<tr>\n<th class=\"name-field USB-3-2-\">USB (3.2)<\/th>\n<td class=\"value-field USB-3-2-\">2<\/td>\n<\/tr>\n<tr class=\"even\">\n<th class=\"name-field Versao-Bluetooth\">Vers\u00e3o Bluetooth<\/th>\n<td class=\"value-field Versao-Bluetooth\">5.0<\/td>\n<\/tr>\n<\/tbody>\n<\/table>\n<\/div>\n<div class=\"spec-table-item\" data-group=\"conteudo-da-embalagem\">\n<h4 class=\"group Conteudo-da-Embalagem\">CONTE\u00daDO DA EMBALAGEM<\/h4>\n<table class=\"group Conteudo-da-Embalagem\" cellspacing=\"0\">\n<tbody>\n<tr class=\"even\">\n<th class=\"name-field Certificado-de-Garantia\">Certificado de Garantia<\/th>\n<td class=\"value-field Certificado-de-Garantia\">Sim<\/td>\n<\/tr>\n<tr>\n<th class=\"name-field Manual-do-Usuario\">Manual do Usu\u00e1rio<\/th>\n<td class=\"value-field Manual-do-Usuario\">Sim<\/td>\n<\/tr>\n<\/tbody>\n<\/table>\n<\/div>\n<div class=\"spec-table-item\" data-group=\"especificacoes-tecnicas\">\n<h4 class=\"group Especificacoes-Tecnicas\">ESPECIFICA\u00c7\u00d5ES T\u00c9CNICAS<\/h4>\n<table class=\"group Especificacoes-Tecnicas\" cellspacing=\"0\">\n<tbody>\n<tr class=\"even\">\n<th class=\"name-field Cor\">Cor<\/th>\n<td class=\"value-field Cor\">Prata<\/td>\n<\/tr>\n<tr>\n<th class=\"name-field Peso-do-produto\">Peso do produto<\/th>\n<td class=\"value-field Peso-do-produto\">1,76 KG<\/td>\n<\/tr>\n<tr class=\"even\">\n<th class=\"name-field Placa-Grafica\">Placa Gr\u00e1fica<\/th>\n<td class=\"value-field Placa-Grafica\">AMD Radeon? Graphics<\/td>\n<\/tr>\n<tr>\n<th class=\"name-field Alto-Falantes\">Alto Falantes<\/th>\n<td class=\"value-field Alto-Falantes\">2 x 2W<\/td>\n<\/tr>\n<tr class=\"even\">\n<th class=\"name-field Touchpad\">Touchpad<\/th>\n<td class=\"value-field Touchpad\">Multi-gestual<\/td>\n<\/tr>\n<tr>\n<th class=\"name-field Garantia-do-Fabricante\">Garantia do Fabricante<\/th>\n<td class=\"value-field Garantia-do-Fabricante\">1 Ano<\/td>\n<\/tr>\n<\/tbody>\n<\/table>\n<\/div>\n<div class=\"spec-table-item\" data-group=\"processadores\">\n<h4 class=\"group Processadores\">PROCESSADORES<\/h4>\n<table class=\"group Processadores\" cellspacing=\"0\">\n<tbody>\n<tr class=\"even\">\n<th class=\"name-field Familia\">Fam\u00edlia<\/th>\n<td class=\"value-field Familia\">5500U<\/td>\n<\/tr>\n<tr>\n<th class=\"name-field Memoria-Cache\">Mem\u00f3ria Cache<\/th>\n<td class=\"value-field Memoria-Cache\">8 MB<\/td>\n<\/tr>\n<tr class=\"even\">\n<th class=\"name-field Processador\">Processador<\/th>\n<td class=\"value-field Processador\">AMD Ryzen 5<\/td>\n<\/tr>\n<tr>\n<th class=\"name-field Velocidade-do-Processador\">Velocidade do Processador<\/th>\n<td class=\"value-field Velocidade-do-Processador\">4,0 GHZ<\/td>\n<\/tr>\n<\/tbody>\n<\/table>\n<\/div>\n<div class=\"spec-table-item\" data-group=\"recursos\">\n<h4 class=\"group Recursos\">RECURSOS<\/h4>\n<table class=\"group Recursos\" cellspacing=\"0\">\n<tbody>\n<tr class=\"even\">\n<th class=\"name-field Teclado-Numerico\">Teclado Num\u00e9rico<\/th>\n<td class=\"value-field Teclado-Numerico\">Independente<\/td>\n<\/tr>\n<tr>\n<th class=\"name-field Teclado\">Teclado<\/th>\n<td class=\"value-field Teclado\">Portugu\u00eas Brasil ABNT2<\/td>\n<\/tr>\n<\/tbody>\n<\/table>\n<\/div>\n<div class=\"spec-table-item\" data-group=\"tela\">\n<h4 class=\"group Tela\">TELA<\/h4>\n<table class=\"group Tela\" cellspacing=\"0\">\n<tbody>\n<tr class=\"even\">\n<th class=\"name-field Polegadas\">Polegadas<\/th>\n<td class=\"value-field Polegadas\">15.6 POL<\/td>\n<\/tr>\n<tr>\n<th class=\"name-field Resolucao\">Resolu\u00e7\u00e3o<\/th>\n<td class=\"value-field Resolucao\">Full HD<\/td>\n<\/tr>\n<\/tbody>\n<\/table>\n<\/div>\n<div class=\"spec-table-item\" data-group=\"informacoes-tecnicas\">\n<h4 class=\"group Informacoes-Tecnicas\">INFORMA\u00c7\u00d5ES T\u00c9CNICAS<\/h4>\n<table class=\"group Informacoes-Tecnicas\" cellspacing=\"0\">\n<tbody>\n<tr class=\"even\">\n<th class=\"name-field Procedencia\">Proced\u00eancia<\/th>\n<td class=\"value-field Procedencia\">4-Nacional, produzido com PPB<\/td>\n<\/tr>\n<tr>\n<th class=\"name-field GTIN\">GTIN<\/th>\n<td class=\"value-field GTIN\">4711474722386<\/td>\n<\/tr>\n<tr class=\"even\">\n<th class=\"name-field NCM\">NCM<\/th>\n<td class=\"value-field NCM\">84713019<\/td>\n<\/tr>\n<tr>\n<th class=\"name-field EAN\">EAN<\/th>\n<td class=\"value-field EAN\">EAN13<\/td>\n<\/tr>\n<\/tbody>\n<\/table>\n<\/div>\n<div class=\"spec-table-item\" data-group=\"itens-inclusos\">\n<h4 class=\"group Itens-Inclusos\">ITENS INCLUSOS<\/h4>\n<table class=\"group Itens-Inclusos\" cellspacing=\"0\">\n<tbody>\n<tr class=\"even\">\n<th class=\"name-field Notebook\">Notebook<\/th>\n<td class=\"value-field Notebook\">1<\/td>\n<\/tr>\n<tr>\n<th class=\"name-field Fonte-Carregadora\">Fonte Carregadora<\/th>\n<td class=\"value-field Fonte-Carregadora\">1<\/td>\n<\/tr>\n<\/tbody>\n<\/table>\n<\/div>\n<div class=\"spec-table-item\" data-group=\"camera\">\n<h4 class=\"group Camera\">C\u00c2MERA<\/h4>\n<table class=\"group Camera\" cellspacing=\"0\">\n<tbody>\n<tr class=\"even\">\n<th class=\"name-field Webcam\">Webcam<\/th>\n<td class=\"value-field Webcam\">1280 x 720 (HD) 720p<\/td>\n<\/tr>\n<\/tbody>\n<\/table>\n<\/div>\n<div class=\"spec-table-item\" data-group=\"tela\">\n<h4 class=\"group Tela\">TELA<\/h4>\n<table class=\"group Tela\" cellspacing=\"0\">\n<tbody>\n<tr class=\"even\">\n<th class=\"name-field Tela\">Tela<\/th>\n<td class=\"value-field Tela\">15,6 POL<\/td>\n<\/tr>\n<tr>\n<th class=\"name-field Tipo-de-Tela\">Tipo de Tela<\/th>\n<td class=\"value-field Tipo-de-Tela\">LED IPS<\/td>\n<\/tr>\n<tr class=\"even\">\n<th class=\"name-field Anti-Reflexo\">Anti Reflexo<\/th>\n<td class=\"value-field Anti-Reflexo\">Acer ComfyView?<\/td>\n<\/tr>\n<tr>\n<th class=\"name-field Velocidade-da-Imagem\">Velocidade da Imagem<\/th>\n<td class=\"value-field Velocidade-da-Imagem\">60 HZ<\/td>\n<\/tr>\n<\/tbody>\n<\/table>\n<\/div>\n<div class=\"spec-table-item\" data-group=\"armazenamento\">\n<h4 class=\"group Armazenamento\">ARMAZENAMENTO<\/h4>\n<table class=\"group Armazenamento\" cellspacing=\"0\">\n<tbody>\n<tr class=\"even\">\n<th class=\"name-field Memoria-RAM\">Mem\u00f3ria RAM<\/th>\n<td class=\"value-field Memoria-RAM\">8 GB<\/td>\n<\/tr>\n<tr>\n<th class=\"name-field Tipo-de-Memoria\">Tipo de Mem\u00f3ria<\/th>\n<td class=\"value-field Tipo-de-Memoria\">DDR4 3200 MHz<\/td>\n<\/tr>\n<tr class=\"even\">\n<th class=\"name-field Armazenamento-SSD\">Armazenamento SSD<\/th>\n<td class=\"value-field Armazenamento-SSD\">256 GB<\/td>\n<\/tr>\n<tr>\n<th class=\"name-field Memoria-RAM-Expansivel\">Mem\u00f3ria RAM Expans\u00edvel<\/th>\n<td class=\"value-field Memoria-RAM-Expansivel\">At\u00e9 24<\/td>\n<\/tr>\n<\/tbody>\n<\/table>\n<\/div>\n<\/div>\n","protected":false},"excerpt":{"rendered":"<p>O Acer Aspire 5 A515-45-R1AC vem equipado com processador AMD Ryzen 5 5500U, 8GB de RAM DDR4 e SSD NVMe de 256GB, entregando \u00f3timo desempenho para tarefas di\u00e1rias. Sua tela<\/p>\n","protected":false},"featured_media":15603,"comment_status":"open","ping_status":"closed","template":"","meta":[],"product_brand":[],"product_cat":[15],"product_tag":[],"class_list":{"0":"post-15601","1":"product","2":"type-product","3":"status-publish","4":"has-post-thumbnail","6":"product_cat-produtos","7":"product_shipping_class-pac","9":"first","10":"instock","11":"shipping-taxable","12":"purchasable","13":"product-type-simple"},"_links":{"self":[{"href":"https:\/\/ambrosioeletro.com.br\/v20\/wp-json\/wp\/v2\/product\/15601","targetHints":{"allow":["GET"]}}],"collection":[{"href":"https:\/\/ambrosioeletro.com.br\/v20\/wp-json\/wp\/v2\/product"}],"about":[{"href":"https:\/\/ambrosioeletro.com.br\/v20\/wp-json\/wp\/v2\/types\/product"}],"replies":[{"embeddable":true,"href":"https:\/\/ambrosioeletro.com.br\/v20\/wp-json\/wp\/v2\/comments?post=15601"}],"wp:featuredmedia":[{"embeddable":true,"href":"https:\/\/ambrosioeletro.com.br\/v20\/wp-json\/wp\/v2\/media\/15603"}],"wp:attachment":[{"href":"https:\/\/ambrosioeletro.com.br\/v20\/wp-json\/wp\/v2\/media?parent=15601"}],"wp:term":[{"taxonomy":"product_brand","embeddable":true,"href":"https:\/\/ambrosioeletro.com.br\/v20\/wp-json\/wp\/v2\/product_brand?post=15601"},{"taxonomy":"product_cat","embeddable":true,"href":"https:\/\/ambrosioeletro.com.br\/v20\/wp-json\/wp\/v2\/product_cat?post=15601"},{"taxonomy":"product_tag","embeddable":true,"href":"https:\/\/ambrosioeletro.com.br\/v20\/wp-json\/wp\/v2\/product_tag?post=15601"}],"curies":[{"name":"wp","href":"https:\/\/api.w.org\/{rel}","templated":true}]}}