{"id":15879,"date":"2026-04-20T09:29:40","date_gmt":"2026-04-20T12:29:40","guid":{"rendered":"https:\/\/ambrosioeletro.com.br\/v20\/?post_type=product&#038;p=15879"},"modified":"2026-04-20T09:29:40","modified_gmt":"2026-04-20T12:29:40","slug":"guarda-roupa-nt-5005-4-portas-e-2-gavetas-notavel-branco-rosa-branco","status":"publish","type":"product","link":"https:\/\/ambrosioeletro.com.br\/v20\/produto\/guarda-roupa-nt-5005-4-portas-e-2-gavetas-notavel-branco-rosa-branco\/","title":{"rendered":"Guarda-roupa Nt 5005 4 Portas e 2 Gavetas Not\u00e1vel &#8211; Branco\/rosa Branco"},"content":{"rendered":"<div class=\"box_border-box mt_$large [&amp;:last-child]:mb_0 $md:mb_$xxlarge\"><span class=\"tracking_$medium text_$text-default fs_$body-medium leading_$body-medium fw_$medium mb_$large d_inline-block fs_$h7 fw_$medium $md:mb_$medium $md:fs_$h5\">Descri\u00e7\u00e3o<\/span><\/p>\n<div class=\"d_flex flex_column gap_$medium mb_$medium\" data-testid=\"product_information-container-product_description\">\n<p class=\"fw_$regular fs_$body-xsmall transition_max-height_0.5s_ease-in-out,_mask-image_0.5s_ease-in-out text_$text-default $md:fs_$body-small max-h_4000px! mask-image_none opacity_0.7 overflow_hidden\">Guarda-Roupa Not\u00e1vel NT 5005 4 Portas e 2 Gavetas, dispon\u00edveis nas cores: R\u00fastico, Caf\u00e9, Nude, Castanho e Branco\/Rosa.Medidas do Produto Montado:Largura: 1080mmAltura: 1880mmProfundidade: 450mmPeso: 60KgVolume: 02cxs.Garantia: 90 dias conforme manual do fabricante.Observa\u00e7\u00f5es:<br \/>\nImagens meramente ilustrativas. Os demais itens e objetos de decora\u00e7\u00e3o n\u00e3o acompanham o produto.<br \/>\nTodas as informa\u00e7\u00f5es divulgadas s\u00e3o de responsabilidade do fabricante\/fornecedor.<br \/>\nAs cores podem sofrer varia\u00e7\u00f5es de acordo com o tipo, configura\u00e7\u00e3o e resolu\u00e7\u00e3o do seu monitor.<\/p>\n<\/div>\n<p><button class=\"fw_$medium fs_$body-small cursor_pointer text-decor_none! d_flex items_center gap_$xsmall text_$text-link-default [&amp;_svg]:text_$text-link-default $md:fs_$body-small\" type=\"button\" aria-expanded=\"true\" data-testid=\"product_description-button-see_more\">Ver menos descri\u00e7\u00e3o<\/button><\/div>\n<div class=\"box_border-box mt_$large [&amp;:last-child]:mb_0 $md:mb_$xxlarge\"><span class=\"tracking_$medium text_$text-default fs_$body-medium leading_$body-medium fw_$medium mb_$large d_inline-block fs_$h7 fw_$medium $md:mb_$medium $md:fs_$h5\">Caracter\u00edsticas do produto<\/span><\/p>\n<div class=\"d_flex box_border-box d_grid grid-cols_1fr gap_$large pos_relative overflow_hidden transition_all_0.5s_ease-in-out $md:grid-cols_1fr_1fr min-h_100% max-h_auto mask-image_none opacity_0.7 \" data-testid=\"product_information-container-product_characteristics\">\n<div class=\"box_border-box w_100%\">\n<div class=\"d_block\"><span class=\"tracking_$medium text_$text-default fs_$body-medium leading_$body-medium fw_$medium d_inline-block fs_$body-small fw_$medium mb_$medium\">Pesos e Dimens\u00f5es<\/span><\/p>\n<div class=\"w_100% mb_$large\" data-testid=\"table-attributes\">\n<div class=\"rounded_$medium gap_$xlarge overflow_hidden\">\n<div class=\"d_flex bg_$background-neutral-subtlest [&amp;_div]:flex_1 [&amp;:nth-child(even)]:bg_$background-neutral-subtle px_$large py_$medium gap_$small\">\n<div><span class=\"tracking_$medium text_$text-default fs_$body-medium leading_$body-medium fw_$medium fs_$body-small fw_$semibold\">Altura (cm)<\/span><\/div>\n<div><span class=\"tracking_$medium text_$text-default fs_$body-medium leading_$body-medium fw_$medium fs_$body-xsmall fw_$medium!\">1.880 cm<\/span><\/div>\n<\/div>\n<div class=\"d_flex bg_$background-neutral-subtlest [&amp;_div]:flex_1 [&amp;:nth-child(even)]:bg_$background-neutral-subtle px_$large py_$medium gap_$small\">\n<div><span class=\"tracking_$medium text_$text-default fs_$body-medium leading_$body-medium fw_$medium fs_$body-small fw_$semibold\">Largura (cm)<\/span><\/div>\n<div><span class=\"tracking_$medium text_$text-default fs_$body-medium leading_$body-medium fw_$medium fs_$body-xsmall fw_$medium!\">1.080 cm<\/span><\/div>\n<\/div>\n<div class=\"d_flex bg_$background-neutral-subtlest [&amp;_div]:flex_1 [&amp;:nth-child(even)]:bg_$background-neutral-subtle px_$large py_$medium gap_$small\">\n<div><span class=\"tracking_$medium text_$text-default fs_$body-medium leading_$body-medium fw_$medium fs_$body-small fw_$semibold\">Profundidade (cm)<\/span><\/div>\n<div><span class=\"tracking_$medium text_$text-default fs_$body-medium leading_$body-medium fw_$medium fs_$body-xsmall fw_$medium!\">450 cm<\/span><\/div>\n<\/div>\n<div class=\"d_flex bg_$background-neutral-subtlest [&amp;_div]:flex_1 [&amp;:nth-child(even)]:bg_$background-neutral-subtle px_$large py_$medium gap_$small\">\n<div><span class=\"tracking_$medium text_$text-default fs_$body-medium leading_$body-medium fw_$medium fs_$body-small fw_$semibold\">Peso (kg)<\/span><\/div>\n<div><span class=\"tracking_$medium text_$text-default fs_$body-medium leading_$body-medium fw_$medium fs_$body-xsmall fw_$medium!\">60 kg<\/span><\/div>\n<\/div>\n<\/div>\n<\/div>\n<\/div>\n<div class=\"d_block\"><span class=\"tracking_$medium text_$text-default fs_$body-medium leading_$body-medium fw_$medium d_inline-block fs_$body-small fw_$medium mb_$medium\">Garantia<\/span><\/p>\n<div class=\"w_100% mb_$large\" data-testid=\"table-attributes\">\n<div class=\"rounded_$medium gap_$xlarge overflow_hidden\">\n<div class=\"d_flex bg_$background-neutral-subtlest [&amp;_div]:flex_1 [&amp;:nth-child(even)]:bg_$background-neutral-subtle px_$large py_$medium gap_$small\">\n<div><span class=\"tracking_$medium text_$text-default fs_$body-medium leading_$body-medium fw_$medium fs_$body-small fw_$semibold\">Garantia<\/span><\/div>\n<div><span class=\"tracking_$medium text_$text-default fs_$body-medium leading_$body-medium fw_$medium fs_$body-xsmall fw_$medium!\">03 Meses<\/span><\/div>\n<\/div>\n<\/div>\n<\/div>\n<\/div>\n<div class=\"d_block\"><span class=\"tracking_$medium text_$text-default fs_$body-medium leading_$body-medium fw_$medium d_inline-block fs_$body-small fw_$medium mb_$medium\">Materiais e Acabamentos<\/span><\/p>\n<div class=\"w_100% mb_$large\" data-testid=\"table-attributes\">\n<div class=\"rounded_$medium gap_$xlarge overflow_hidden\">\n<div class=\"d_flex bg_$background-neutral-subtlest [&amp;_div]:flex_1 [&amp;:nth-child(even)]:bg_$background-neutral-subtle px_$large py_$medium gap_$small\">\n<div><span class=\"tracking_$medium text_$text-default fs_$body-medium leading_$body-medium fw_$medium fs_$body-small fw_$semibold\">Material Principal<\/span><\/div>\n<div><span class=\"tracking_$medium text_$text-default fs_$body-medium leading_$body-medium fw_$medium fs_$body-xsmall fw_$medium!\">MDF<\/span><\/div>\n<\/div>\n<\/div>\n<\/div>\n<\/div>\n<div class=\"d_block\"><span class=\"tracking_$medium text_$text-default fs_$body-medium leading_$body-medium fw_$medium d_inline-block fs_$body-small fw_$medium mb_$medium\">Montagem<\/span><\/p>\n<div class=\"w_100% mb_$large\" data-testid=\"table-attributes\">\n<div class=\"rounded_$medium gap_$xlarge overflow_hidden\">\n<div class=\"d_flex bg_$background-neutral-subtlest [&amp;_div]:flex_1 [&amp;:nth-child(even)]:bg_$background-neutral-subtle px_$large py_$medium gap_$small\">\n<div><span class=\"tracking_$medium text_$text-default fs_$body-medium leading_$body-medium fw_$medium fs_$body-small fw_$semibold\">Necessita Montagem<\/span><\/div>\n<div><span class=\"tracking_$medium text_$text-default fs_$body-medium leading_$body-medium fw_$medium fs_$body-xsmall fw_$medium!\">Sim<\/span><\/div>\n<\/div>\n<\/div>\n<\/div>\n<\/div>\n<\/div>\n<div class=\"box_border-box w_100%\">\n<div class=\"d_block\"><span class=\"tracking_$medium text_$text-default fs_$body-medium leading_$body-medium fw_$medium d_inline-block fs_$body-small fw_$medium mb_$medium\">Caracter\u00edsticas<\/span><\/p>\n<div class=\"w_100% mb_$large\" data-testid=\"table-attributes\">\n<div class=\"rounded_$medium gap_$xlarge overflow_hidden\">\n<div class=\"d_flex bg_$background-neutral-subtlest [&amp;_div]:flex_1 [&amp;:nth-child(even)]:bg_$background-neutral-subtle px_$large py_$medium gap_$small\">\n<div><span class=\"tracking_$medium text_$text-default fs_$body-medium leading_$body-medium fw_$medium fs_$body-small fw_$semibold\">Quantidade de Prateleiras<\/span><\/div>\n<div><span class=\"tracking_$medium text_$text-default fs_$body-medium leading_$body-medium fw_$medium fs_$body-xsmall fw_$medium!\">03 Prateleiras<\/span><\/div>\n<\/div>\n<div class=\"d_flex bg_$background-neutral-subtlest [&amp;_div]:flex_1 [&amp;:nth-child(even)]:bg_$background-neutral-subtle px_$large py_$medium gap_$small\">\n<div><span class=\"tracking_$medium text_$text-default fs_$body-medium leading_$body-medium fw_$medium fs_$body-small fw_$semibold\">Quantidade de Portas<\/span><\/div>\n<div><span class=\"tracking_$medium text_$text-default fs_$body-medium leading_$body-medium fw_$medium fs_$body-xsmall fw_$medium!\">4 Portas<\/span><\/div>\n<\/div>\n<div class=\"d_flex bg_$background-neutral-subtlest [&amp;_div]:flex_1 [&amp;:nth-child(even)]:bg_$background-neutral-subtle px_$large py_$medium gap_$small\">\n<div><span class=\"tracking_$medium text_$text-default fs_$body-medium leading_$body-medium fw_$medium fs_$body-small fw_$semibold\">Quantidade de Gavetas<\/span><\/div>\n<div><span class=\"tracking_$medium text_$text-default fs_$body-medium leading_$body-medium fw_$medium fs_$body-xsmall fw_$medium!\">02 Gavetas<\/span><\/div>\n<\/div>\n<div class=\"d_flex bg_$background-neutral-subtlest [&amp;_div]:flex_1 [&amp;:nth-child(even)]:bg_$background-neutral-subtle px_$large py_$medium gap_$small\">\n<div><span class=\"tracking_$medium text_$text-default fs_$body-medium leading_$body-medium fw_$medium fs_$body-small fw_$semibold\">Cor<\/span><\/div>\n<div><span class=\"tracking_$medium text_$text-default fs_$body-medium leading_$body-medium fw_$medium fs_$body-xsmall fw_$medium!\">Branco<\/span><\/div>\n<\/div>\n<div class=\"d_flex bg_$background-neutral-subtlest [&amp;_div]:flex_1 [&amp;:nth-child(even)]:bg_$background-neutral-subtle px_$large py_$medium gap_$small\">\n<div><span class=\"tracking_$medium text_$text-default fs_$body-medium leading_$body-medium fw_$medium fs_$body-small fw_$semibold\">Tipo de Porta<\/span><\/div>\n<div><span class=\"tracking_$medium text_$text-default fs_$body-medium leading_$body-medium fw_$medium fs_$body-xsmall fw_$medium!\">Bater<\/span><\/div>\n<\/div>\n<div class=\"d_flex bg_$background-neutral-subtlest [&amp;_div]:flex_1 [&amp;:nth-child(even)]:bg_$background-neutral-subtle px_$large py_$medium gap_$small\">\n<div><span class=\"tracking_$medium text_$text-default fs_$body-medium leading_$body-medium fw_$medium fs_$body-small fw_$semibold\">Marca<\/span><\/div>\n<div><span class=\"tracking_$medium text_$text-default fs_$body-medium leading_$body-medium fw_$medium fs_$body-xsmall fw_$medium!\">Not\u00e1vel M\u00f3veis<\/span><\/div>\n<\/div>\n<div class=\"d_flex bg_$background-neutral-subtlest [&amp;_div]:flex_1 [&amp;:nth-child(even)]:bg_$background-neutral-subtle px_$large py_$medium gap_$small\">\n<div><span class=\"tracking_$medium text_$text-default fs_$body-medium leading_$body-medium fw_$medium fs_$body-small fw_$semibold\">Possui Prateleiras<\/span><\/div>\n<div><span class=\"tracking_$medium text_$text-default fs_$body-medium leading_$body-medium fw_$medium fs_$body-xsmall fw_$medium!\">Sim<\/span><\/div>\n<\/div>\n<div class=\"d_flex bg_$background-neutral-subtlest [&amp;_div]:flex_1 [&amp;:nth-child(even)]:bg_$background-neutral-subtle px_$large py_$medium gap_$small\">\n<div><span class=\"tracking_$medium text_$text-default fs_$body-medium leading_$body-medium fw_$medium fs_$body-small fw_$semibold\">Possui Portas<\/span><\/div>\n<div><span class=\"tracking_$medium text_$text-default fs_$body-medium leading_$body-medium fw_$medium fs_$body-xsmall fw_$medium!\">Sim<\/span><\/div>\n<\/div>\n<div class=\"d_flex bg_$background-neutral-subtlest [&amp;_div]:flex_1 [&amp;:nth-child(even)]:bg_$background-neutral-subtle px_$large py_$medium gap_$small\">\n<div><span class=\"tracking_$medium text_$text-default fs_$body-medium leading_$body-medium fw_$medium fs_$body-small fw_$semibold\">Possui Gavetas<\/span><\/div>\n<div><span class=\"tracking_$medium text_$text-default fs_$body-medium leading_$body-medium fw_$medium fs_$body-xsmall fw_$medium!\">Sim<\/span><\/div>\n<\/div>\n<div class=\"d_flex bg_$background-neutral-subtlest [&amp;_div]:flex_1 [&amp;:nth-child(even)]:bg_$background-neutral-subtle px_$large py_$medium gap_$small\">\n<div><span class=\"tracking_$medium text_$text-default fs_$body-medium leading_$body-medium fw_$medium fs_$body-small fw_$semibold\">Linha ou Cole\u00e7\u00e3o<\/span><\/div>\n<div><span class=\"tracking_$medium text_$text-default fs_$body-medium leading_$body-medium fw_$medium fs_$body-xsmall fw_$medium!\">NT5005<\/span><\/div>\n<\/div>\n<div class=\"d_flex bg_$background-neutral-subtlest [&amp;_div]:flex_1 [&amp;:nth-child(even)]:bg_$background-neutral-subtle px_$large py_$medium gap_$small\">\n<div><span class=\"tracking_$medium text_$text-default fs_$body-medium leading_$body-medium fw_$medium fs_$body-small fw_$semibold\">Cor do Produto<\/span><\/div>\n<div><span class=\"tracking_$medium text_$text-default fs_$body-medium leading_$body-medium fw_$medium fs_$body-xsmall fw_$medium!\">Branco<\/span><\/div>\n<\/div>\n<div class=\"d_flex bg_$background-neutral-subtlest [&amp;_div]:flex_1 [&amp;:nth-child(even)]:bg_$background-neutral-subtle px_$large py_$medium gap_$small\">\n<div><span class=\"tracking_$medium text_$text-default fs_$body-medium leading_$body-medium fw_$medium fs_$body-small fw_$semibold\">Tipo de Guarda-roupa<\/span><\/div>\n<div><span class=\"tracking_$medium text_$text-default fs_$body-medium leading_$body-medium fw_$medium fs_$body-xsmall fw_$medium!\">Casal<\/span><\/div>\n<\/div>\n<div class=\"d_flex bg_$background-neutral-subtlest [&amp;_div]:flex_1 [&amp;:nth-child(even)]:bg_$background-neutral-subtle px_$large py_$medium gap_$small\">\n<div><span class=\"tracking_$medium text_$text-default fs_$body-medium leading_$body-medium fw_$medium fs_$body-small fw_$semibold\">Possui Espelhos<\/span><\/div>\n<div><span class=\"tracking_$medium text_$text-default fs_$body-medium leading_$body-medium fw_$medium fs_$body-xsmall fw_$medium!\">N\u00e3o<\/span><\/div>\n<\/div>\n<div class=\"d_flex bg_$background-neutral-subtlest [&amp;_div]:flex_1 [&amp;:nth-child(even)]:bg_$background-neutral-subtle px_$large py_$medium gap_$small\">\n<div><span class=\"tracking_$medium text_$text-default fs_$body-medium leading_$body-medium fw_$medium fs_$body-small fw_$semibold\">Origem do Produto<\/span><\/div>\n<div><span class=\"tracking_$medium text_$text-default fs_$body-medium leading_$body-medium fw_$medium fs_$body-xsmall fw_$medium!\">Nacional<\/span><\/div>\n<\/div>\n<div class=\"d_flex bg_$background-neutral-subtlest [&amp;_div]:flex_1 [&amp;:nth-child(even)]:bg_$background-neutral-subtle px_$large py_$medium gap_$small\">\n<div><span class=\"tracking_$medium text_$text-default fs_$body-medium leading_$body-medium fw_$medium fs_$body-small fw_$semibold\">Ambiente Principal<\/span><\/div>\n<div><span class=\"tracking_$medium text_$text-default fs_$body-medium leading_$body-medium fw_$medium fs_$body-xsmall fw_$medium!\">Quarto<\/span><\/div>\n<\/div>\n<div class=\"d_flex bg_$background-neutral-subtlest [&amp;_div]:flex_1 [&amp;:nth-child(even)]:bg_$background-neutral-subtle px_$large py_$medium gap_$small\">\n<div><span class=\"tracking_$medium text_$text-default fs_$body-medium leading_$body-medium fw_$medium fs_$body-small fw_$semibold\">Ambiente<\/span><\/div>\n<div><span class=\"tracking_$medium text_$text-default fs_$body-medium leading_$body-medium fw_$medium fs_$body-xsmall fw_$medium!\">Quarto<\/span><\/div>\n<\/div>\n<div class=\"d_flex bg_$background-neutral-subtlest [&amp;_div]:flex_1 [&amp;:nth-child(even)]:bg_$background-neutral-subtle px_$large py_$medium gap_$small\">\n<div><span class=\"tracking_$medium text_$text-default fs_$body-medium leading_$body-medium fw_$medium fs_$body-small fw_$semibold\">Cor Predominante<\/span><\/div>\n<div><span class=\"tracking_$medium text_$text-default fs_$body-medium leading_$body-medium fw_$medium fs_$body-xsmall fw_$medium!\">Branco<\/span><\/div>\n<\/div>\n<div class=\"d_flex bg_$background-neutral-subtlest [&amp;_div]:flex_1 [&amp;:nth-child(even)]:bg_$background-neutral-subtle px_$large py_$medium gap_$small\">\n<div><span class=\"tracking_$medium text_$text-default fs_$body-medium leading_$body-medium fw_$medium fs_$body-small fw_$semibold\">Cor da Porta<\/span><\/div>\n<div><span class=\"tracking_$medium text_$text-default fs_$body-medium leading_$body-medium fw_$medium fs_$body-xsmall fw_$medium!\">Branco\u00a0<\/span><\/div>\n<\/div>\n<\/div>\n<\/div>\n<\/div>\n<\/div>\n<\/div>\n<\/div>\n","protected":false},"excerpt":{"rendered":"<p>Descri\u00e7\u00e3o Guarda-Roupa Not\u00e1vel NT 5005 4 Portas e 2 Gavetas, dispon\u00edveis nas cores: R\u00fastico, Caf\u00e9, Nude, Castanho e Branco\/Rosa.Medidas do Produto Montado:Largura: 1080mmAltura: 1880mmProfundidade: 450mmPeso: 60KgVolume: 02cxs.Garantia: 90 dias conforme<\/p>\n","protected":false},"featured_media":15881,"comment_status":"open","ping_status":"closed","template":"","meta":[],"product_brand":[],"product_cat":[15],"product_tag":[],"class_list":{"0":"post-15879","1":"product","2":"type-product","3":"status-publish","4":"has-post-thumbnail","6":"product_cat-produtos","7":"product_shipping_class-retirar-no-local","9":"first","10":"instock","11":"shipping-taxable","12":"purchasable","13":"product-type-simple"},"_links":{"self":[{"href":"https:\/\/ambrosioeletro.com.br\/v20\/wp-json\/wp\/v2\/product\/15879","targetHints":{"allow":["GET"]}}],"collection":[{"href":"https:\/\/ambrosioeletro.com.br\/v20\/wp-json\/wp\/v2\/product"}],"about":[{"href":"https:\/\/ambrosioeletro.com.br\/v20\/wp-json\/wp\/v2\/types\/product"}],"replies":[{"embeddable":true,"href":"https:\/\/ambrosioeletro.com.br\/v20\/wp-json\/wp\/v2\/comments?post=15879"}],"wp:featuredmedia":[{"embeddable":true,"href":"https:\/\/ambrosioeletro.com.br\/v20\/wp-json\/wp\/v2\/media\/15881"}],"wp:attachment":[{"href":"https:\/\/ambrosioeletro.com.br\/v20\/wp-json\/wp\/v2\/media?parent=15879"}],"wp:term":[{"taxonomy":"product_brand","embeddable":true,"href":"https:\/\/ambrosioeletro.com.br\/v20\/wp-json\/wp\/v2\/product_brand?post=15879"},{"taxonomy":"product_cat","embeddable":true,"href":"https:\/\/ambrosioeletro.com.br\/v20\/wp-json\/wp\/v2\/product_cat?post=15879"},{"taxonomy":"product_tag","embeddable":true,"href":"https:\/\/ambrosioeletro.com.br\/v20\/wp-json\/wp\/v2\/product_tag?post=15879"}],"curies":[{"name":"wp","href":"https:\/\/api.w.org\/{rel}","templated":true}]}}