{"id":15882,"date":"2026-04-20T09:38:00","date_gmt":"2026-04-20T12:38:00","guid":{"rendered":"https:\/\/ambrosioeletro.com.br\/v20\/?post_type=product&#038;p=15882"},"modified":"2026-04-20T09:39:16","modified_gmt":"2026-04-20T12:39:16","slug":"estofado-de-canto-verona-82-mp1908-plataforma","status":"publish","type":"product","link":"https:\/\/ambrosioeletro.com.br\/v20\/produto\/estofado-de-canto-verona-82-mp1908-plataforma\/","title":{"rendered":"ESTOFADO DE CANTO VERONA 82 MP1908 PLATAFORMA"},"content":{"rendered":"<div class=\"tit\">MP1908<\/div>\n<div class=\"txt\">\n<p><strong>Assento<\/strong><br \/>\nMola espiral, percinta el\u00e1stica e espuma D26 Pillow top com manta de poli\u00e9ster siliconada.<\/p>\n<p><strong>Encosto<\/strong><br \/>\nAlmofadas soltas mistas (fibras de poli\u00e9ster e flocos de espuma) e revestimento bordado com espuma D26.<\/p>\n<p><strong>Bra\u00e7o<\/strong><br \/>\nEspuma D23.<\/p>\n<p><strong>P\u00e9s<\/strong><br \/>\nPVC pir\u00e2mide 60mm.<\/p>\n<p><strong>Diferencial<\/strong><br \/>\nAlmofadas com revestimento bordado com espuma D26.<\/p>\n<\/div>\n","protected":false},"excerpt":{"rendered":"<p>MP1908 Assento Mola espiral, percinta el\u00e1stica e espuma D26 Pillow top com manta de poli\u00e9ster siliconada. Encosto Almofadas soltas mistas (fibras de poli\u00e9ster e flocos de espuma) e revestimento bordado<\/p>\n","protected":false},"featured_media":15883,"comment_status":"open","ping_status":"closed","template":"","meta":[],"product_brand":[],"product_cat":[15],"product_tag":[],"class_list":{"0":"post-15882","1":"product","2":"type-product","3":"status-publish","4":"has-post-thumbnail","6":"product_cat-produtos","7":"product_shipping_class-retirar-no-local","9":"first","10":"instock","11":"shipping-taxable","12":"purchasable","13":"product-type-simple"},"_links":{"self":[{"href":"https:\/\/ambrosioeletro.com.br\/v20\/wp-json\/wp\/v2\/product\/15882","targetHints":{"allow":["GET"]}}],"collection":[{"href":"https:\/\/ambrosioeletro.com.br\/v20\/wp-json\/wp\/v2\/product"}],"about":[{"href":"https:\/\/ambrosioeletro.com.br\/v20\/wp-json\/wp\/v2\/types\/product"}],"replies":[{"embeddable":true,"href":"https:\/\/ambrosioeletro.com.br\/v20\/wp-json\/wp\/v2\/comments?post=15882"}],"wp:featuredmedia":[{"embeddable":true,"href":"https:\/\/ambrosioeletro.com.br\/v20\/wp-json\/wp\/v2\/media\/15883"}],"wp:attachment":[{"href":"https:\/\/ambrosioeletro.com.br\/v20\/wp-json\/wp\/v2\/media?parent=15882"}],"wp:term":[{"taxonomy":"product_brand","embeddable":true,"href":"https:\/\/ambrosioeletro.com.br\/v20\/wp-json\/wp\/v2\/product_brand?post=15882"},{"taxonomy":"product_cat","embeddable":true,"href":"https:\/\/ambrosioeletro.com.br\/v20\/wp-json\/wp\/v2\/product_cat?post=15882"},{"taxonomy":"product_tag","embeddable":true,"href":"https:\/\/ambrosioeletro.com.br\/v20\/wp-json\/wp\/v2\/product_tag?post=15882"}],"curies":[{"name":"wp","href":"https:\/\/api.w.org\/{rel}","templated":true}]}}