{"id":8110,"date":"2020-11-24T16:32:43","date_gmt":"2020-11-24T19:32:43","guid":{"rendered":"http:\/\/ambrosioeletro.com.br\/v20\/?post_type=product&#038;p=8110"},"modified":"2026-03-25T16:33:57","modified_gmt":"2026-03-25T19:33:57","slug":"ventilador-de-parede-oscilante-3-pas-premium-preto-60cm-127v-ventisol","status":"publish","type":"product","link":"https:\/\/ambrosioeletro.com.br\/v20\/produto\/ventilador-de-parede-oscilante-3-pas-premium-preto-60cm-127v-ventisol\/","title":{"rendered":"Ventilador de Parede Oscilante, 3 P\u00e1s Premium, Preto, 60cm, 127v, Ventisol"},"content":{"rendered":"<div id=\"dpx-product-description_feature_div\">\n<div id=\"descriptionAndDetails\" class=\"a-section a-spacing-extra-large\">\n<div id=\"productDescription_feature_div\" class=\"celwidget\" data-feature-name=\"productDescription\" data-csa-c-id=\"tdb7ja-hhxc9r-vrj54m-rud842\" data-cel-widget=\"productDescription_feature_div\">\n<div>\n<div id=\"productDescription_feature_div\" class=\"a-row feature\" data-feature-name=\"productDescription\" data-template-name=\"productDescription\" data-cel-widget=\"productDescription_feature_div\">\n<div id=\"productDescription\" class=\"a-section a-spacing-small\">\n<p>H\u00e9lice em pl\u00e1stico de engenharia alem de fortes, s\u00e3o leves e aumentam a vida \u00fatil do motor, regulagem de inclina\u00e7\u00e3o voce ajusta de acordo com a sua necessidade.<\/p>\n<\/div>\n<\/div>\n<\/div>\n<\/div>\n<\/div>\n<\/div>\n<div id=\"dpx-btf-renewed-program-description_feature_div\"><\/div>\n<div id=\"dpx-aplus-brand-story_feature_div\">\n<div id=\"aplusBrandStory_feature_div\" class=\"celwidget\" data-feature-name=\"aplusBrandStory\" data-cel-widget=\"aplusBrandStory_feature_div\" data-csa-c-id=\"edhfl4-9u5vlg-r4fgf6-eqgrgy\"><\/div>\n<\/div>\n<div id=\"dpx-aplus-product-description_feature_div\"><\/div>\n<div id=\"dpx-aplus-3p-product-description_feature_div\"><\/div>\n<div id=\"dpx-default-important-information_feature_div\">\n<div id=\"importantInformation_feature_div\" class=\"celwidget\" data-feature-name=\"importantInformation\" data-cel-widget=\"importantInformation_feature_div\" data-csa-c-id=\"4ke0th-xv7abw-o4vkoo-wrsbpl\"><\/div>\n<\/div>\n<div id=\"sims-consolidated-4_feature_div\"><\/div>\n<div id=\"sims-consolidated-5_feature_div\"><\/div>\n<div id=\"dp-ads-middle_feature_div\"><\/div>\n<div id=\"services-widget_feature_div\"><\/div>\n<div id=\"center-28_feature_div\"><\/div>\n<div id=\"dp-ads-center-promo_feature_div\">\n<div id=\"ape_Detail_dp-ads-center-promo_Desktop_placement\" class=\"copilot-secure-display celwidget  text\/x-dacx-safeframe\" data-campaign=\"14521\" data-ad-details=\"{&quot;slot&quot; :&quot;Detail_dp-ads-center-promo_Desktop&quot;,&quot;pageType&quot;: &quot;Detail&quot;,&quot;subPageType&quot;:  &quot;Desktop&quot;,&quot;slotName&quot; :&quot;dp-ads-center-promo&quot;,&quot;src&quot; : &quot;https:\/\/aax-us-east.amazon-adsystem.com\/e\/xsp\/getAd?placementId=da06ed85-91b9-4931-bd2b-16d0bee0e3c7&amp;src=543&amp;slot=dp-ads-center-promo&amp;rid=0101f006ea01e966759f7807e2b8dcfb4eeccd23790f9a9c429e1293c4c2d7fc4847&amp;rj=%7B%7D&quot;,&quot;adServer&quot; :&quot;cs&quot;,&quot;campaignId&quot; :  &quot;14521&quot;,&quot;arid&quot; :&quot;3ca0db6a47f44d3f89ba43b971348600&quot;,&quot;placementId&quot;: &quot;da06ed85-91b9-4931-bd2b-16d0bee0e3c7&quot;,&quot;size&quot; :{&quot;width&quot;: &quot;970px&quot;,&quot;height&quot; : &quot;250px&quot;},&quot;allowedSizes&quot; :[],&quot;allowedDomains&quot; :  [&quot;g-ecx.images-amazon.com&quot;, &quot;images-na.ssl-images-amazon.com&quot;],&quot;aanParams&quot; :   &quot;site%3Damazon.br%3Bpt%3DDetail%3Bslot%3Ddp-ads-center-promo%3Bpid%3DB075XFRM2M%3Bq%3Dventilador%20de%20parede%20ventisol%20oscilante%2060cm%3Barid%3D3ca0db6a47f44d3f89ba43b971348600&quot;,&quot;loadAfter&quot; :   &quot;criticalFeature&quot;,&quot;extraDelay&quot; :  0,&quot;iframeExtraStyle&quot;: &quot;&quot;,&quot;iframeClass&quot;:  &quot;&quot;,&quot;adPixels&quot;: [],&quot;adPixelDelay&quot;: &quot;0&quot;,&quot;aaxInstrPixelUrl&quot;: &quot;&quot;,&quot;serverSideFetchAd&quot;: &quot;false&quot;,&quot;enableAdBlockerDetector&quot;: false,&quot;disableResizeFunc&quot;: true,&quot;fallbackStaticAdImgUrl&quot;: &quot;&quot;,&quot;fallbackStaticAdClickUrl&quot;: &quot;&quot;,&quot;fallbackStaticAdExtraStyle&quot;: &quot;&quot;,&quot;adFeedbackInfo&quot;: {&quot;endPoint&quot;: &quot;\/gp\/aq-feedback\/lazyLoad\/handler\/af-link-handler.html&quot;,&quot;boolFeedback&quot;: true,&quot;slugText&quot;: &quot;Patrocinado&quot;},&quot;adPlacementMetaData&quot;: {&quot;searchTerms&quot;: &quot;dmVudGlsYWRvciBkZSBwYXJlZGUgdmVudGlzb2wgb3NjaWxhbnRlIDYwY20=&quot;,&quot;pageUrl&quot;: &quot;aHR0cHM6Ly93d3cuYW1hem9uLmNvbS5ici9ncC90d2lzdGVyL2FqYXh2Mj9hY0FzaW49QjA3NVhGUk0yTSZzaWQ9MTMxLTkwNjEyMjItMTk4OTAxMyZwdGQ9U01BTEwlNUZIT01FJTVGQVBQTElBTkNFUyZrZXl3b3Jkcz12ZW50aWxhZG9yJTIwZGUlMjBwYXJlZGUlMjB2ZW50aXNvbCUyMG9zY2lsYW50ZSUyMDYwY20mc0NhYz0xJnR3aXN0ZXJWaWV3PWdsYW5jZSZwZ2lkPWhvbWUlNUZpbXByb3ZlbWVudCU1RmRpc3BsYXklNUZvbiU1RndlYnNpdGUmc3I9OC0xJnJpZD1HV1o0NVhLTkQ2UUVYTVNROEQxMyZhdWlBamF4PTEmanNvbj0xJmRweEFqYXhGbGFnPTEmaXNVRFBGbGFnPTEmZWU9MiZvcmlnaW5hbEh0dHBSZWZlcmVyPWh0dHBzJTNBJTJGJTJGc2VhcmNoLnlhaG9vMS5jb20lMkYlM0ZwJTNEJnBhcmVudEFzaW49QjA4TlFYNVlCUSZlblByZT0xJnFpZD0xNjA2MjQ1OTQ0JmRjbT0xJnN0b3JlSUQ9aGkmcHB3PSZwcGw9JmlzRmx1c2hpbmc9MiZkcEVudmlyb25tZW50PWhhcmRsaW5lcyZhc2luTGlzdD1CMDc1WEZSTTJNJmlkPUIwNzVYRlJNMk0mbVR5cGU9ZnVsbCZwc2M9MQ==&quot;,&quot;adElementId&quot;: &quot;ape_Detail_dp-ads-center-promo_Desktop_placement&quot;,&quot;pageType&quot;: &quot;Detail&quot;,&quot;slotName&quot;: &quot;dp-ads-center-promo&quot;},&quot;adCreativeMetaData&quot;: {&quot;adNetwork&quot;: &quot;cs&quot;},&quot;advertisementStyle&quot;: {&quot;position&quot;: &quot;absolute&quot;,&quot;top&quot;: &quot;2px&quot;,&quot;right&quot;: &quot;0px&quot;,&quot;display&quot;: &quot;inline-block&quot;,&quot;font&quot;: &quot;normal 11px Arial&quot;,&quot;color&quot;: &quot;grey&quot;},&quot;feedbackDivStyle&quot;: { &quot;position&quot;: &quot;relative&quot;, &quot;height&quot;: &quot;18px&quot;},&quot;viewabilityStandards&quot;: [{&quot;p&quot;: 0, &quot;t&quot;: 0, &quot;def&quot;: &quot;amzn&quot;}, {&quot;p&quot;: 50, &quot;t&quot;: 1, &quot;def&quot;: &quot;iab&quot;}, {&quot;p&quot;: 100, &quot;t&quot;: 1, &quot;def&quot;: &quot;groupm&quot;}],&quot;ajaxWeblabTriggerId&quot;: &quot;&quot;,&quot;abpStatus&quot;: &quot;1&quot;,&quot;abpAcceptable&quot;: &quot;true&quot;,&quot;disableAdReporterSlot&quot;: &quot;false&quot;,&quot;programIdsToCollapse&quot;: [],&quot;whitelistedCustomMessageEvents&quot;: [&quot;openPsAdPopover&quot;, &quot;openATCModal&quot;, &quot;setPartner&quot;, &quot;sendMetrics&quot;, &quot;wrap&quot;],&quot;whitelistedQueryParamKeys&quot;: [&quot;sf-overrideVariationId&quot;, &quot;sf-overridePredictorId&quot;, &quot;sf-forceFailure&quot;],&quot;DAsfUrl&quot;:&quot;https:\/\/images-na.ssl-images-amazon.com\/images\/S\/apesafeframe\/ape\/sf\/desktop\/DAsf-1.50.182eab7.js&quot;}\" aria-hidden=\"true\" data-cel-widget=\"adplacements:Detail:dp-ads-center-promo:Desktop\" data-csa-c-id=\"393m6u-sr2np4-cyuanw-4nqv1v\"><\/div>\n<\/div>\n<div id=\"ask-btf_feature_div\">\n<div id=\"cf-ask-cel\" class=\"celwidget\" data-cel-widget=\"cf-ask-cel\" data-csa-c-id=\"nig34j-rj4qam-b7uz0i-b9v77d\">\n<div id=\"Ask\"><\/div>\n<div id=\"ask_lazy_load_div\">\n<div id=\"ask-btf-container\" class=\"celwidget\" data-csa-c-id=\"jgu1pq-fhx5xa-niwuh6-hs3455\" data-cel-widget=\"ask-btf-desktop\">\n<div class=\"askInlineWidget\"><\/div>\n<\/div>\n<\/div>\n<\/div>\n<\/div>\n","protected":false},"excerpt":{"rendered":"<ul class=\"a-unordered-list a-vertical a-spacing-mini\">\n<li><span class=\"a-list-item\">Regulagem de inclina\u00e7\u00e3o<\/span><\/li>\n<li><span class=\"a-list-item\">Oscila\u00e7\u00e3o horizontal autom\u00e1tica<\/span><\/li>\n<li><span class=\"a-list-item\">Pintura eletrost\u00e1tica<\/span><\/li>\n<li><span class=\"a-list-item\">Acompanha chave cvv<\/span><\/li>\n<\/ul>\n","protected":false},"featured_media":8111,"comment_status":"open","ping_status":"closed","template":"","meta":[],"product_brand":[],"product_cat":[226,270],"product_tag":[],"class_list":{"0":"post-8110","1":"product","2":"type-product","3":"status-publish","4":"has-post-thumbnail","6":"product_cat-eletrodomesticos","7":"product_cat-ventiladores","8":"product_shipping_class-pac","10":"first","11":"instock","12":"shipping-taxable","13":"purchasable","14":"product-type-simple"},"_links":{"self":[{"href":"https:\/\/ambrosioeletro.com.br\/v20\/wp-json\/wp\/v2\/product\/8110","targetHints":{"allow":["GET"]}}],"collection":[{"href":"https:\/\/ambrosioeletro.com.br\/v20\/wp-json\/wp\/v2\/product"}],"about":[{"href":"https:\/\/ambrosioeletro.com.br\/v20\/wp-json\/wp\/v2\/types\/product"}],"replies":[{"embeddable":true,"href":"https:\/\/ambrosioeletro.com.br\/v20\/wp-json\/wp\/v2\/comments?post=8110"}],"wp:featuredmedia":[{"embeddable":true,"href":"https:\/\/ambrosioeletro.com.br\/v20\/wp-json\/wp\/v2\/media\/8111"}],"wp:attachment":[{"href":"https:\/\/ambrosioeletro.com.br\/v20\/wp-json\/wp\/v2\/media?parent=8110"}],"wp:term":[{"taxonomy":"product_brand","embeddable":true,"href":"https:\/\/ambrosioeletro.com.br\/v20\/wp-json\/wp\/v2\/product_brand?post=8110"},{"taxonomy":"product_cat","embeddable":true,"href":"https:\/\/ambrosioeletro.com.br\/v20\/wp-json\/wp\/v2\/product_cat?post=8110"},{"taxonomy":"product_tag","embeddable":true,"href":"https:\/\/ambrosioeletro.com.br\/v20\/wp-json\/wp\/v2\/product_tag?post=8110"}],"curies":[{"name":"wp","href":"https:\/\/api.w.org\/{rel}","templated":true}]}}